081
CDUS43 KUNR 240836
CLIUNR


CLIMATE REPORT
NATIONAL WEATHER SERVICE RAPID CITY SD
135 AM MST FRI FEB 24 2017


...................................

...THE EAST RAPID CITY SD CLIMATE SUMMARY FOR FEBRUARY 23 2017...

CLIMATE NORMAL PERIOD 1981 TO 2010
CLIMATE RECORD PERIOD 1888 TO 2017


WEATHER ITEM   OBSERVED RECORD YEAR NORMAL DEPARTURE LAST
                VALUE   VALUE       VALUE  FROM      YEAR
                                           NORMAL
...........................................................
TEMPERATURE (F)
 YESTERDAY
  MAXIMUM         28     67    1958  40    -12       44
  MINIMUM         22    -14    1965  20      2       28
  AVERAGE         25                 30     -5       36

PRECIPITATION (IN)
  YESTERDAY        0.22   0.24 1947   0.02   0.20     0.00
  MONTH TO DATE    0.42               0.38   0.04     0.43
  SINCE DEC 1      1.59               0.99   0.60     1.33
  SINCE JAN 1      0.77               0.67   0.10     0.60

SNOWFALL (IN)
  YESTERDAY        4.1 R  4.0  1947   0.3    3.8      0.0
  MONTH TO DATE    8.9                6.0    2.9      3.8
  SINCE DEC 1     29.1               16.7   12.4     21.8
  SINCE JUL 1     32.8               25.3    7.5     27.8
  SNOW DEPTH       T

DEGREE DAYS
 HEATING
  YESTERDAY       40                 35      5       29
  MONTH TO DATE  672                854   -182      625
  SINCE DEC 1   3366               3202    164     2851
  SINCE JUL 1   4397               4782   -385     4109

 COOLING
  YESTERDAY        0                  0      0        0
  MONTH TO DATE    0                  0      0        0
  SINCE DEC 1      0                  0      0        0
  SINCE JAN 1      0                  0      0        0
...........................................................


WIND (MPH)
  HIGHEST GUST SPEED    23   HIGHEST GUST DIRECTION     N (20)



WEATHER CONDITIONS
 THE FOLLOWING WEATHER WAS RECORDED YESTERDAY.
  LT FREEZING RAIN
  LIGHT SNOW


..........................................................


THE EAST RAPID CITY SD CLIMATE NORMALS FOR TODAY
                         NORMAL    RECORD    YEAR
 MAXIMUM TEMPERATURE (F)   41        67      1932
 MINIMUM TEMPERATURE (F)   20       -12      1922


SUNRISE AND SUNSET
FEBRUARY 24 2017......SUNRISE   638 AM MST   SUNSET   535 PM MST
FEBRUARY 25 2017......SUNRISE   636 AM MST   SUNSET   536 PM MST


-  INDICATES NEGATIVE NUMBERS.
R  INDICATES RECORD WAS SET OR TIED.
MM INDICATES DATA IS MISSING.
T  INDICATES TRACE AMOUNT.




$$
