000
CDUS43 KUNR 050831
CLIUNR


CLIMATE REPORT
NATIONAL WEATHER SERVICE RAPID CITY SD
230 AM MDT THU MAY 5 2016


...................................

...THE EAST RAPID CITY SD CLIMATE SUMMARY FOR MAY 4 2016...

CLIMATE NORMAL PERIOD 1981 TO 2010
CLIMATE RECORD PERIOD 1888 TO 2016


WEATHER ITEM   OBSERVED RECORD YEAR NORMAL DEPARTURE LAST
                VALUE   VALUE       VALUE  FROM      YEAR
                                           NORMAL
...........................................................
TEMPERATURE (F)
 YESTERDAY
  MAXIMUM         75     90    1966  63     12       57
  MINIMUM         52     23    1891  41     11       43
  AVERAGE         64                 52     12       50

PRECIPITATION (IN)
  YESTERDAY        0.00   0.72 1969   0.11  -0.11     0.34
  MONTH TO DATE    0.01               0.46  -0.45     0.34
  SINCE MAR 1      2.24               3.55  -1.31     1.39
  SINCE JAN 1      3.05               4.32  -1.27     1.94

SNOWFALL (IN)
  YESTERDAY        0.0    5.6  1905   0.2   -0.2      0.0
  MONTH TO DATE    0.0                0.7   -0.7      0.0
  SINCE MAR 1     11.7               21.3   -9.6      1.4
  SINCE JUL 1     41.6               48.0   -6.4     37.1
  SNOW DEPTH       0

DEGREE DAYS
 HEATING
  YESTERDAY        1                 13    -12       15
  MONTH TO DATE   36                 55    -19       28
  SINCE MAR 1   1233               1567   -334     1167
  SINCE JUL 1   5482               6521  -1039     5863

 COOLING
  YESTERDAY        0                  0      0        0
  MONTH TO DATE    0                  0      0        2
  SINCE MAR 1      2                  1      1        8
  SINCE JAN 1      2                  1      1        8
...........................................................


WIND (MPH)
  HIGHEST GUST SPEED    29   HIGHEST GUST DIRECTION    SE (150)



WEATHER CONDITIONS
 THE FOLLOWING WEATHER WAS RECORDED YESTERDAY.
  NO SIGNIFICANT WEATHER WAS OBSERVED.


..........................................................


THE EAST RAPID CITY SD CLIMATE NORMALS FOR TODAY
                         NORMAL    RECORD    YEAR
 MAXIMUM TEMPERATURE (F)   63        92      2000
 MINIMUM TEMPERATURE (F)   41        25      1944


SUNRISE AND SUNSET
MAY  5 2016...........SUNRISE   538 AM MDT   SUNSET   802 PM MDT
MAY  6 2016...........SUNRISE   537 AM MDT   SUNSET   803 PM MDT


-  INDICATES NEGATIVE NUMBERS.
R  INDICATES RECORD WAS SET OR TIED.
MM INDICATES DATA IS MISSING.
T  INDICATES TRACE AMOUNT.




$$
