000
CDUS44 KCRP 280843 RRA
CLIVCT

CLIMATE REPORT
NATIONAL WEATHER SERVICE CORPUS CHRISTI TX
341 AM CDT SUN MAY 28 2017


...................................

...THE VICTORIA CLIMATE SUMMARY FOR MAY 27 2017...

CLIMATE NORMAL PERIOD 1981 TO 2010
CLIMATE RECORD PERIOD 1893 TO 2017


WEATHER ITEM   OBSERVED TIME   RECORD YEAR NORMAL DEPARTURE LAST
                VALUE   (LST)  VALUE       VALUE  FROM      YEAR
                                                  NORMAL
..................................................................
TEMPERATURE (F)
 YESTERDAY
  MAXIMUM         91    216 PM 102    1928  89      2       89
  MINIMUM         79   1159 PM  57    1913  70      9       67
  AVERAGE         85                        79      6       78

PRECIPITATION (IN)
  YESTERDAY        0.00          2.65 1952   0.16  -0.16     1.03
  MONTH TO DATE    2.72                      4.51  -1.79     4.61
  SINCE MAR 1     10.64                     10.10   0.54    13.52
  SINCE JAN 1     19.24                     14.70   4.54    18.46

SNOWFALL (IN)
  YESTERDAY        0.0
  MONTH TO DATE    0.0
  SINCE MAR 1      0.0
  SINCE JUL 1      0.0
  SNOW DEPTH       0

DEGREE DAYS
 HEATING
  YESTERDAY        0                         0      0        0
  MONTH TO DATE    0                         0      0        0
  SINCE MAR 1     36                       155   -119       63
  SINCE JUL 1    567                      1248   -681      913

 COOLING
  YESTERDAY       20                        14      6       13
  MONTH TO DATE  321                       311     10      304
  SINCE MAR 1    740                       562    178      620
  SINCE JAN 1    947                       600    347      655
..................................................................


WIND (MPH)
  HIGHEST WIND SPEED    24   HIGHEST WIND DIRECTION    SE (150)
  HIGHEST GUST SPEED    29   HIGHEST GUST DIRECTION     S (170)
  AVERAGE WIND SPEED    14.0


SKY COVER
  POSSIBLE SUNSHINE  MM
  AVERAGE SKY COVER 0.7


WEATHER CONDITIONS
 THE FOLLOWING WEATHER WAS RECORDED YESTERDAY.
  FOG
  HAZE


RELATIVE HUMIDITY (PERCENT)
 HIGHEST    91           600 AM
 LOWEST     60           200 PM
 AVERAGE    76

..........................................................


THE VICTORIA CLIMATE NORMALS FOR TODAY
                         NORMAL    RECORD    YEAR
 MAXIMUM TEMPERATURE (F)   89        97      1939
                                             1922
 MINIMUM TEMPERATURE (F)   70        56      1934


SUNRISE AND SUNSET
MAY 28 2017...........SUNRISE   631 AM CDT   SUNSET   820 PM CDT
MAY 29 2017...........SUNRISE   630 AM CDT   SUNSET   820 PM CDT


-  INDICATES NEGATIVE NUMBERS.
R  INDICATES RECORD WAS SET OR TIED.
MM INDICATES DATA IS MISSING.
T  INDICATES TRACE AMOUNT.




$$
