000
CDUS44 KCRP 240835
CLIVCT

CLIMATE REPORT
NATIONAL WEATHER SERVICE CORPUS CHRISTI TX
334 AM CDT FRI OCT 24 2014

...................................

...THE VICTORIA CLIMATE SUMMARY FOR OCTOBER 23 2014...

CLIMATE NORMAL PERIOD 1981 TO 2010
CLIMATE RECORD PERIOD 1893 TO 2014


WEATHER ITEM   OBSERVED TIME   RECORD YEAR NORMAL DEPARTURE LAST
                VALUE   (LST)  VALUE       VALUE  FROM      YEAR
                                                  NORMAL
..................................................................
TEMPERATURE (F)
 YESTERDAY
  MAXIMUM         85    354 PM  96    1926  82      3       85
  MINIMUM         58    450 AM  37    1945  59     -1       50
  AVERAGE         72                        70      2       68

PRECIPITATION (IN)
  YESTERDAY        0.00          1.57 1951   0.16  -0.16     0.00
  MONTH TO DATE    1.84                      3.55  -1.71     3.03
  SINCE SEP 1      4.56                      7.71  -3.15     7.98
  SINCE JAN 1     23.45                     34.58 -11.13    22.90

SNOWFALL (IN)
  YESTERDAY        0.0
  MONTH TO DATE    0.0
  SINCE SEP 1      0.0
  SINCE JUL 1      0.0
  SNOW DEPTH       0

DEGREE DAYS
 HEATING
  YESTERDAY        0                         1     -1        0
  MONTH TO DATE    0                         8     -8        4
  SINCE SEP 1      0                         9     -9        4
  SINCE JUL 1      0                         9     -9        4

 COOLING
  YESTERDAY        7                         6      1        3
  MONTH TO DATE  274                       199     75      212
  SINCE SEP 1    812                       644    168      748
  SINCE JAN 1   3378                      2997    381     3242
..................................................................


WIND (MPH)
  HIGHEST WIND SPEED    10   HIGHEST WIND DIRECTION    NE (30)
  HIGHEST GUST SPEED    13   HIGHEST GUST DIRECTION    NE (40)
  AVERAGE WIND SPEED     5.4


SKY COVER
  POSSIBLE SUNSHINE  MM
  AVERAGE SKY COVER 0.0


WEATHER CONDITIONS
 THE FOLLOWING WEATHER WAS RECORDED YESTERDAY.
  FOG
  HAZE


RELATIVE HUMIDITY (PERCENT)
 HIGHEST    90          1200 AM
 LOWEST     40           400 PM
 AVERAGE    65

..........................................................


THE VICTORIA CLIMATE NORMALS FOR TODAY
                         NORMAL    RECORD    YEAR
 MAXIMUM TEMPERATURE (F)   82        94      1933
                                             1925
 MINIMUM TEMPERATURE (F)   59        39      2008


SUNRISE AND SUNSET
OCTOBER 24 2014.......SUNRISE   734 AM CDT   SUNSET   649 PM CDT
OCTOBER 25 2014.......SUNRISE   735 AM CDT   SUNSET   648 PM CDT


-  INDICATES NEGATIVE NUMBERS.
R  INDICATES RECORD WAS SET OR TIED.
MM INDICATES DATA IS MISSING.
T  INDICATES TRACE AMOUNT.


$$

87
