000
CDUS44 KCRP 050054
CLIVCT

CLIMATE REPORT
NATIONAL WEATHER SERVICE CORPUS CHRISTI TX
643 PM CST SUN DEC 4 2016


...................................

...THE VICTORIA CLIMATE SUMMARY FOR DECEMBER 4 2016...
VALID TODAY AS OF 600 PM LOCAL TIME.

CLIMATE NORMAL PERIOD 1981 TO 2010
CLIMATE RECORD PERIOD 1893 TO 2016


WEATHER ITEM   OBSERVED TIME   RECORD YEAR NORMAL DEPARTURE LAST
                VALUE   (LST)  VALUE       VALUE  FROM      YEAR
                                                  NORMAL
..................................................................
TEMPERATURE (F)
 TODAY
  MAXIMUM         54   1215 PM  87    1933  68    -14       64
  MINIMUM         51   1027 AM  27    2006  46      5       37
  AVERAGE         53                        57     -4       51

PRECIPITATION (IN)
  TODAY            1.56R         0.62 1947   0.08   1.48     0.00
  MONTH TO DATE    1.92                      0.36   1.56     0.04
  SINCE DEC 1      1.92                      0.36   1.56     0.04
  SINCE JAN 1     38.16                     39.27  -1.11    52.12

SNOWFALL (IN)
  TODAY            0.0
  MONTH TO DATE    0.0
  SINCE DEC 1      0.0
  SINCE JUL 1      0.0
  SNOW DEPTH       0

DEGREE DAYS
 HEATING
  TODAY           12                         9      3       14
  MONTH TO DATE   36                        35      1       49
  SINCE DEC 1     36                        35      1       49
  SINCE JUL 1     86                       198   -112      147

 COOLING
  TODAY            0                         1     -1        0
  MONTH TO DATE    0                         4     -4        0
  SINCE DEC 1      0                         4     -4        0
  SINCE JAN 1   3427                      3127    300     3280
..................................................................


WIND (MPH)
  HIGHEST WIND SPEED    24   HIGHEST WIND DIRECTION    NW (300)
  HIGHEST GUST SPEED    30   HIGHEST GUST DIRECTION     W (290)


SKY COVER
  POSSIBLE SUNSHINE  MM
  AVERAGE SKY COVER 1.0


WEATHER CONDITIONS
 THE FOLLOWING WEATHER WAS RECORDED TODAY.
  THUNDERSTORM
  HEAVY RAIN
  RAIN
  LIGHT RAIN
  FOG


RELATIVE HUMIDITY (PERCENT)
 HIGHEST   100           100 AM
 LOWEST     93          1200 AM
 AVERAGE    97

..........................................................


THE VICTORIA CLIMATE NORMALS FOR TOMORROW
                         NORMAL    RECORD    YEAR
 MAXIMUM TEMPERATURE (F)   68        87      1933
 MINIMUM TEMPERATURE (F)   46        26      2009


SUNRISE AND SUNSET
DECEMBER  4 2016......SUNRISE   706 AM CST   SUNSET   530 PM CST
DECEMBER  5 2016......SUNRISE   707 AM CST   SUNSET   530 PM CST


-  INDICATES NEGATIVE NUMBERS.
R  INDICATES RECORD WAS SET OR TIED.
MM INDICATES DATA IS MISSING.
T  INDICATES TRACE AMOUNT.




$$

92
