000
CDUS44 KCRP 242139
CLIVCT

CLIMATE REPORT
NATIONAL WEATHER SERVICE CORPUS CHRISTI TX
333 PM CST SAT FEB 24 2018


...................................

...THE VICTORIA CLIMATE SUMMARY FOR FEBRUARY 24 2018...
VALID AS OF 300 PM LOCAL TIME.

CLIMATE NORMAL PERIOD 1981 TO 2010
CLIMATE RECORD PERIOD 1893 TO 2018


WEATHER ITEM   OBSERVED TIME   RECORD YEAR NORMAL DEPARTURE LAST
                VALUE   (LST)  VALUE       VALUE  FROM      YEAR
                                                  NORMAL
..................................................................
TEMPERATURE (F)
 TODAY
  MAXIMUM         81   1128 AM  93    1917  70     11       86
  MINIMUM         72    825 AM  27    1965  48     24       56
                                      1914
  AVERAGE         77                        59     18       71

PRECIPITATION (IN)
  TODAY            0.00          1.84 2005   0.07  -0.07     0.00
  MONTH TO DATE    1.31                      1.76  -0.45     4.83
  SINCE DEC 1      3.87                      6.59  -2.72    11.60
  SINCE JAN 1      1.83                      4.28  -2.45     8.59

SNOWFALL (IN)
  TODAY            0.0
  MONTH TO DATE    0.0
  SINCE DEC 1      2.0
  SINCE JUL 1      2.0
  SNOW DEPTH       0

DEGREE DAYS
 HEATING
  TODAY            0                         7     -7        0
  MONTH TO DATE  161                       214    -53       42
  SINCE DEC 1    929                       903     26      470
  SINCE JUL 1   1047                      1066    -19      520

 COOLING
  TODAY           12                         1     11        6
  MONTH TO DATE   61                        24     37      112
  SINCE DEC 1     88                        65     23      240
  SINCE JAN 1     67                        38     29      183
..................................................................


WIND (MPH)
  HIGHEST WIND SPEED    30   HIGHEST WIND DIRECTION     S (170)
  HIGHEST GUST SPEED    38   HIGHEST GUST DIRECTION     S (190)


SKY COVER
  POSSIBLE SUNSHINE  MM
  AVERAGE SKY COVER 1.0


WEATHER CONDITIONS
 THE FOLLOWING WEATHER WAS RECORDED TODAY.
  FOG


RELATIVE HUMIDITY (PERCENT)
 HIGHEST    93          1200 AM
 LOWEST     67          1200 PM
 AVERAGE    80

..........................................................


THE VICTORIA CLIMATE NORMALS FOR TOMORROW
                         NORMAL    RECORD    YEAR
 MAXIMUM TEMPERATURE (F)   70        93      1926
                                             1918
 MINIMUM TEMPERATURE (F)   49        24      1960


SUNRISE AND SUNSET
FEBRUARY 24 2018......SUNRISE   658 AM CST   SUNSET   624 PM CST
FEBRUARY 25 2018......SUNRISE   657 AM CST   SUNSET   625 PM CST


-  INDICATES NEGATIVE NUMBERS.
R  INDICATES RECORD WAS SET OR TIED.
MM INDICATES DATA IS MISSING.
T  INDICATES TRACE AMOUNT.




$$
