000
CDUS44 KCRP 030646
CLIVCT

CLIMATE REPORT
NATIONAL WEATHER SERVICE CORPUS CHRISTI TX
146 AM CDT TUE MAY 3 2016


...THE VICTORIA CLIMATE SUMMARY FOR MAY 2 2016...

CLIMATE NORMAL PERIOD 1981 TO 2010
CLIMATE RECORD PERIOD 1893 TO 2016


WEATHER ITEM   OBSERVED TIME   RECORD YEAR NORMAL DEPARTURE LAST
                VALUE   (LST)  VALUE       VALUE  FROM      YEAR
                                                  NORMAL
..................................................................
TEMPERATURE (F)
 YESTERDAY
  MAXIMUM         74    121 AM 101    1964  84    -10       80
  MINIMUM         61   1146 PM  45    1903  64     -3       58
  AVERAGE         68                        74     -6       69

PRECIPITATION (IN)
  YESTERDAY        T             2.65 2000   0.15  -0.15     0.00
  MONTH TO DATE    T                         0.30  -0.30     0.00
  SINCE MAR 1      8.91                      5.89   3.02    15.18
  SINCE JAN 1     13.85                     10.49   3.36    19.23

SNOWFALL (IN)
  YESTERDAY        0.0
  MONTH TO DATE    0.0
  SINCE MAR 1      0.0
  SINCE JUL 1      0.0
  SNOW DEPTH       0

DEGREE DAYS
 HEATING
  YESTERDAY        0                         0      0        0
  MONTH TO DATE    0                         0      0        0
  SINCE MAR 1     63                       155    -92      140
  SINCE JUL 1    913                      1248   -335     1220

 COOLING
  YESTERDAY        3                         9     -6        4
  MONTH TO DATE   18                        18      0        9
  SINCE MAR 1    334                       269     65      301
  SINCE JAN 1    369                       307     62      316
..................................................................


WIND (MPH)
  HIGHEST WIND SPEED    24   HIGHEST WIND DIRECTION     N (20)
  HIGHEST GUST SPEED    30   HIGHEST GUST DIRECTION     N (10)
  AVERAGE WIND SPEED    14.1


SKY COVER
  POSSIBLE SUNSHINE  MM
  AVERAGE SKY COVER 0.9


WEATHER CONDITIONS
 THE FOLLOWING WEATHER WAS RECORDED YESTERDAY.
  LIGHT RAIN
  FOG


RELATIVE HUMIDITY (PERCENT)
 HIGHEST   100           100 AM
 LOWEST     57          1200 PM
 AVERAGE    79

..........................................................


THE VICTORIA CLIMATE NORMALS FOR TODAY
                         NORMAL    RECORD    YEAR
 MAXIMUM TEMPERATURE (F)   84        99      1984
 MINIMUM TEMPERATURE (F)   64        45      1929


SUNRISE AND SUNSET
MAY  3 2016...........SUNRISE   644 AM CDT   SUNSET   805 PM CDT
MAY  4 2016...........SUNRISE   644 AM CDT   SUNSET   805 PM CDT


-  INDICATES NEGATIVE NUMBERS.
R  INDICATES RECORD WAS SET OR TIED.
MM INDICATES DATA IS MISSING.
T  INDICATES TRACE AMOUNT.

$$

TMT
