000
CDUS44 KCRP 210941
CLIVCT

CLIMATE REPORT
NATIONAL WEATHER SERVICE CORPUS CHRISTI TX
339 AM CST TUE NOV 21 2017


...................................

...THE VICTORIA CLIMATE SUMMARY FOR NOVEMBER 20 2017...

CLIMATE NORMAL PERIOD 1981 TO 2010
CLIMATE RECORD PERIOD 1893 TO 2017


WEATHER ITEM   OBSERVED TIME   RECORD YEAR NORMAL DEPARTURE LAST
                VALUE   (LST)  VALUE       VALUE  FROM      YEAR
                                                  NORMAL
..................................................................
TEMPERATURE (F)
 YESTERDAY
  MAXIMUM         71    108 PM  89    1924  73     -2       67
  MINIMUM         39    647 AM  29    1937  50    -11       35
  AVERAGE         55                        61     -6       51

PRECIPITATION (IN)
  YESTERDAY        0.00          6.94 2004   0.10  -0.10     0.00
  MONTH TO DATE    0.48                      2.23  -1.75     3.93
  SINCE SEP 1      4.18                     11.03  -6.85     6.54
  SINCE JAN 1     44.58                     37.90   6.68    36.12

SNOWFALL (IN)
  YESTERDAY        0.0
  MONTH TO DATE    0.0
  SINCE SEP 1      0.0
  SINCE JUL 1      0.0
  SNOW DEPTH       0

DEGREE DAYS
 HEATING
  YESTERDAY       10                         5      5       14
  MONTH TO DATE   41                        71    -30       27
  SINCE SEP 1     85                        94     -9       33
  SINCE JUL 1     85                        94     -9       33

 COOLING
  YESTERDAY        0                         2     -2        0
  MONTH TO DATE  138                        64     74      110
  SINCE SEP 1    845                       754     91      919
  SINCE JAN 1   3678                      3107    571     3406
..................................................................


WIND (MPH)
  HIGHEST WIND SPEED    14   HIGHEST WIND DIRECTION    SE (130)
  HIGHEST GUST SPEED    17   HIGHEST GUST DIRECTION    SE (120)
  AVERAGE WIND SPEED     5.6


SKY COVER
  POSSIBLE SUNSHINE  MM
  AVERAGE SKY COVER 0.5


WEATHER CONDITIONS
 THE FOLLOWING WEATHER WAS RECORDED YESTERDAY.
  NO SIGNIFICANT WEATHER WAS OBSERVED.


RELATIVE HUMIDITY (PERCENT)
 HIGHEST    92           700 AM
 LOWEST     44           100 PM
 AVERAGE    68

..........................................................


THE VICTORIA CLIMATE NORMALS FOR TODAY
                         NORMAL    RECORD    YEAR
 MAXIMUM TEMPERATURE (F)   72        89      1910
 MINIMUM TEMPERATURE (F)   50        29      1906


SUNRISE AND SUNSET
NOVEMBER 21 2017......SUNRISE   656 AM CST   SUNSET   531 PM CST
NOVEMBER 22 2017......SUNRISE   657 AM CST   SUNSET   531 PM CST


-  INDICATES NEGATIVE NUMBERS.
R  INDICATES RECORD WAS SET OR TIED.
MM INDICATES DATA IS MISSING.
T  INDICATES TRACE AMOUNT.




$$
