000
CDUS44 KCRP 230120
CLIVCT

CLIMATE REPORT
NATIONAL WEATHER SERVICE CORPUS CHRISTI TX
817 PM CDT FRI AUG 22 2014


...................................

...THE VICTORIA CLIMATE SUMMARY FOR AUGUST 22 2014...
VALID TODAY AS OF 800 PM LOCAL TIME.

CLIMATE NORMAL PERIOD 1981 TO 2010
CLIMATE RECORD PERIOD 1893 TO 2014


WEATHER ITEM   OBSERVED TIME   RECORD YEAR NORMAL DEPARTURE LAST
                VALUE   (LST)  VALUE       VALUE  FROM      YEAR
                                                  NORMAL
..................................................................
TEMPERATURE (F)
 TODAY
  MAXIMUM        101    344 PM 103    2011  95      6       96
                                      1930
                                      1917
  MINIMUM         81    643 AM  65    1940  74      7       76
  AVERAGE         91                        84      7       86

PRECIPITATION (IN)
  TODAY            0.00          2.49 1998   0.10  -0.10     0.00
  MONTH TO DATE    0.40                      1.80  -1.40     0.91
  SINCE JUN 1      6.88                     10.44  -3.56     4.62
  SINCE JAN 1     18.16                     25.82  -7.66    14.00

SNOWFALL (IN)
  TODAY            0.0
  MONTH TO DATE    0.0
  SINCE JUN 1      0.0
  SINCE JUL 1      0.0
  SNOW DEPTH       0

DEGREE DAYS
 HEATING
  TODAY            0                         0      0        0
  MONTH TO DATE    0                         0      0        0
  SINCE JUN 1      0                         0      0        0
  SINCE JUL 1      0                         0      0        0

 COOLING
  TODAY           26                        19      7       21
  MONTH TO DATE  523                       436     87      477
  SINCE JUN 1   1720                      1530    190     1680
  SINCE JAN 1   2370                      2189    181     2314
..................................................................


WIND (MPH)
  HIGHEST WIND SPEED    22   HIGHEST WIND DIRECTION     S (170)
  HIGHEST GUST SPEED    30   HIGHEST GUST DIRECTION     S (160)


SKY COVER
  POSSIBLE SUNSHINE  MM
  AVERAGE SKY COVER 0.4


WEATHER CONDITIONS
 THE FOLLOWING WEATHER WAS RECORDED TODAY.
  FOG


RELATIVE HUMIDITY (PERCENT)
 HIGHEST    94           500 AM
 LOWEST     31           400 PM
 AVERAGE    63

..........................................................


THE VICTORIA CLIMATE NORMALS FOR TOMORROW
                         NORMAL    RECORD    YEAR
 MAXIMUM TEMPERATURE (F)   95       105      1917
 MINIMUM TEMPERATURE (F)   74        66      1949


SUNRISE AND SUNSET
AUGUST 22 2014........SUNRISE   700 AM CDT   SUNSET   800 PM CDT
AUGUST 23 2014........SUNRISE   701 AM CDT   SUNSET   759 PM CDT


-  INDICATES NEGATIVE NUMBERS.
R  INDICATES RECORD WAS SET OR TIED.
MM INDICATES DATA IS MISSING.
T  INDICATES TRACE AMOUNT.




$$
