000
CDUS44 KCRP 270030
CLIVCT

CLIMATE REPORT
NATIONAL WEATHER SERVICE CORPUS CHRISTI TX
627 PM CST MON JAN 26 2015


...................................

...THE VICTORIA CLIMATE SUMMARY FOR JANUARY 26 2015...
VALID TODAY AS OF 600 PM LOCAL TIME.

CLIMATE NORMAL PERIOD 1981 TO 2010
CLIMATE RECORD PERIOD 1893 TO 2015


WEATHER ITEM   OBSERVED TIME   RECORD YEAR NORMAL DEPARTURE LAST
                VALUE   (LST)  VALUE       VALUE  FROM      YEAR
                                                  NORMAL
..................................................................
TEMPERATURE (F)
 TODAY
  MAXIMUM         74    421 PM  86    1918  65      9       76
  MINIMUM         40    728 AM  25    1905  43     -3       38
  AVERAGE         57                        54      3       57

PRECIPITATION (IN)
  TODAY            0.00          0.97 1992   0.07  -0.07     0.00
  MONTH TO DATE    3.01                      2.14   0.87     1.11
  SINCE DEC 1      5.22                      4.45   0.77     1.56
  SINCE JAN 1      3.01                      2.14   0.87     1.11

SNOWFALL (IN)
  TODAY            0.0
  MONTH TO DATE    0.0
  SINCE DEC 1      0.0
  SINCE JUL 1      0.0
  SNOW DEPTH       0

DEGREE DAYS
 HEATING
  TODAY            8                        11     -3        8
  MONTH TO DATE  391                       305     86      305
  SINCE DEC 1    583                       636    -53      688
  SINCE JUL 1    774                       799    -25      885

 COOLING
  TODAY            0                         0      0        0
  MONTH TO DATE    1                         7     -6        3
  SINCE DEC 1     27                        34     -7       35
  SINCE JAN 1      1                         7     -6        3
..................................................................


WIND (MPH)
  HIGHEST WIND SPEED    10   HIGHEST WIND DIRECTION     W (270)
  HIGHEST GUST SPEED    14   HIGHEST GUST DIRECTION    NE (30)


SKY COVER
  POSSIBLE SUNSHINE  MM
  AVERAGE SKY COVER 0.0


WEATHER CONDITIONS
 THE FOLLOWING WEATHER WAS RECORDED TODAY.
  NO SIGNIFICANT WEATHER WAS OBSERVED.


RELATIVE HUMIDITY (PERCENT)
 HIGHEST    85           700 AM
 LOWEST     27           400 PM
 AVERAGE    56

..........................................................


THE VICTORIA CLIMATE NORMALS FOR TOMORROW
                         NORMAL    RECORD    YEAR
 MAXIMUM TEMPERATURE (F)   65        83      1909
 MINIMUM TEMPERATURE (F)   44        22      1940


SUNRISE AND SUNSET
JANUARY 26 2015.......SUNRISE   719 AM CST   SUNSET   602 PM CST
JANUARY 27 2015.......SUNRISE   719 AM CST   SUNSET   602 PM CST


-  INDICATES NEGATIVE NUMBERS.
R  INDICATES RECORD WAS SET OR TIED.
MM INDICATES DATA IS MISSING.
T  INDICATES TRACE AMOUNT.




$$
