982
CDUS44 KCRP 220818
CLIVCT

CLIMATE REPORT
NATIONAL WEATHER SERVICE CORPUS CHRISTI TX
318 AM CDT FRI SEP 22 2017


...................................

...THE VICTORIA CLIMATE SUMMARY FOR SEPTEMBER 21 2017...

CLIMATE NORMAL PERIOD 1981 TO 2010
CLIMATE RECORD PERIOD 1893 TO 2017


WEATHER ITEM   OBSERVED TIME   RECORD YEAR NORMAL DEPARTURE LAST
                VALUE   (LST)  VALUE       VALUE  FROM      YEAR
                                                  NORMAL
..................................................................
TEMPERATURE (F)
 YESTERDAY
  MAXIMUM         93    141 PM 103    1911  89      4       94
  MINIMUM         71    437 PM  53    1983  68      3       68
  AVERAGE         82                        79      3       81

PRECIPITATION (IN)
  YESTERDAY        1.28          5.27 1967   0.12   1.16     0.00
  MONTH TO DATE    1.64                      3.03  -1.39     2.20
  SINCE SEP 1      1.64                      3.03  -1.39     2.20
  SINCE JAN 1     42.04                     29.90  12.14    31.78

SNOWFALL (IN)
  YESTERDAY        0.0
  MONTH TO DATE    0.0
  SINCE SEP 1      0.0
  SINCE JUL 1      0.0
  SNOW DEPTH       0

DEGREE DAYS
 HEATING
  YESTERDAY        0                         0      0        0
  MONTH TO DATE    0                         0      0        0
  SINCE SEP 1      0                         0      0        0
  SINCE JUL 1      0                         0      0        0

 COOLING
  YESTERDAY       17                        14      3       16
  MONTH TO DATE  309                       335    -26      382
  SINCE SEP 1    309                       335    -26      382
  SINCE JAN 1   3142                      2688    454     2869
..................................................................


WIND (MPH)
  HIGHEST WIND SPEED    38   HIGHEST WIND DIRECTION    NE (60)
  HIGHEST GUST SPEED    45   HIGHEST GUST DIRECTION    NE (60)
  AVERAGE WIND SPEED    10.1


SKY COVER
  POSSIBLE SUNSHINE  MM
  AVERAGE SKY COVER 0.3


WEATHER CONDITIONS
 THE FOLLOWING WEATHER WAS RECORDED YESTERDAY.
  THUNDERSTORM
  HEAVY RAIN
  RAIN
  LIGHT RAIN
  FOG
  HAZE


RELATIVE HUMIDITY (PERCENT)
 HIGHEST    94           500 AM
 LOWEST     56           100 PM
 AVERAGE    75

..........................................................


THE VICTORIA CLIMATE NORMALS FOR TODAY
                         NORMAL    RECORD    YEAR
 MAXIMUM TEMPERATURE (F)   89       103      1926
 MINIMUM TEMPERATURE (F)   68        51      1983


SUNRISE AND SUNSET
SEPTEMBER 22 2017.....SUNRISE   716 AM CDT   SUNSET   724 PM CDT
SEPTEMBER 23 2017.....SUNRISE   717 AM CDT   SUNSET   723 PM CDT


-  INDICATES NEGATIVE NUMBERS.
R  INDICATES RECORD WAS SET OR TIED.
MM INDICATES DATA IS MISSING.
T  INDICATES TRACE AMOUNT.




$$
