000
CDUS44 KCRP 142158
CLIVCT

CLIMATE REPORT
NATIONAL WEATHER SERVICE CORPUS CHRISTI TX
358 PM CST SUN FEB 14 2016


...THE VICTORIA CLIMATE SUMMARY FOR FEBRUARY 14 2016...
VALID TODAY AS OF 345 PM LOCAL TIME.

CLIMATE NORMAL PERIOD 1981 TO 2010
CLIMATE RECORD PERIOD 1893 TO 2016


WEATHER ITEM   OBSERVED TIME   RECORD YEAR NORMAL DEPARTURE LAST
                VALUE   (LST)  VALUE       VALUE  FROM      YEAR
                                                  NORMAL
..................................................................
TEMPERATURE (F)
 TODAY
  MAXIMUM         78   1243 PM  90    1926  68     10       76
  MINIMUM         52    659 AM  20    1905  46      6       46
  AVERAGE         65                        57      8       61

PRECIPITATION (IN)
  TODAY            0.00          1.18 1969   0.08  -0.08     0.00
  MONTH TO DATE    T                         1.02  -1.02     0.61
  SINCE DEC 1      4.75                      5.85  -1.10     5.89
  SINCE JAN 1      3.15                      3.54  -0.39     3.68

SNOWFALL (IN)
  TODAY            0.0
  MONTH TO DATE    0.0
  SINCE DEC 1      0.0
  SINCE JUL 1      0.0
  SNOW DEPTH       0

DEGREE DAYS
 HEATING
  TODAY            0                         9     -9        4
  MONTH TO DATE  120                       136    -16      105
  SINCE DEC 1    700                       825   -125      704
  SINCE JUL 1    798                       988   -190      895

 COOLING
  TODAY            0                         1     -1        0
  MONTH TO DATE    8                        14     -6        6
  SINCE DEC 1     69                        55     14       33
  SINCE JAN 1     13                        28    -15        7
..................................................................


WIND (MPH)
  HIGHEST WIND SPEED    26   HIGHEST WIND DIRECTION     S (160)
  HIGHEST GUST SPEED    34   HIGHEST GUST DIRECTION     S (180)


SKY COVER
  POSSIBLE SUNSHINE  MM
  AVERAGE SKY COVER 0.5


WEATHER CONDITIONS
 THE FOLLOWING WEATHER WAS RECORDED TODAY.
  FOG
  FOG W/VISIBILITY <= 1/4 MILE


RELATIVE HUMIDITY (PERCENT)
 HIGHEST   100          1200 AM
 LOWEST     46           300 PM
 AVERAGE    73

..........................................................


THE VICTORIA CLIMATE NORMALS FOR TOMORROW
                         NORMAL    RECORD    YEAR
 MAXIMUM TEMPERATURE (F)   68        89      1927
 MINIMUM TEMPERATURE (F)   46        22      1909


SUNRISE AND SUNSET
FEBRUARY 14 2016......SUNRISE   707 AM CST   SUNSET   617 PM CST
FEBRUARY 15 2016......SUNRISE   707 AM CST   SUNSET   617 PM CST


-  INDICATES NEGATIVE NUMBERS.
R  INDICATES RECORD WAS SET OR TIED.
MM INDICATES DATA IS MISSING.
T  INDICATES TRACE AMOUNT.

$$
