000
CDUS45 KGJT 310805
CLIVEL


CLIMATE REPORT
NATIONAL WEATHER SERVICE GRAND JUNCTION CO
1230 AM MST SAT JAN 31 2015


...................................

...THE VERNAL UT CLIMATE SUMMARY FOR JANUARY 30 2015...

CLIMATE NORMAL PERIOD 1981 TO 2010
CLIMATE RECORD PERIOD 9999 TO 9999


WEATHER ITEM   OBSERVED TIME   RECORD YEAR NORMAL DEPARTURE LAST
                VALUE   (LST)  VALUE       VALUE  FROM      YEAR
                                                  NORMAL
..................................................................
TEMPERATURE (F)
 YESTERDAY
  MAXIMUM         42    244 PM  MM      MM  30     12       34
  MINIMUM         33    824 AM  MM      MM  11     22       27
  AVERAGE         38                        20     18       31

PRECIPITATION (IN)
  YESTERDAY        0.12         MM      MM   0.02   0.10     0.15
  MONTH TO DATE    0.23                      0.49  -0.26     0.18
  SINCE DEC 1      0.58                      1.13  -0.55     1.03
  SINCE JAN 1      0.23                      0.49  -0.26     0.18

SNOWFALL (IN)
  YESTERDAY       MM            MM      MM  MM     MM       MM
  MONTH TO DATE   MM                        MM     MM       MM
  SINCE DEC 1     MM                        MM     MM       MM
  SINCE JUL 1     MM                        MM     MM       MM
  SNOW DEPTH      MM

DEGREE DAYS
 HEATING
  YESTERDAY       27                        45    -18       34
  MONTH TO DATE 1132                      1375   -243     1386
  SINCE DEC 1   2254                      2715   -461     3137
  SINCE JUL 1   3737                      4346   -609     4808

 COOLING
  YESTERDAY        0                         0      0        0
  MONTH TO DATE    0                         0      0        0
  SINCE DEC 1      0                         0      0        0
  SINCE JAN 1      0                         0      0        0
..................................................................


WIND (MPH)
  HIGHEST WIND SPEED     5   HIGHEST WIND DIRECTION     E (100)
  HIGHEST GUST SPEED     5   HIGHEST GUST DIRECTION     E (100)
  AVERAGE WIND SPEED     2.0


SKY COVER
  POSSIBLE SUNSHINE  MM
  AVERAGE SKY COVER 0.9


WEATHER CONDITIONS
 THE FOLLOWING WEATHER WAS RECORDED YESTERDAY.
  LIGHT RAIN
  FOG
  FOG W/VISIBILITY <= 1/4 MILE


RELATIVE HUMIDITY (PERCENT)
 HIGHEST   100           600 AM
 LOWEST     79           100 PM
 AVERAGE    90

..........................................................


THE VERNAL UT CLIMATE NORMALS FOR TODAY
                         NORMAL    RECORD    YEAR
 MAXIMUM TEMPERATURE (F)   30        MM        MM
 MINIMUM TEMPERATURE (F)   11        MM        MM


SUNRISE AND SUNSET
JANUARY 31 2015.......SUNRISE   729 AM MST   SUNSET   535 PM MST
FEBRUARY  1 2015......SUNRISE   728 AM MST   SUNSET   536 PM MST


-  INDICATES NEGATIVE NUMBERS.
R  INDICATES RECORD WAS SET OR TIED.
MM INDICATES DATA IS MISSING.
T  INDICATES TRACE AMOUNT.




$$
