000
CDUS45 KGJT 242335
CLIVEL


CLIMATE REPORT
NATIONAL WEATHER SERVICE GRAND JUNCTION CO
432 PM MST WED DEC 24 2014


...................................

...THE VERNAL UT CLIMATE SUMMARY FOR DECEMBER 24 2014...
VALID TODAY AS OF 0400 PM LOCAL TIME.

CLIMATE NORMAL PERIOD 1981 TO 2010
CLIMATE RECORD PERIOD 9999 TO 9999


WEATHER ITEM   OBSERVED TIME   RECORD YEAR NORMAL DEPARTURE LAST
                VALUE   (LST)  VALUE       VALUE  FROM      YEAR
                                                  NORMAL
..................................................................
TEMPERATURE (F)
 TODAY
  MAXIMUM         31    254 PM  MM      MM  29      2       26
  MINIMUM         15    457 AM  MM      MM  11      4        4
  AVERAGE         23                        20      3       15

PRECIPITATION (IN)
  TODAY            0.00         MM      MM   0.02  -0.02     0.00
  MONTH TO DATE    0.28                      0.48  -0.20     0.85
  SINCE DEC 1      0.28                      0.48  -0.20     0.85
  SINCE JAN 1     10.15                      9.15   1.00     9.47

SNOWFALL (IN)
  TODAY           MM            MM      MM   0.2   MM       MM
  MONTH TO DATE   MM                         4.3   MM       MM
  SINCE DEC 1     MM                         4.3   MM       MM
  SINCE JUL 1     MM                         5.9   MM       MM
  SNOW DEPTH      MM

DEGREE DAYS
 HEATING
  TODAY           42                        45     -3       50
  MONTH TO DATE  780                      1021   -241     1365
  SINCE DEC 1    780                      1021   -241     1365
  SINCE JUL 1   2263                      2652   -389     3036

 COOLING
  TODAY            0                         0      0        0
  MONTH TO DATE    0                         0      0        0
  SINCE DEC 1      0                         0      0        0
  SINCE JAN 1    621                       511    110      787
..................................................................


WIND (MPH)
  HIGHEST WIND SPEED     7   HIGHEST WIND DIRECTION     E (100)
  HIGHEST GUST SPEED    10   HIGHEST GUST DIRECTION     E (110)
  AVERAGE WIND SPEED     2.6


SKY COVER
  POSSIBLE SUNSHINE  MM
  AVERAGE SKY COVER 0.0


WEATHER CONDITIONS
 THE FOLLOWING WEATHER WAS RECORDED TODAY.
  NO SIGNIFICANT WEATHER WAS OBSERVED.


RELATIVE HUMIDITY (PERCENT)
 HIGHEST    80           500 AM
 LOWEST     49           100 PM
 AVERAGE    65

..........................................................


THE VERNAL UT CLIMATE NORMALS FOR TOMORROW
                         NORMAL    RECORD    YEAR
 MAXIMUM TEMPERATURE (F)   28        MM        MM
 MINIMUM TEMPERATURE (F)   11        MM        MM


SUNRISE AND SUNSET
DECEMBER 24 2014......SUNRISE   739 AM MST   SUNSET   456 PM MST
DECEMBER 25 2014......SUNRISE   740 AM MST   SUNSET   457 PM MST


-  INDICATES NEGATIVE NUMBERS.
R  INDICATES RECORD WAS SET OR TIED.
MM INDICATES DATA IS MISSING.
T  INDICATES TRACE AMOUNT.




$$
