000
CDUS43 KSGF 040632
CLIVIH


CLIMATE REPORT
NATIONAL WEATHER SERVICE SPRINGFIELD MO
1228 AM CST WED MAR 4 2015


...................................

...THE VICHY-ROLLA MO CLIMATE SUMMARY FOR MARCH 3 2015...

CLIMATE NORMAL PERIOD 1981 TO 2010
CLIMATE RECORD PERIOD 1888 TO 2015


WEATHER ITEM   OBSERVED TIME   RECORD YEAR NORMAL DEPARTURE LAST
                VALUE   (LST)  VALUE       VALUE  FROM      YEAR
                                                  NORMAL
..................................................................
TEMPERATURE (F)
 YESTERDAY
  MAXIMUM         47    335 PM  80    1974  51     -4       25
  MINIMUM         33    236 AM   1    2014  30      3        1
  AVERAGE         40                        41     -1       13

PRECIPITATION (IN)
  YESTERDAY        0.07          1.97 1976   0.08  -0.01     0.00
  MONTH TO DATE    0.07                      0.24  -0.17      T
  SINCE MAR 1      0.07                      0.24  -0.17      T
  SINCE JAN 1      2.35                      4.34  -1.99     1.46

DEGREE DAYS
 HEATING
  YESTERDAY       25                        24      1       52
  MONTH TO DATE  113                        74     39      135
  SINCE MAR 1    113                        74     39      135
  SINCE JUL 1   4230                      3864    366     4441

 COOLING
  YESTERDAY        0                         0      0        0
  MONTH TO DATE    0                         0      0        0
  SINCE MAR 1      0                         0      0        0
  SINCE JAN 1      0                         0      0        0
..................................................................


WIND (MPH)
  HIGHEST WIND SPEED    24   HIGHEST WIND DIRECTION     S (190)
  HIGHEST GUST SPEED    30   HIGHEST GUST DIRECTION     S (190)
  AVERAGE WIND SPEED    12.5


SKY COVER
  AVERAGE SKY COVER 1.0


WEATHER CONDITIONS
 THE FOLLOWING WEATHER WAS RECORDED YESTERDAY.
  RAIN
  LIGHT RAIN
  FOG


RELATIVE HUMIDITY (PERCENT)
 HIGHEST   100           700 AM
 LOWEST     56          1200 AM
 AVERAGE    78

..........................................................


THE VICHY-ROLLA MO CLIMATE NORMALS FOR TODAY
                         NORMAL    RECORD    YEAR
 MAXIMUM TEMPERATURE (F)   52        77      1961
 MINIMUM TEMPERATURE (F)   31        -3      1978


SUNRISE AND SUNSET
MARCH  4 2015.........SUNRISE   635 AM CST   SUNSET   603 PM CST
MARCH  5 2015.........SUNRISE   633 AM CST   SUNSET   604 PM CST


-  INDICATES NEGATIVE NUMBERS.
R  INDICATES RECORD WAS SET OR TIED.
MM INDICATES DATA IS MISSING.
T  INDICATES TRACE AMOUNT.




$$
