000
CDUS43 KSGF 280632
CLIVIH


CLIMATE REPORT
NATIONAL WEATHER SERVICE SPRINGFIELD MO
132 AM CDT SUN AUG 28 2016


...................................

...THE VICHY-ROLLA MO CLIMATE SUMMARY FOR AUGUST 27 2016...

CLIMATE NORMAL PERIOD 1981 TO 2010
CLIMATE RECORD PERIOD 1888 TO 2016


WEATHER ITEM   OBSERVED TIME   RECORD YEAR NORMAL DEPARTURE LAST
                VALUE   (LST)  VALUE       VALUE  FROM      YEAR
                                                  NORMAL
..................................................................
TEMPERATURE (F)
 YESTERDAY
  MAXIMUM         88    416 PM  98    1901  86      2       79
  MINIMUM         70    620 AM  51    1971  63      7       54
  AVERAGE         79                        75      4       67

PRECIPITATION (IN)
  YESTERDAY        0.24          2.99 1951   0.12   0.12     0.00
  MONTH TO DATE    9.90                      3.18   6.72     2.24
  SINCE JUN 1     18.00                     12.25   5.75    15.09
  SINCE JAN 1     32.24                     29.06   3.18    29.11

DEGREE DAYS
 HEATING
  YESTERDAY        0                         0      0        0
  MONTH TO DATE    0                         0      0        2
  SINCE JUN 1      0                        15    -15       17
  SINCE JUL 1      0                         1     -1        2

 COOLING
  YESTERDAY       14                        10      4        2
  MONTH TO DATE  301                       317    -16      215
  SINCE JUN 1   1057                       934    123      866
  SINCE JAN 1   1135                      1041     94      973
..................................................................


WIND (MPH)
  HIGHEST WIND SPEED    12   HIGHEST WIND DIRECTION    NE (30)
  HIGHEST GUST SPEED    13   HIGHEST GUST DIRECTION    NE (30)
  AVERAGE WIND SPEED     5.1


SKY COVER
  AVERAGE SKY COVER 0.4


WEATHER CONDITIONS
 THE FOLLOWING WEATHER WAS RECORDED YESTERDAY.
  THUNDERSTORM
  HEAVY RAIN
  LIGHT RAIN
  FOG


RELATIVE HUMIDITY (PERCENT)
 HIGHEST    97           600 AM
 LOWEST     61           400 PM
 AVERAGE    79

..........................................................


THE VICHY-ROLLA MO CLIMATE NORMALS FOR TODAY
                         NORMAL    RECORD    YEAR
 MAXIMUM TEMPERATURE (F)   86        98      1898
 MINIMUM TEMPERATURE (F)   63        50      1971


SUNRISE AND SUNSET
AUGUST 28 2016........SUNRISE   634 AM CDT   SUNSET   742 PM CDT
AUGUST 29 2016........SUNRISE   635 AM CDT   SUNSET   740 PM CDT


-  INDICATES NEGATIVE NUMBERS.
R  INDICATES RECORD WAS SET OR TIED.
MM INDICATES DATA IS MISSING.
T  INDICATES TRACE AMOUNT.




$$
