000
CDUS43 KSGF 220636
CLIVIH


CLIMATE REPORT
NATIONAL WEATHER SERVICE SPRINGFIELD MO
1236 AM CST SUN JAN 22 2017


...................................

...THE VICHY-ROLLA MO CLIMATE SUMMARY FOR JANUARY 21 2017...

CLIMATE NORMAL PERIOD 1981 TO 2010
CLIMATE RECORD PERIOD 1888 TO 2017


WEATHER ITEM   OBSERVED TIME   RECORD YEAR NORMAL DEPARTURE LAST
                VALUE   (LST)  VALUE       VALUE  FROM      YEAR
                                                  NORMAL
..................................................................
TEMPERATURE (F)
 YESTERDAY
  MAXIMUM         66    208 PM  68    1974  41     25       27
  MINIMUM         49    757 AM  -9    1970  21     28       19
  AVERAGE         58                        31     27       23

PRECIPITATION (IN)
  YESTERDAY        0.02          0.69 2010   0.07  -0.05     0.00
  MONTH TO DATE    0.99                      1.56  -0.57     0.74
  SINCE DEC 1      1.85                      4.20  -2.35    11.06
  SINCE JAN 1      0.99                      1.56  -0.57     0.74

DEGREE DAYS
 HEATING
  YESTERDAY        7                        34    -27       42
  MONTH TO DATE  627                       714    -87      774
  SINCE DEC 1   1572                      1684   -112     1449
  SINCE JUL 1   2200                      2631   -431     2170

 COOLING
  YESTERDAY        0                         0      0        0
  MONTH TO DATE    0                         0      0        0
  SINCE DEC 1      0                         0      0        0
  SINCE JAN 1      0                         0      0        0
..................................................................


WIND (MPH)
  HIGHEST WIND SPEED    21   HIGHEST WIND DIRECTION    SW (230)
  HIGHEST GUST SPEED    27   HIGHEST GUST DIRECTION    SW (240)
  AVERAGE WIND SPEED    10.4


SKY COVER
  AVERAGE SKY COVER 0.3


WEATHER CONDITIONS
 THE FOLLOWING WEATHER WAS RECORDED YESTERDAY.
  THUNDERSTORM
  LIGHT RAIN
  FOG


RELATIVE HUMIDITY (PERCENT)
 HIGHEST    80           700 AM
 LOWEST     34           100 PM
 AVERAGE    57

..........................................................


THE VICHY-ROLLA MO CLIMATE NORMALS FOR TODAY
                         NORMAL    RECORD    YEAR
 MAXIMUM TEMPERATURE (F)   41        72      1967
 MINIMUM TEMPERATURE (F)   21        -1      1959


SUNRISE AND SUNSET
JANUARY 22 2017.......SUNRISE   719 AM CST   SUNSET   519 PM CST
JANUARY 23 2017.......SUNRISE   718 AM CST   SUNSET   520 PM CST


-  INDICATES NEGATIVE NUMBERS.
R  INDICATES RECORD WAS SET OR TIED.
MM INDICATES DATA IS MISSING.
T  INDICATES TRACE AMOUNT.




$$
