461
CDUS43 KSGF 130627
CLIVIH


CLIMATE REPORT
NATIONAL WEATHER SERVICE SPRINGFIELD MO
1226 AM CST SAT FEB 13 2016


...................................

...THE VICHY-ROLLA MO CLIMATE SUMMARY FOR FEBRUARY 12 2016...

CLIMATE NORMAL PERIOD 1981 TO 2010
CLIMATE RECORD PERIOD 1888 TO 2016


WEATHER ITEM   OBSERVED TIME   RECORD YEAR NORMAL DEPARTURE LAST
                VALUE   (LST)  VALUE       VALUE  FROM      YEAR
                                                  NORMAL
..................................................................
TEMPERATURE (F)
 YESTERDAY
  MAXIMUM         38    307 PM  72    1961  45     -7       26
  MINIMUM         18   1159 PM -29    1899  25     -7       13
  AVERAGE         28                        35     -7       20

PRECIPITATION (IN)
  YESTERDAY        0.00          1.41 1948   0.07  -0.07      T
  MONTH TO DATE    0.21                      0.79  -0.58     0.74
  SINCE DEC 1     11.27                      5.60   5.67     4.04
  SINCE JAN 1      0.95                      2.96  -2.01     1.67

DEGREE DAYS
 HEATING
  YESTERDAY       37                        30      7       45
  MONTH TO DATE  375                       378     -3      384
  SINCE DEC 1   2089                      2399   -310     2273
  SINCE JUL 1   2810                      3346   -536     3415

 COOLING
  YESTERDAY        0                         0      0        0
  MONTH TO DATE    0                         0      0        0
  SINCE DEC 1      0                         0      0        0
  SINCE JAN 1      0                         0      0        0
..................................................................


WIND (MPH)
  HIGHEST WIND SPEED    23   HIGHEST WIND DIRECTION    NW (330)
  HIGHEST GUST SPEED    28   HIGHEST GUST DIRECTION    NW (330)
  AVERAGE WIND SPEED    10.3


SKY COVER
  AVERAGE SKY COVER 0.5


WEATHER CONDITIONS
 THE FOLLOWING WEATHER WAS RECORDED YESTERDAY.
  NO SIGNIFICANT WEATHER WAS OBSERVED.


RELATIVE HUMIDITY (PERCENT)
 HIGHEST    84           500 AM
 LOWEST     47           400 PM
 AVERAGE    66

..........................................................


THE VICHY-ROLLA MO CLIMATE NORMALS FOR TODAY
                         NORMAL    RECORD    YEAR
 MAXIMUM TEMPERATURE (F)   45        81      1962
 MINIMUM TEMPERATURE (F)   25       -19      1899


SUNRISE AND SUNSET
FEBRUARY 13 2016......SUNRISE   700 AM CST   SUNSET   543 PM CST
FEBRUARY 14 2016......SUNRISE   659 AM CST   SUNSET   544 PM CST


-  INDICATES NEGATIVE NUMBERS.
R  INDICATES RECORD WAS SET OR TIED.
MM INDICATES DATA IS MISSING.
T  INDICATES TRACE AMOUNT.




$$
