000
CDUS42 KTAE 300634
CLIVLD


CLIMATE REPORT
NATIONAL WEATHER SERVICE TALLAHASSEE FL
234 AM EDT THU JUL 30 2015


...................................

...THE VALDOSTA CLIMATE SUMMARY FOR JULY 29 2015...

CLIMATE NORMAL PERIOD 1981 TO 2010
CLIMATE RECORD PERIOD 1948 TO 2015


WEATHER ITEM   OBSERVED TIME   NORMAL DEPARTURE LAST
                VALUE   (LST)  VALUE  FROM      YEAR
                                      NORMAL
......................................................
TEMPERATURE (F)
 YESTERDAY
  MAXIMUM         95    122 PM  92      3       96
  MINIMUM         74    228 PM  71      3       71
  AVERAGE         85            82      3       84

PRECIPITATION (IN)
  YESTERDAY        0.50          0.23   0.27     0.00
  MONTH TO DATE    9.57          6.21   3.36     3.84
  SINCE JUN 1     12.69         12.27   0.42     6.08
  SINCE JAN 1     31.25         31.27  -0.02    29.35

DEGREE DAYS
 COOLING
  YESTERDAY       20            17      3       19
  MONTH TO DATE  531           476     55      569
  SINCE JUN 1   1010           908    102     1131
  SINCE JAN 1   1657          1320    337     1734
......................................................


WIND (MPH)
  HIGHEST WIND SPEED    21   HIGHEST WIND DIRECTION     N (360)
  HIGHEST GUST SPEED    32   HIGHEST GUST DIRECTION     N (360)
  AVERAGE WIND SPEED     2.4




RELATIVE HUMIDITY (PERCENT)
 HIGHEST   100
 LOWEST     62
 AVERAGE    81

..........................................................




SUNRISE AND SUNSET
JULY 30 2015..........SUNRISE   649 AM EDT   SUNSET   829 PM EDT
JULY 31 2015..........SUNRISE   650 AM EDT   SUNSET   829 PM EDT


-  INDICATES NEGATIVE NUMBERS.
R  INDICATES RECORD WAS SET OR TIED.
MM INDICATES DATA IS MISSING.
T  INDICATES TRACE AMOUNT.




$$
