000
CDUS42 KTAE 210632
CLIVLD


CLIMATE REPORT
NATIONAL WEATHER SERVICE TALLAHASSEE FL
132 AM EST TUE NOV 21 2017


...................................

...THE VALDOSTA CLIMATE SUMMARY FOR NOVEMBER 20 2017...

CLIMATE NORMAL PERIOD 1981 TO 2010
CLIMATE RECORD PERIOD 1948 TO 2017


WEATHER ITEM   OBSERVED TIME   NORMAL DEPARTURE LAST
                VALUE   (LST)  VALUE  FROM      YEAR
                                      NORMAL
......................................................
TEMPERATURE (F)
 YESTERDAY
  MAXIMUM         69    322 PM  71     -2       65
  MINIMUM         31    618 AM  46    -15       33
  AVERAGE         50            59     -9       49

PRECIPITATION (IN)
  YESTERDAY        0.00          0.08  -0.08     0.00
  MONTH TO DATE    0.07          1.58  -1.51      T
  SINCE SEP 1      6.20          9.42  -3.22     6.07
  SINCE JAN 1     37.98         46.45  -8.47    50.40

DEGREE DAYS
 HEATING
  YESTERDAY       15             7      8       16
  MONTH TO DATE  103           104     -1       90
  SINCE SEP 1    169           147     22      103
  SINCE JUL 1    169           147     22      103
......................................................


WIND (MPH)
  HIGHEST WIND SPEED    13   HIGHEST WIND DIRECTION    SE (120)
  HIGHEST GUST SPEED    16   HIGHEST GUST DIRECTION    SE (150)
  AVERAGE WIND SPEED     4.4




RELATIVE HUMIDITY (PERCENT)
 HIGHEST    92
 LOWEST     49
 AVERAGE    71

..........................................................




SUNRISE AND SUNSET
NOVEMBER 21 2017......SUNRISE   705 AM EST   SUNSET   533 PM EST
NOVEMBER 22 2017......SUNRISE   706 AM EST   SUNSET   533 PM EST


-  INDICATES NEGATIVE NUMBERS.
R  INDICATES RECORD WAS SET OR TIED.
MM INDICATES DATA IS MISSING.
T  INDICATES TRACE AMOUNT.




$$
