186
CDUS42 KTAE 210631
CLIVLD


CLIMATE REPORT
NATIONAL WEATHER SERVICE TALLAHASSEE FL
130 AM EST SAT JAN 21 2017


...................................

...THE VALDOSTA CLIMATE SUMMARY FOR JANUARY 20 2017...

CLIMATE NORMAL PERIOD 1981 TO 2010
CLIMATE RECORD PERIOD 1948 TO 2017


WEATHER ITEM   OBSERVED TIME   NORMAL DEPARTURE LAST
                VALUE   (LST)  VALUE  FROM      YEAR
                                      NORMAL
......................................................
TEMPERATURE (F)
 YESTERDAY
  MAXIMUM         82    158 PM  62     20       62
  MINIMUM         61   1218 AM  38     23       27
  AVERAGE         72            50     22       45

PRECIPITATION (IN)
  YESTERDAY        0.04          0.10  -0.06     0.00
  MONTH TO DATE    2.77          3.04  -0.27     3.13
  SINCE DEC 1      4.92          6.21  -1.29     5.64
  SINCE JAN 1      2.77          3.04  -0.27     3.13

DEGREE DAYS
 HEATING
  YESTERDAY        0            15    -15       20
  MONTH TO DATE  146           300   -154      299
  SINCE DEC 1    387           682   -295      416
  SINCE JUL 1    554           913   -359      492
......................................................


WIND (MPH)
  HIGHEST WIND SPEED    20   HIGHEST WIND DIRECTION     S (180)
  HIGHEST GUST SPEED    27   HIGHEST GUST DIRECTION     S (170)
  AVERAGE WIND SPEED     5.6




RELATIVE HUMIDITY (PERCENT)
 HIGHEST   100
 LOWEST     54
 AVERAGE    77

..........................................................




SUNRISE AND SUNSET
JANUARY 21 2017.......SUNRISE   730 AM EST   SUNSET   600 PM EST
JANUARY 22 2017.......SUNRISE   729 AM EST   SUNSET   600 PM EST


-  INDICATES NEGATIVE NUMBERS.
R  INDICATES RECORD WAS SET OR TIED.
MM INDICATES DATA IS MISSING.
T  INDICATES TRACE AMOUNT.




$$
