000
CDUS42 KTAE 280825
CLIVLD


CLIMATE REPORT
NATIONAL WEATHER SERVICE TALLAHASSEE FL
424 AM EDT FRI AUG 28 2015


...................................

...THE VALDOSTA CLIMATE SUMMARY FOR AUGUST 27 2015...

CLIMATE NORMAL PERIOD 1981 TO 2010
CLIMATE RECORD PERIOD 1948 TO 2015


WEATHER ITEM   OBSERVED TIME   NORMAL DEPARTURE LAST
                VALUE   (LST)  VALUE  FROM      YEAR
                                      NORMAL
......................................................
TEMPERATURE (F)
 YESTERDAY
  MAXIMUM         94    345 PM  91      3       91
  MINIMUM         65    617 AM  71     -6       66
  AVERAGE         80            81     -1       79

PRECIPITATION (IN)
  YESTERDAY        0.00          0.16  -0.16     0.00
  MONTH TO DATE    4.47          4.72  -0.25     2.77
  SINCE JUN 1     17.68         17.41   0.27     8.85
  SINCE JAN 1     36.24         36.41  -0.17    32.12

DEGREE DAYS
 COOLING
  YESTERDAY       15            16     -1       14
  MONTH TO DATE  487           439     48      529
  SINCE JUN 1   1557          1379    178     1693
  SINCE JAN 1   2204          1791    413     2296
......................................................


WIND (MPH)
  HIGHEST WIND SPEED    13   HIGHEST WIND DIRECTION     S (170)
  HIGHEST GUST SPEED    15   HIGHEST GUST DIRECTION     S (180)
  AVERAGE WIND SPEED     2.5




RELATIVE HUMIDITY (PERCENT)
 HIGHEST   100
 LOWEST     40
 AVERAGE    70

..........................................................




SUNRISE AND SUNSET
AUGUST 28 2015........SUNRISE   707 AM EDT   SUNSET   801 PM EDT
AUGUST 29 2015........SUNRISE   708 AM EDT   SUNSET   800 PM EDT


-  INDICATES NEGATIVE NUMBERS.
R  INDICATES RECORD WAS SET OR TIED.
MM INDICATES DATA IS MISSING.
T  INDICATES TRACE AMOUNT.




$$
