000
CDUS42 KTAE 210635
CLIVLD


CLIMATE REPORT
NATIONAL WEATHER SERVICE TALLAHASSEE FL
134 AM EST WED FEB 21 2018


...................................

...THE VALDOSTA CLIMATE SUMMARY FOR FEBRUARY 20 2018...

CLIMATE NORMAL PERIOD 1981 TO 2010
CLIMATE RECORD PERIOD 1948 TO 2018


WEATHER ITEM   OBSERVED TIME   NORMAL DEPARTURE LAST
                VALUE   (LST)  VALUE  FROM      YEAR
                                      NORMAL
......................................................
TEMPERATURE (F)
 YESTERDAY
  MAXIMUM         81    219 PM  68     13       79
  MINIMUM         62    421 AM  43     19       45
  AVERAGE         72            55     17       62

PRECIPITATION (IN)
  YESTERDAY        0.00          0.19  -0.19     0.00
  MONTH TO DATE    2.94          2.38   0.56     1.18
  SINCE DEC 1      6.59         10.12  -3.53    12.44
  SINCE JAN 1      5.01          6.95  -1.94    10.29

SNOWFALL (IN)
  YESTERDAY        0.0
  MONTH TO DATE    0.0
  SINCE DEC 1      0.6
  SINCE JUL 1      0.6

DEGREE DAYS
 HEATING
  YESTERDAY        0            10    -10        3
  MONTH TO DATE   92           237   -145      112
  SINCE DEC 1   1011          1075    -64      604
  SINCE JUL 1   1244          1306    -62      771
......................................................


WIND (MPH)
  HIGHEST WIND SPEED    14   HIGHEST WIND DIRECTION     S (160)
  HIGHEST GUST SPEED    19   HIGHEST GUST DIRECTION    SE (150)
  AVERAGE WIND SPEED     5.3




RELATIVE HUMIDITY (PERCENT)
 HIGHEST   100
 LOWEST     54
 AVERAGE    77

..........................................................




SUNRISE AND SUNSET
FEBRUARY 21 2018......SUNRISE   708 AM EST   SUNSET   626 PM EST
FEBRUARY 22 2018......SUNRISE   707 AM EST   SUNSET   627 PM EST


-  INDICATES NEGATIVE NUMBERS.
R  INDICATES RECORD WAS SET OR TIED.
MM INDICATES DATA IS MISSING.
T  INDICATES TRACE AMOUNT.




$$
