000
CDUS42 KTAE 270636
CLIVLD


CLIMATE REPORT
NATIONAL WEATHER SERVICE TALLAHASSEE FL
136 AM EST TUE JAN 27 2015


...................................

...THE VALDOSTA CLIMATE SUMMARY FOR JANUARY 26 2015...

CLIMATE NORMAL PERIOD 1981 TO 2010
CLIMATE RECORD PERIOD 1948 TO 2015


WEATHER ITEM   OBSERVED TIME   NORMAL DEPARTURE LAST
                VALUE   (LST)  VALUE  FROM      YEAR
                                      NORMAL
......................................................
TEMPERATURE (F)
 YESTERDAY
  MAXIMUM         57    122 PM  63     -6       62
  MINIMUM         37   1159 PM  39     -2       35
  AVERAGE         47            51     -4       49

PRECIPITATION (IN)
  YESTERDAY        0.00          0.16  -0.16     0.00
  MONTH TO DATE    4.56          3.88   0.68     1.48
  SINCE DEC 1      8.66          7.05   1.61     6.02
  SINCE JAN 1      4.56          3.88   0.68     1.48

DEGREE DAYS
 HEATING
  YESTERDAY       18            14      4       16
  MONTH TO DATE  337           389    -52      407
  SINCE DEC 1    609           771   -162      605
  SINCE JUL 1    976          1002    -26      771
......................................................


WIND (MPH)
  HIGHEST WIND SPEED    15   HIGHEST WIND DIRECTION    NW (310)
  HIGHEST GUST SPEED    22   HIGHEST GUST DIRECTION    NW (320)
  AVERAGE WIND SPEED     5.2




RELATIVE HUMIDITY (PERCENT)
 HIGHEST   100
 LOWEST     54
 AVERAGE    77

..........................................................




SUNRISE AND SUNSET
JANUARY 27 2015.......SUNRISE   728 AM EST   SUNSET   604 PM EST
JANUARY 28 2015.......SUNRISE   727 AM EST   SUNSET   605 PM EST


-  INDICATES NEGATIVE NUMBERS.
R  INDICATES RECORD WAS SET OR TIED.
MM INDICATES DATA IS MISSING.
T  INDICATES TRACE AMOUNT.




$$
