000
CDUS42 KTAE 240632
CLIVLD


CLIMATE REPORT
NATIONAL WEATHER SERVICE TALLAHASSEE FL
232 AM EDT SUN MAY 24 2015


...................................

...THE VALDOSTA CLIMATE SUMMARY FOR MAY 23 2015...

CLIMATE NORMAL PERIOD 1981 TO 2010
CLIMATE RECORD PERIOD 1948 TO 2015


WEATHER ITEM   OBSERVED TIME   NORMAL DEPARTURE LAST
                VALUE   (LST)  VALUE  FROM      YEAR
                                      NORMAL
......................................................
TEMPERATURE (F)
 YESTERDAY
  MAXIMUM         89    359 PM  88      1       97
  MINIMUM         64    358 AM  64      0       65
  AVERAGE         77            76      1       81

PRECIPITATION (IN)
  YESTERDAY        0.00          0.09  -0.09     0.00
  MONTH TO DATE    0.40          1.51  -1.11     2.30
  SINCE MAR 1      7.74          9.25  -1.51    15.35
  SINCE JAN 1     16.90         17.98  -1.08    21.49

DEGREE DAYS
 COOLING
  YESTERDAY       12            11      1       16
  MONTH TO DATE  235           186     49      233
  SINCE MAR 1    532           311    221      439
  SINCE JAN 1    536           321    215      471
......................................................


WIND (MPH)
  HIGHEST WIND SPEED    13   HIGHEST WIND DIRECTION     E (90)
  HIGHEST GUST SPEED    19   HIGHEST GUST DIRECTION     E (80)
  AVERAGE WIND SPEED     6.8




RELATIVE HUMIDITY (PERCENT)
 HIGHEST    93
 LOWEST     38
 AVERAGE    66

..........................................................




SUNRISE AND SUNSET
MAY 24 2015...........SUNRISE   634 AM EDT   SUNSET   827 PM EDT
MAY 25 2015...........SUNRISE   633 AM EDT   SUNSET   827 PM EDT


-  INDICATES NEGATIVE NUMBERS.
R  INDICATES RECORD WAS SET OR TIED.
MM INDICATES DATA IS MISSING.
T  INDICATES TRACE AMOUNT.




$$
