000
CDUS42 KTAE 060623
CLIVLD


CLIMATE REPORT
NATIONAL WEATHER SERVICE TALLAHASSEE FL
121 AM EST FRI MAR 6 2015

...................................

...THE VALDOSTA CLIMATE SUMMARY FOR MARCH 5 2015...

CLIMATE NORMAL PERIOD 1981 TO 2010
CLIMATE RECORD PERIOD 1948 TO 2015


WEATHER ITEM   OBSERVED TIME   NORMAL DEPARTURE LAST
                VALUE   (LST)  VALUE  FROM      YEAR
                                      NORMAL
......................................................
TEMPERATURE (F)
 YESTERDAY
  MAXIMUM         81    235 PM  71     10       51
  MINIMUM         51   1159 PM  45      6       43
  AVERAGE         66            58      8       47

PRECIPITATION (IN)
  YESTERDAY        0.33          0.17   0.16     0.17
  MONTH TO DATE    0.34          0.86  -0.52     0.18
  SINCE MAR 1      0.34          0.86  -0.52     0.18
  SINCE JAN 1      9.50          9.59  -0.09     6.32

DEGREE DAYS
 HEATING
  YESTERDAY        0             8     -8       18
  MONTH TO DATE   15            40    -25       41
  SINCE MAR 1     15            40    -25       41
  SINCE JUL 1   1499          1420     79     1092

 COOLING
  YESTERDAY        1             1      0        0
  MONTH TO DATE    9             5      4        1
  SINCE MAR 1      9             5      4        1
  SINCE JAN 1     13            15     -2       33
......................................................


WIND (MPH)
  HIGHEST WIND SPEED    15   HIGHEST WIND DIRECTION     S (180)
  HIGHEST GUST SPEED    22   HIGHEST GUST DIRECTION    SW (220)
  AVERAGE WIND SPEED     6.4




RELATIVE HUMIDITY (PERCENT)
 HIGHEST    93
 LOWEST     62
 AVERAGE    78

..........................................................




SUNRISE AND SUNSET
MARCH  6 2015.........SUNRISE   654 AM EST   SUNSET   635 PM EST
MARCH  7 2015.........SUNRISE   653 AM EST   SUNSET   636 PM EST


-  INDICATES NEGATIVE NUMBERS.
R  INDICATES RECORD WAS SET OR TIED.
MM INDICATES DATA IS MISSING.
T  INDICATES TRACE AMOUNT.

$$
