000
CDUS42 KFFC 300023
CLIVPC


CLIMATE REPORT
NATIONAL WEATHER SERVICE PEACHTREE CITY GA
823 PM EDT FRI APR 29 2016


...................................

...THE CARTERSVILLE CLIMATE SUMMARY FOR APRIL 29 2016...
VALID AS OF 0800 PM LOCAL TIME.

CLIMATE NORMAL PERIOD 1981 TO 2010
CLIMATE RECORD PERIOD 9999 TO 9999


WEATHER ITEM   OBSERVED TIME   RECORD YEAR NORMAL DEPARTURE LAST
                VALUE   (LST)  VALUE       VALUE  FROM      YEAR
                                                  NORMAL
..................................................................
TEMPERATURE (F)
 TODAY
  MAXIMUM         87    201 PM  MM      MM  76     11       64
  MINIMUM         54    634 AM  MM      MM  50      4       50
  AVERAGE         71                        63      8       57

PRECIPITATION (IN)
  TODAY            0.00         MM      MM   0.14  -0.14     0.16
  MONTH TO DATE    2.53                      3.77  -1.24     5.45
  SINCE MAR 1      5.32                      8.49  -3.17     8.21

SNOWFALL (IN)
  TODAY           MM            MM      MM  MM     MM       MM
  MONTH TO DATE    0.0                      MM     MM        0.0
  SINCE MAR 1      0.0                      MM     MM        0.0
  SINCE JUL 1      T                        MM     MM         T
  SNOW DEPTH      MM

DEGREE DAYS
 HEATING
  TODAY            0                         4     -4        8
  MONTH TO DATE  164                       194    -30      116
  SINCE MAR 1    452                       610   -158      440
  SINCE JUL 1   2574                      3222   -648     3291

 COOLING
  TODAY            6                         1      5        0
  MONTH TO DATE   33                        18     15       45
  SINCE MAR 1     40                        22     18       45
  SINCE JAN 1     40                        22     18       45
..................................................................


WIND (MPH)
  RESULTANT WIND SPEED   1   RESULTANT WIND DIRECTION  NE (60)
  HIGHEST WIND SPEED    10   HIGHEST WIND DIRECTION     N (10)
  HIGHEST GUST SPEED    13   HIGHEST GUST DIRECTION     N (20)
  AVERAGE WIND SPEED     1.2


SKY COVER
  AVERAGE SKY COVER 0.0


WEATHER CONDITIONS
 THE FOLLOWING WEATHER WAS RECORDED TODAY.
  FOG


RELATIVE HUMIDITY (PERCENT)
 HIGHEST   100           300 AM
 LOWEST     21           200 PM
 AVERAGE    61

..........................................................


THE CARTERSVILLE CLIMATE NORMALS FOR TOMORROW
                         NORMAL    RECORD    YEAR
 MAXIMUM TEMPERATURE (F)   76        MM        MM
 MINIMUM TEMPERATURE (F)   50        MM        MM


SUNRISE AND SUNSET
APRIL 29 2016.........SUNRISE   652 AM EDT   SUNSET   822 PM EDT
APRIL 30 2016.........SUNRISE   651 AM EDT   SUNSET   823 PM EDT


-  INDICATES NEGATIVE NUMBERS.
R  INDICATES RECORD WAS SET OR TIED.
MM INDICATES DATA IS MISSING.
T  INDICATES TRACE AMOUNT.




$$
