000
CDUS42 KFFC 010839
CLIVPC


CLIMATE REPORT
NATIONAL WEATHER SERVICE PEACHTREE CITY GA
439 AM EDT FRI AUG 1 2014


...................................

...THE CARTERSVILLE CLIMATE SUMMARY FOR JULY 31 2014...

CLIMATE NORMAL PERIOD 1981 TO 2010
CLIMATE RECORD PERIOD 9999 TO 9999


WEATHER ITEM   OBSERVED TIME   RECORD YEAR NORMAL DEPARTURE LAST
                VALUE   (LST)  VALUE       VALUE  FROM      YEAR
                                                  NORMAL
..................................................................
TEMPERATURE (F)
 YESTERDAY
  MAXIMUM         84    233 PM  MM      MM  90     -6       81
  MINIMUM         60    316 AM  MM      MM  68     -8       70
  AVERAGE         72                        79     -7       76

PRECIPITATION (IN)
  YESTERDAY        0.11         MM      MM   0.10   0.01     0.74
  MONTH TO DATE    0.96                      4.66  -3.70     7.03
  SINCE JUN 1      5.20                      8.50  -3.30    13.26
  SINCE JAN 1     25.97                     30.66  -4.69    25.07

DEGREE DAYS
 COOLING
  YESTERDAY        7                        14     -7       11
  MONTH TO DATE  360                       412    -52      365
  SINCE JUN 1    702                       707     -5      698
  SINCE JAN 1    884                       856     28      823
..................................................................


WIND (MPH)
  RESULTANT WIND SPEED   2   RESULTANT WIND DIRECTION  NE (60)
  HIGHEST WIND SPEED    12   HIGHEST WIND DIRECTION     N (360)
  HIGHEST GUST SPEED    15   HIGHEST GUST DIRECTION     N (10)
  AVERAGE WIND SPEED     3.0


SKY COVER
  AVERAGE SKY COVER 0.4


WEATHER CONDITIONS
 THE FOLLOWING WEATHER WAS RECORDED YESTERDAY.
  LIGHT RAIN
  FOG


RELATIVE HUMIDITY (PERCENT)
 HIGHEST    97           800 PM
 LOWEST     55           400 PM
 AVERAGE    76

..........................................................


THE CARTERSVILLE CLIMATE NORMALS FOR TODAY
                         NORMAL    RECORD    YEAR
 MAXIMUM TEMPERATURE (F)   90        MM        MM
 MINIMUM TEMPERATURE (F)   68        MM        MM


SUNRISE AND SUNSET
AUGUST  1 2014........SUNRISE   651 AM EDT   SUNSET   840 PM EDT
AUGUST  2 2014........SUNRISE   651 AM EDT   SUNSET   840 PM EDT


-  INDICATES NEGATIVE NUMBERS.
R  INDICATES RECORD WAS SET OR TIED.
MM INDICATES DATA IS MISSING.
T  INDICATES TRACE AMOUNT.




$$
