000
CDUS42 KFFC 260819
CLIVPC


CLIMATE REPORT
NATIONAL WEATHER SERVICE PEACHTREE CITY GA
419 AM EDT TUE MAY 26 2015


...................................

...THE CARTERSVILLE CLIMATE SUMMARY FOR MAY 25 2015...

CLIMATE NORMAL PERIOD 1981 TO 2010
CLIMATE RECORD PERIOD 9999 TO 9999


WEATHER ITEM   OBSERVED TIME   RECORD YEAR NORMAL DEPARTURE LAST
                VALUE   (LST)  VALUE       VALUE  FROM      YEAR
                                                  NORMAL
..................................................................
TEMPERATURE (F)
 YESTERDAY
  MAXIMUM         82    318 PM  MM      MM  82      0       88
  MINIMUM         66    554 AM  MM      MM  58      8       60
  AVERAGE         74                        70      4       74

PRECIPITATION (IN)
  YESTERDAY        0.44         MM      MM   0.12   0.32      T
  MONTH TO DATE    1.17                      3.26  -2.09     3.15
  SINCE MAR 1      9.38                     11.89  -2.51    14.19
  SINCE JAN 1     17.97                     21.39  -3.42    19.91

DEGREE DAYS
 COOLING
  YESTERDAY        9                         6      3        9
  MONTH TO DATE  125                        87     38      107
  SINCE MAR 1    170                       112     58      126
  SINCE JAN 1    170                       112     58      126
..................................................................


WIND (MPH)
  RESULTANT WIND SPEED   6   RESULTANT WIND DIRECTION  SE (130)
  HIGHEST WIND SPEED    14   HIGHEST WIND DIRECTION     S (160)
  HIGHEST GUST SPEED    21   HIGHEST GUST DIRECTION     S (160)
  AVERAGE WIND SPEED     6.2


SKY COVER
  AVERAGE SKY COVER 0.4


WEATHER CONDITIONS
 THE FOLLOWING WEATHER WAS RECORDED YESTERDAY.
  THUNDERSTORM
  HEAVY RAIN
  RAIN
  LIGHT RAIN
  FOG
  FOG W/VISIBILITY <= 1/4 MILE


RELATIVE HUMIDITY (PERCENT)
 HIGHEST    93           900 PM
 LOWEST     58          1100 AM
 AVERAGE    76

..........................................................


THE CARTERSVILLE CLIMATE NORMALS FOR TODAY
                         NORMAL    RECORD    YEAR
 MAXIMUM TEMPERATURE (F)   82        MM        MM
 MINIMUM TEMPERATURE (F)   58        MM        MM


SUNRISE AND SUNSET
MAY 26 2015...........SUNRISE   631 AM EDT   SUNSET   842 PM EDT
MAY 27 2015...........SUNRISE   631 AM EDT   SUNSET   843 PM EDT


-  INDICATES NEGATIVE NUMBERS.
R  INDICATES RECORD WAS SET OR TIED.
MM INDICATES DATA IS MISSING.
T  INDICATES TRACE AMOUNT.




$$
