000
CDUS42 KFFC 160820
CLIVPC


CLIMATE REPORT
NATIONAL WEATHER SERVICE PEACHTREE CITY GA
420 AM EDT WED APR 16 2014


...................................

...THE CARTERSVILLE CLIMATE SUMMARY FOR APRIL 15 2014...

CLIMATE NORMAL PERIOD 1981 TO 2010
CLIMATE RECORD PERIOD 9999 TO 9999


WEATHER ITEM   OBSERVED TIME   RECORD YEAR NORMAL DEPARTURE LAST
                VALUE   (LST)  VALUE       VALUE  FROM      YEAR
                                                  NORMAL
..................................................................
TEMPERATURE (F)
 YESTERDAY
  MAXIMUM         62   1220 AM  MM      MM  72    -10       76
  MINIMUM         36   1126 PM  MM      MM  46    -10       56
  AVERAGE         49                        59    -10       66

PRECIPITATION (IN)
  YESTERDAY        0.47         MM      MM   0.10   0.37     0.00
  MONTH TO DATE    4.71                      1.83   2.88     1.75
  SINCE MAR 1      9.42                      6.55   2.87     2.33
  SINCE JAN 1     15.14                     16.05  -0.91     2.33

SNOWFALL (IN)
  YESTERDAY        0.0          MM      MM  MM     MM       MM
  MONTH TO DATE    0.0                      MM     MM        0.0
  SINCE MAR 1      0.0                      MM     MM        0.0
  SINCE JUL 1      0.0                      MM     MM        0.0
  SNOW DEPTH      MM

DEGREE DAYS
 HEATING
  YESTERDAY       16                         7      9        0
  MONTH TO DATE   94                       124    -30      110
  SINCE MAR 1    564                       540     24      138
  SINCE JUL 1   3358                      3152    206      138

 COOLING
  YESTERDAY        0                         1     -1        1
  MONTH TO DATE    4                         4      0        9
  SINCE MAR 1      4                         8     -4        9
  SINCE JAN 1      4                         8     -4        9
..................................................................


WIND (MPH)
  RESULTANT WIND SPEED   6   RESULTANT WIND DIRECTION   N (350)
  HIGHEST WIND SPEED    16   HIGHEST WIND DIRECTION     N (350)
  HIGHEST GUST SPEED    29   HIGHEST GUST DIRECTION    NW (310)
  AVERAGE WIND SPEED     6.8


SKY COVER
  AVERAGE SKY COVER 0.8


WEATHER CONDITIONS
 THE FOLLOWING WEATHER WAS RECORDED YESTERDAY.
  HEAVY RAIN
  RAIN
  LIGHT RAIN
  FOG


RELATIVE HUMIDITY (PERCENT)
 HIGHEST    97           300 AM
 LOWEST     49           600 PM
 AVERAGE    73

..........................................................


THE CARTERSVILLE CLIMATE NORMALS FOR TODAY
                         NORMAL    RECORD    YEAR
 MAXIMUM TEMPERATURE (F)   73        MM        MM
 MINIMUM TEMPERATURE (F)   46        MM        MM


SUNRISE AND SUNSET
APRIL 16 2014.........SUNRISE   707 AM EDT   SUNSET   812 PM EDT
APRIL 17 2014.........SUNRISE   706 AM EDT   SUNSET   812 PM EDT


-  INDICATES NEGATIVE NUMBERS.
R  INDICATES RECORD WAS SET OR TIED.
MM INDICATES DATA IS MISSING.
T  INDICATES TRACE AMOUNT.




$$
