000
CDUS43 KLOT 200636
CLIVPZ


CLIMATE REPORT
NATIONAL WEATHER SERVICE CHICAGO IL
136 AM CDT SAT SEP 20 2014


...................................

...THE VALPARAISO CLIMATE SUMMARY FOR SEPTEMBER 19 2014...

CLIMATE NORMAL PERIOD 1981 TO 2010
CLIMATE RECORD PERIOD 1998 TO 2014


WEATHER ITEM   OBSERVED TIME   RECORD YEAR NORMAL DEPARTURE LAST
                VALUE   (LST)  VALUE       VALUE  FROM      YEAR
                                                  NORMAL
..................................................................
TEMPERATURE (F)
 YESTERDAY
  MAXIMUM         74    227 PM  91    2000  73      1       76
  MINIMUM         47    558 AM  39    2012  51     -4       65
  AVERAGE         61                        62     -1       71

PRECIPITATION (IN)
  YESTERDAY        0.00          0.71 2001   0.08  -0.08     0.21
  MONTH TO DATE    2.32                      2.06   0.26     2.37
  SINCE SEP 1      2.32                      2.06   0.26     2.37
  SINCE JAN 1     31.68                     27.60   4.08    28.05

DEGREE DAYS
 HEATING
  YESTERDAY        4                         4      0        0
  MONTH TO DATE   94                        43     51       41
  SINCE SEP 1     94                        43     51       41
  SINCE JUL 1    134                        60     74       69

 COOLING
  YESTERDAY        0                         1     -1        6
  MONTH TO DATE   56                        54      2      114
  SINCE SEP 1     56                        54      2      114
  SINCE JAN 1    603                       690    -87      781
..................................................................


WIND (MPH)
  RESULTANT WIND SPEED   6   RESULTANT WIND DIRECTION  SE (150)
  HIGHEST WIND SPEED    15   HIGHEST WIND DIRECTION    SE (150)
  HIGHEST GUST SPEED    22   HIGHEST GUST DIRECTION     S (160)
  AVERAGE WIND SPEED     7.3



WEATHER CONDITIONS
 THE FOLLOWING WEATHER WAS RECORDED YESTERDAY.
  FOG


..........................................................


THE VALPARAISO CLIMATE NORMALS FOR TODAY
                         NORMAL    RECORD    YEAR
 MAXIMUM TEMPERATURE (F)   73        89      1998
 MINIMUM TEMPERATURE (F)   51        42      2006


SUNRISE AND SUNSET
SEPTEMBER 20 2014.....SUNRISE   633 AM CDT   SUNSET   649 PM CDT
SEPTEMBER 21 2014.....SUNRISE   634 AM CDT   SUNSET   647 PM CDT


-  INDICATES NEGATIVE NUMBERS.
R  INDICATES RECORD WAS SET OR TIED.
MM INDICATES DATA IS MISSING.
T  INDICATES TRACE AMOUNT.




$$
