000
CDUS43 KLOT 310633
CLIVPZ


CLIMATE REPORT
NATIONAL WEATHER SERVICE CHICAGO IL
133 AM CDT TUE MAY 31 2016


...................................

...THE VALPARAISO CLIMATE SUMMARY FOR MAY 30 2016...

CLIMATE NORMAL PERIOD 1981 TO 2010
CLIMATE RECORD PERIOD 1998 TO 2016


WEATHER ITEM   OBSERVED TIME   RECORD YEAR NORMAL DEPARTURE LAST
                VALUE   (LST)  VALUE       VALUE  FROM      YEAR
                                                  NORMAL
..................................................................
TEMPERATURE (F)
 YESTERDAY
  MAXIMUM         87    311 PM  90    2010  75     12       74
  MINIMUM         59    455 AM  44    2003  53      6       48
                                      2001
  AVERAGE         73                        64      9       61

PRECIPITATION (IN)
  YESTERDAY        0.00          1.33 2015   0.10  -0.10     1.33
  MONTH TO DATE    1.90                      3.70  -1.80     4.22
  SINCE MAR 1      7.63                      9.71  -2.08     6.99
  SINCE JAN 1      8.96                     12.88  -3.92     8.60

DEGREE DAYS
 HEATING
  YESTERDAY        0                         4     -4        4
  MONTH TO DATE  237                       216     21      137
  SINCE MAR 1   1380                      1543   -163     1547
  SINCE JUL 1   5238                      6275  -1037     6805

 COOLING
  YESTERDAY        8                         3      5        0
  MONTH TO DATE   61                        40     21       76
  SINCE MAR 1     67                        45     22       76
  SINCE JAN 1     67                        45     22       76
..................................................................


WIND (MPH)
  RESULTANT WIND SPEED   3   RESULTANT WIND DIRECTION  NW (300)
  HIGHEST WIND SPEED    16   HIGHEST WIND DIRECTION     W (260)
  HIGHEST GUST SPEED    21   HIGHEST GUST DIRECTION     W (250)
  AVERAGE WIND SPEED     5.6



WEATHER CONDITIONS
 THE FOLLOWING WEATHER WAS RECORDED YESTERDAY.
  NO SIGNIFICANT WEATHER WAS OBSERVED.


..........................................................


THE VALPARAISO CLIMATE NORMALS FOR TODAY
                         NORMAL    RECORD    YEAR
 MAXIMUM TEMPERATURE (F)   75        90      1998
 MINIMUM TEMPERATURE (F)   53        42      2003


SUNRISE AND SUNSET
MAY 31 2016...........SUNRISE   517 AM CDT   SUNSET   815 PM CDT
JUNE  1 2016..........SUNRISE   517 AM CDT   SUNSET   816 PM CDT


-  INDICATES NEGATIVE NUMBERS.
R  INDICATES RECORD WAS SET OR TIED.
MM INDICATES DATA IS MISSING.
T  INDICATES TRACE AMOUNT.




$$
