000
CDUS43 KLOT 230646
CLIVPZ


CLIMATE REPORT
NATIONAL WEATHER SERVICE CHICAGO IL
145 AM CDT WED AUG 23 2017


...................................

...THE VALPARAISO CLIMATE SUMMARY FOR AUGUST 22 2017...

CLIMATE NORMAL PERIOD 1981 TO 2010
CLIMATE RECORD PERIOD 1998 TO 2017


WEATHER ITEM   OBSERVED TIME   RECORD YEAR NORMAL DEPARTURE LAST
                VALUE   (LST)  VALUE       VALUE  FROM      YEAR
                                                  NORMAL
..................................................................
TEMPERATURE (F)
 YESTERDAY
  MAXIMUM         81    241 PM  90    2007  80      1       77
  MINIMUM         63   1104 PM  47    2004  60      3       53
  AVERAGE         72                        70      2       65

PRECIPITATION (IN)
  YESTERDAY        0.35          2.92 2014   0.15   0.20     0.00
  MONTH TO DATE    2.21                      3.06  -0.85     7.96
  SINCE JUN 1      8.53                     11.31  -2.78    12.15
  SINCE JAN 1     23.93                     24.29  -0.36    21.55

DEGREE DAYS
 HEATING
  YESTERDAY        0                         0      0        0
  MONTH TO DATE    0                         0      0        0
  SINCE JUN 1      3                        45    -42       28
  SINCE JUL 1      0                         4     -4        8

 COOLING
  YESTERDAY        7                         6      1        0
  MONTH TO DATE  138                       142     -4      207
  SINCE JUN 1    686                       546    140      688
  SINCE JAN 1    743                       593    150      765
..................................................................


WIND (MPH)
  RESULTANT WIND SPEED   6   RESULTANT WIND DIRECTION   W (270)
  HIGHEST WIND SPEED    17   HIGHEST WIND DIRECTION    NW (330)
  HIGHEST GUST SPEED    24   HIGHEST GUST DIRECTION     S (200)
  AVERAGE WIND SPEED     9.2



WEATHER CONDITIONS
 THE FOLLOWING WEATHER WAS RECORDED YESTERDAY.
  HEAVY RAIN
  RAIN
  LIGHT RAIN
  FOG


..........................................................


THE VALPARAISO CLIMATE NORMALS FOR TODAY
                         NORMAL    RECORD    YEAR
 MAXIMUM TEMPERATURE (F)   80        90      1998
 MINIMUM TEMPERATURE (F)   60        52      2009


SUNRISE AND SUNSET
AUGUST 23 2017........SUNRISE   605 AM CDT   SUNSET   735 PM CDT
AUGUST 24 2017........SUNRISE   606 AM CDT   SUNSET   733 PM CDT


-  INDICATES NEGATIVE NUMBERS.
R  INDICATES RECORD WAS SET OR TIED.
MM INDICATES DATA IS MISSING.
T  INDICATES TRACE AMOUNT.




$$
