000
CDUS43 KLOT 240634
CLIVPZ


CLIMATE REPORT
NATIONAL WEATHER SERVICE CHICAGO IL
1232 AM CST WED JAN 24 2018


...................................

...THE VALPARAISO CLIMATE SUMMARY FOR JANUARY 23 2018...

CLIMATE NORMAL PERIOD 1981 TO 2010
CLIMATE RECORD PERIOD 1998 TO 2018


WEATHER ITEM   OBSERVED TIME   RECORD YEAR NORMAL DEPARTURE LAST
                VALUE   (LST)  VALUE       VALUE  FROM      YEAR
                                                  NORMAL
..................................................................
TEMPERATURE (F)
 YESTERDAY
  MAXIMUM         38    420 AM  51    2002  31      7       42
  MINIMUM         30   1159 PM  -6    2014  16     14       38
  AVERAGE         34                        23     11       40

PRECIPITATION (IN)
  YESTERDAY        0.04          0.26 2012   0.06  -0.02     0.00
  MONTH TO DATE    0.68                      1.27  -0.59     2.40
  SINCE DEC 1      0.84                      3.45  -2.61     3.15
  SINCE JAN 1      0.68                      1.27  -0.59     2.40

DEGREE DAYS
 HEATING
  YESTERDAY       31                        42    -11       25
  MONTH TO DATE  998                       957     41      783
  SINCE DEC 1   2138                      2101     37     1981
  SINCE JUL 1   3137                      3359   -222     2794

 COOLING
  YESTERDAY        0                         0      0        0
  MONTH TO DATE    0                         0      0        0
  SINCE DEC 1      0                         0      0        0
  SINCE JAN 1      0                         0      0        0
..................................................................


WIND (MPH)
  RESULTANT WIND SPEED  10   RESULTANT WIND DIRECTION  NW (300)
  HIGHEST WIND SPEED    18   HIGHEST WIND DIRECTION    NW (310)
  HIGHEST GUST SPEED    24   HIGHEST GUST DIRECTION    NW (330)
  AVERAGE WIND SPEED    10.6



WEATHER CONDITIONS
 THE FOLLOWING WEATHER WAS RECORDED YESTERDAY.
  LIGHT SNOW
  FOG
  HAZE


..........................................................


THE VALPARAISO CLIMATE NORMALS FOR TODAY
                         NORMAL    RECORD    YEAR
 MAXIMUM TEMPERATURE (F)   31        48      2010
 MINIMUM TEMPERATURE (F)   16        -9      2014


SUNRISE AND SUNSET
JANUARY 24 2018.......SUNRISE   707 AM CST   SUNSET   454 PM CST
JANUARY 25 2018.......SUNRISE   706 AM CST   SUNSET   455 PM CST


-  INDICATES NEGATIVE NUMBERS.
R  INDICATES RECORD WAS SET OR TIED.
MM INDICATES DATA IS MISSING.
T  INDICATES TRACE AMOUNT.




$$
