000
CDUS42 KMLB 242025
CLIVRB


CLIMATE REPORT
NATIONAL WEATHER SERVICE MELBOURNE FL
423 PM EDT FRI MAR 24 2017


...................................

...THE VERO BEACH CLIMATE SUMMARY FOR MARCH 24 2017...
VALID TODAY AS OF 0400 PM LOCAL TIME.

CLIMATE NORMAL PERIOD 1981 TO 2010
CLIMATE RECORD PERIOD 1942 TO 2017


WEATHER ITEM   OBSERVED TIME   RECORD YEAR NORMAL DEPARTURE LAST
                VALUE   (LST)  VALUE       VALUE  FROM      YEAR
                                                  NORMAL
..................................................................
TEMPERATURE (F)
 TODAY
  MAXIMUM         78   1136 AM  91    2013  78      0       81
                                      1952
  MINIMUM         68    538 AM  37    1968  59      9       57
  AVERAGE         73                        68      5       69

PRECIPITATION (IN)
  TODAY            T             1.58 1955   0.14  -0.14     0.29
  MONTH TO DATE    1.61                      3.18  -1.57     0.82
  SINCE MAR 1      1.61                      3.18  -1.57     0.82
  SINCE JAN 1      3.57                      8.35  -4.78    14.17

SNOWFALL (IN)
  TODAY            0.0
  MONTH TO DATE    0.0
  SINCE JUL 1      0.0

DEGREE DAYS
 HEATING
  TODAY            0                         1     -1        0
  MONTH TO DATE   39                        48     -9       11
  SINCE MAR 1     39                        48     -9       11
  SINCE JUL 1    182                       433   -251      279

 COOLING
  TODAY            8                         4      4        4
  MONTH TO DATE  111                        96     15      158
  SINCE MAR 1    111                        96     15      158
  SINCE JAN 1    312                       235     77      256
..................................................................


WIND (MPH)
  HIGHEST WIND SPEED    24   HIGHEST WIND DIRECTION     E (100)
  HIGHEST GUST SPEED    30   HIGHEST GUST DIRECTION     E (100)
  AVERAGE WIND SPEED    14.2


SKY COVER
  AVERAGE SKY COVER 0.7


WEATHER CONDITIONS
 THE FOLLOWING WEATHER WAS RECORDED TODAY.
  LIGHT RAIN


RELATIVE HUMIDITY (PERCENT)
 HIGHEST    68           200 AM
 LOWEST     46          1100 AM
 AVERAGE    57

..........................................................


THE VERO BEACH CLIMATE NORMALS FOR TOMORROW
                         NORMAL    RECORD    YEAR
 MAXIMUM TEMPERATURE (F)   78        90      1975
                                             1952
                                             1944
 MINIMUM TEMPERATURE (F)   59        37      1968


SUNRISE AND SUNSET
MARCH 24 2017.........SUNRISE   721 AM EDT   SUNSET   735 PM EDT
MARCH 25 2017.........SUNRISE   720 AM EDT   SUNSET   736 PM EDT


-  INDICATES NEGATIVE NUMBERS.
R  INDICATES RECORD WAS SET OR TIED.
MM INDICATES DATA IS MISSING.
T  INDICATES TRACE AMOUNT.




$$
