000
CDUS42 KMLB 202015
CLIVRB


CLIMATE REPORT
NATIONAL WEATHER SERVICE MELBOURNE FL
415 PM EDT FRI OCT 20 2017


...................................

...THE VERO BEACH CLIMATE SUMMARY FOR OCTOBER 20 2017...
VALID TODAY AS OF 0400 PM LOCAL TIME.

CLIMATE NORMAL PERIOD 1981 TO 2010
CLIMATE RECORD PERIOD 1942 TO 2017


WEATHER ITEM   OBSERVED TIME   RECORD YEAR NORMAL DEPARTURE LAST
                VALUE   (LST)  VALUE       VALUE  FROM      YEAR
                                                  NORMAL
..................................................................
TEMPERATURE (F)
 TODAY
  MAXIMUM         86   1238 PM  91    2006  84      2       86
  MINIMUM         77    352 AM  47    1989  68      9       69
  AVERAGE         82                        76      6       78

PRECIPITATION (IN)
  TODAY            0.00          2.05 1986   0.14  -0.14      T
  MONTH TO DATE    5.73                      3.57   2.16     4.13
  SINCE SEP 1     18.17                     10.36   7.81     9.03
  SINCE JAN 1     47.59                     45.06   2.53    62.46

SNOWFALL (IN)
  TODAY            0.0
  MONTH TO DATE    0.0
  SINCE JUL 1      0.0

DEGREE DAYS
 HEATING
  TODAY            0                         0      0        0
  MONTH TO DATE    0                         0      0        0
  SINCE SEP 1      0                         0      0        0
  SINCE JUL 1      0                         0      0        0

 COOLING
  TODAY           17                        11      6       13
  MONTH TO DATE  310                       255     55      308
  SINCE SEP 1    805                       724     81      831
  SINCE JAN 1   3517                      3022    495     3421
..................................................................


WIND (MPH)
  HIGHEST WIND SPEED    24   HIGHEST WIND DIRECTION     E (70)
  HIGHEST GUST SPEED    30   HIGHEST GUST DIRECTION    NE (50)
  AVERAGE WIND SPEED    15.8


SKY COVER
  AVERAGE SKY COVER 0.5


WEATHER CONDITIONS
 THE FOLLOWING WEATHER WAS RECORDED TODAY.
  NO SIGNIFICANT WEATHER WAS OBSERVED.


RELATIVE HUMIDITY (PERCENT)
 HIGHEST    79          1200 AM
 LOWEST     65          1100 AM
 AVERAGE    72

..........................................................


THE VERO BEACH CLIMATE NORMALS FOR TOMORROW
                         NORMAL    RECORD    YEAR
 MAXIMUM TEMPERATURE (F)   83        89      2013
                                             2002
                                             1988
 MINIMUM TEMPERATURE (F)   68        46      1989


SUNRISE AND SUNSET
OCTOBER 20 2017.......SUNRISE   725 AM EDT   SUNSET   648 PM EDT
OCTOBER 21 2017.......SUNRISE   725 AM EDT   SUNSET   647 PM EDT


-  INDICATES NEGATIVE NUMBERS.
R  INDICATES RECORD WAS SET OR TIED.
MM INDICATES DATA IS MISSING.
T  INDICATES TRACE AMOUNT.




$$
