000
CDUS42 KMLB 160626
CLIVRB


CLIMATE REPORT
NATIONAL WEATHER SERVICE MELBOURNE FL
126 AM EST MON JAN 16 2017


...................................

...THE VERO BEACH CLIMATE SUMMARY FOR JANUARY 15 2017...

CLIMATE NORMAL PERIOD 1981 TO 2010
CLIMATE RECORD PERIOD 1942 TO 2017


WEATHER ITEM   OBSERVED TIME   RECORD YEAR NORMAL DEPARTURE LAST
                VALUE   (LST)  VALUE       VALUE  FROM      YEAR
                                                  NORMAL
..................................................................
TEMPERATURE (F)
 YESTERDAY
  MAXIMUM         78    247 PM  85    1972  72      6       74
  MINIMUM         60    136 AM  29    1948  51      9       57
  AVERAGE         69                        62      7       66

PRECIPITATION (IN)
  YESTERDAY        0.00          2.29 1991   0.08  -0.08     1.97
  MONTH TO DATE    0.46                      1.21  -0.75     4.53
  SINCE DEC 1      2.60                      3.40  -0.80     9.10
  SINCE JAN 1      0.46                      1.21  -0.75     4.53

SNOWFALL (IN)
  YESTERDAY        0.0
  MONTH TO DATE    0.0
  SINCE JUL 1      0.0

DEGREE DAYS
 HEATING
  YESTERDAY        0                         5     -5        0
  MONTH TO DATE   30                        75    -45       36
  SINCE DEC 1     45                       180   -135       38
  SINCE JUL 1     64                       210   -146       39

 COOLING
  YESTERDAY        4                         2      2        1
  MONTH TO DATE   48                        30     18       30
  SINCE DEC 1    253                       123    130      322
  SINCE JAN 1     48                        30     18       30
..................................................................


WIND (MPH)
  HIGHEST WIND SPEED    13   HIGHEST WIND DIRECTION     E (70)
  HIGHEST GUST SPEED    16   HIGHEST GUST DIRECTION     E (90)
  AVERAGE WIND SPEED     4.3


SKY COVER
  AVERAGE SKY COVER 0.8


WEATHER CONDITIONS
 THE FOLLOWING WEATHER WAS RECORDED YESTERDAY.
  NO SIGNIFICANT WEATHER WAS OBSERVED.


RELATIVE HUMIDITY (PERCENT)
 HIGHEST    93           100 AM
 LOWEST     54           300 PM
 AVERAGE    74

..........................................................


THE VERO BEACH CLIMATE NORMALS FOR TODAY
                         NORMAL    RECORD    YEAR
 MAXIMUM TEMPERATURE (F)   72        83      1989
                                             1987
                                             1943
 MINIMUM TEMPERATURE (F)   51        31      1978


SUNRISE AND SUNSET
JANUARY 16 2017.......SUNRISE   713 AM EST   SUNSET   550 PM EST
JANUARY 17 2017.......SUNRISE   713 AM EST   SUNSET   551 PM EST


-  INDICATES NEGATIVE NUMBERS.
R  INDICATES RECORD WAS SET OR TIED.
MM INDICATES DATA IS MISSING.
T  INDICATES TRACE AMOUNT.




$$
