000
CDUS42 KMLB 250639
CLIVRB


CLIMATE REPORT
NATIONAL WEATHER SERVICE MELBOURNE FL
229 AM EDT SAT OCT 25 2014


...................................

...THE VERO BEACH CLIMATE SUMMARY FOR OCTOBER 24 2014...

CLIMATE NORMAL PERIOD 1981 TO 2010
CLIMATE RECORD PERIOD 1942 TO 2014


WEATHER ITEM   OBSERVED TIME   RECORD YEAR NORMAL DEPARTURE LAST
                VALUE   (LST)  VALUE       VALUE  FROM      YEAR
                                                  NORMAL
..................................................................
TEMPERATURE (F)
 YESTERDAY
  MAXIMUM         80    129 PM  90    2002  83     -3       79
  MINIMUM         70   1155 PM  50    2006  67      3       61
  AVERAGE         75                        75      0       70

PRECIPITATION (IN)
  YESTERDAY        0.00          5.49 2005   0.13  -0.13     0.00
  MONTH TO DATE    4.03                      4.11  -0.08     0.52
  SINCE SEP 1     14.77                     10.90   3.87     7.14
  SINCE JAN 1     48.08                     45.60   2.48    34.82

SNOWFALL (IN)
  YESTERDAY        0.0
  MONTH TO DATE    0.0
  SINCE JUL 1      0.0

DEGREE DAYS
 HEATING
  YESTERDAY        0                         0      0        0
  MONTH TO DATE    0                         0      0        0
  SINCE SEP 1      0                         0      0        0
  SINCE JUL 1      0                         0      0        0

 COOLING
  YESTERDAY       10                        10      0        5
  MONTH TO DATE  245                       296    -51      294
  SINCE SEP 1    663                       765   -102      746
  SINCE JAN 1   3030                      3063    -33     3152
..................................................................


WIND (MPH)
  HIGHEST WIND SPEED    17   HIGHEST WIND DIRECTION     N (10)
  HIGHEST GUST SPEED    24   HIGHEST GUST DIRECTION    NE (40)
  AVERAGE WIND SPEED    10.3


SKY COVER
  AVERAGE SKY COVER 0.5


WEATHER CONDITIONS
 THE FOLLOWING WEATHER WAS RECORDED YESTERDAY.
  NO SIGNIFICANT WEATHER WAS OBSERVED.


RELATIVE HUMIDITY (PERCENT)
 HIGHEST    70          1200 AM
 LOWEST     50           300 PM
 AVERAGE    60

..........................................................


THE VERO BEACH CLIMATE NORMALS FOR TODAY
                         NORMAL    RECORD    YEAR
 MAXIMUM TEMPERATURE (F)   83        92      1997
 MINIMUM TEMPERATURE (F)   67        48      2005


SUNRISE AND SUNSET
OCTOBER 25 2014.......SUNRISE   728 AM EDT   SUNSET   643 PM EDT
OCTOBER 26 2014.......SUNRISE   728 AM EDT   SUNSET   642 PM EDT


-  INDICATES NEGATIVE NUMBERS.
R  INDICATES RECORD WAS SET OR TIED.
MM INDICATES DATA IS MISSING.
T  INDICATES TRACE AMOUNT.




$$
