000
CDUS42 KMLB 190626
CLIVRB


CLIMATE REPORT
NATIONAL WEATHER SERVICE MELBOURNE FL
126 AM EST FRI DEC 19 2014


...................................

...THE VERO BEACH CLIMATE SUMMARY FOR DECEMBER 18 2014...

CLIMATE NORMAL PERIOD 1981 TO 2010
CLIMATE RECORD PERIOD 1942 TO 2014


WEATHER ITEM   OBSERVED TIME   RECORD YEAR NORMAL DEPARTURE LAST
                VALUE   (LST)  VALUE       VALUE  FROM      YEAR
                                                  NORMAL
..................................................................
TEMPERATURE (F)
 YESTERDAY
  MAXIMUM         73    229 PM  86    1961  74     -1       71
  MINIMUM         48   1152 PM  33    1973  55     -7       47
  AVERAGE         61                        64     -3       59

PRECIPITATION (IN)
  YESTERDAY        0.00          1.87 2009   0.07  -0.07     0.00
  MONTH TO DATE    2.21                      1.26   0.95     2.12
  SINCE DEC 1      2.21                      1.26   0.95     2.12
  SINCE JAN 1     52.89                     50.94   1.95    44.33

SNOWFALL (IN)
  YESTERDAY        0.0
  MONTH TO DATE    0.0
  SINCE JUL 1      0.0

DEGREE DAYS
 HEATING
  YESTERDAY        4                         4      0        6
  MONTH TO DATE   70                        49     21       14
  SINCE DEC 1     70                        49     21       14
  SINCE JUL 1    149                        79     70       25

 COOLING
  YESTERDAY        0                         3     -3        0
  MONTH TO DATE   42                        61    -19       89
  SINCE DEC 1     42                        61    -19       89
  SINCE JAN 1   3196                      3372   -176     3562
..................................................................


WIND (MPH)
  HIGHEST WIND SPEED    14   HIGHEST WIND DIRECTION     W (280)
  HIGHEST GUST SPEED    16   HIGHEST GUST DIRECTION    NE (30)
  AVERAGE WIND SPEED     4.7


SKY COVER
  AVERAGE SKY COVER 0.0


WEATHER CONDITIONS
 THE FOLLOWING WEATHER WAS RECORDED YESTERDAY.
  FOG


RELATIVE HUMIDITY (PERCENT)
 HIGHEST    96           400 AM
 LOWEST     33           200 PM
 AVERAGE    65

..........................................................


THE VERO BEACH CLIMATE NORMALS FOR TODAY
                         NORMAL    RECORD    YEAR
 MAXIMUM TEMPERATURE (F)   74        85      1990
                                             1961
 MINIMUM TEMPERATURE (F)   54        33      1981


SUNRISE AND SUNSET
DECEMBER 19 2014......SUNRISE   707 AM EST   SUNSET   531 PM EST
DECEMBER 20 2014......SUNRISE   707 AM EST   SUNSET   531 PM EST


-  INDICATES NEGATIVE NUMBERS.
R  INDICATES RECORD WAS SET OR TIED.
MM INDICATES DATA IS MISSING.
T  INDICATES TRACE AMOUNT.




$$
