000
CDUS42 KMLB 040641
CLIVRB


CLIMATE REPORT
NATIONAL WEATHER SERVICE MELBOURNE FL
130 AM EST WED MAR 4 2015


...................................

...THE VERO BEACH CLIMATE SUMMARY FOR MARCH 3 2015...

CLIMATE NORMAL PERIOD 1981 TO 2010
CLIMATE RECORD PERIOD 1942 TO 2015


WEATHER ITEM   OBSERVED TIME   RECORD YEAR NORMAL DEPARTURE LAST
                VALUE   (LST)  VALUE       VALUE  FROM      YEAR
                                                  NORMAL
..................................................................
TEMPERATURE (F)
 YESTERDAY
  MAXIMUM         81    204 PM  89    2012  76      5       85
                                      2001
  MINIMUM         60    555 AM  26    1980  56      4       57
  AVERAGE         71                        66      5       71

PRECIPITATION (IN)
  YESTERDAY        0.00          1.21 1943   0.11  -0.11     0.00
  MONTH TO DATE    T                         0.32  -0.32     0.00
  SINCE MAR 1      T                         0.32  -0.32     0.00
  SINCE JAN 1      3.63                      5.49  -1.86     6.55

SNOWFALL (IN)
  YESTERDAY        0.0
  MONTH TO DATE    0.0
  SINCE JUL 1      0.0

DEGREE DAYS
 HEATING
  YESTERDAY        0                         3     -3        0
  MONTH TO DATE    0                         9     -9        0
  SINCE MAR 1      0                         9     -9        0
  SINCE JUL 1    372                       394    -22      235

 COOLING
  YESTERDAY        6                         4      2        6
  MONTH TO DATE   21                        12      9       10
  SINCE MAR 1     21                        12      9       10
  SINCE JAN 1    146                       151     -5      218
..................................................................


WIND (MPH)
  HIGHEST WIND SPEED    18   HIGHEST WIND DIRECTION    SE (130)
  HIGHEST GUST SPEED    22   HIGHEST GUST DIRECTION    SE (120)
  AVERAGE WIND SPEED     7.0


SKY COVER
  AVERAGE SKY COVER 0.4


WEATHER CONDITIONS
 THE FOLLOWING WEATHER WAS RECORDED YESTERDAY.
  FOG
  FOG W/VISIBILITY <= 1/4 MILE
  HAZE


RELATIVE HUMIDITY (PERCENT)
 HIGHEST   100           500 AM
 LOWEST     58           100 PM
 AVERAGE    79

..........................................................


THE VERO BEACH CLIMATE NORMALS FOR TODAY
                         NORMAL    RECORD    YEAR
 MAXIMUM TEMPERATURE (F)   76        89      2001
 MINIMUM TEMPERATURE (F)   56        28      1980


SUNRISE AND SUNSET
MARCH  4 2015.........SUNRISE   643 AM EST   SUNSET   624 PM EST
MARCH  5 2015.........SUNRISE   642 AM EST   SUNSET   624 PM EST


-  INDICATES NEGATIVE NUMBERS.
R  INDICATES RECORD WAS SET OR TIED.
MM INDICATES DATA IS MISSING.
T  INDICATES TRACE AMOUNT.




$$
