000
CDUS42 KMLB 210628
CLIVRB


CLIMATE REPORT
NATIONAL WEATHER SERVICE MELBOURNE FL
127 AM EST WED FEB 21 2018


...................................

...THE VERO BEACH CLIMATE SUMMARY FOR FEBRUARY 20 2018...

CLIMATE NORMAL PERIOD 1981 TO 2010
CLIMATE RECORD PERIOD 1942 TO 2018


WEATHER ITEM   OBSERVED TIME   RECORD YEAR NORMAL DEPARTURE LAST
                VALUE   (LST)  VALUE       VALUE  FROM      YEAR
                                                  NORMAL
..................................................................
TEMPERATURE (F)
 YESTERDAY
  MAXIMUM         83   1245 PM  87    1975  75      8       81
  MINIMUM         73    718 AM  30    2015  55     18       55
  AVERAGE         78                        65     13       68

PRECIPITATION (IN)
  YESTERDAY        0.02          1.04 1957   0.09  -0.07     0.00
  MONTH TO DATE    0.45                      1.85  -1.40     0.62
  SINCE DEC 1      5.36                      6.54  -1.18     3.49
  SINCE JAN 1      3.13                      4.35  -1.22     1.35

SNOWFALL (IN)
  YESTERDAY        0.0
  MONTH TO DATE    0.0
  SINCE JUL 1      0.0

DEGREE DAYS
 HEATING
  YESTERDAY        0                         3     -3        0
  MONTH TO DATE    8                        74    -66       20
  SINCE DEC 1    247                       331    -84      124
  SINCE JUL 1    267                       361    -94      143

 COOLING
  YESTERDAY       13                         3     10        3
  MONTH TO DATE  135                        52     83       57
  SINCE DEC 1    327                       206    121      362
  SINCE JAN 1    209                       113     96      157
..................................................................


WIND (MPH)
  HIGHEST WIND SPEED    21   HIGHEST WIND DIRECTION     E (110)
  HIGHEST GUST SPEED    27   HIGHEST GUST DIRECTION    SE (140)
  AVERAGE WIND SPEED    13.9


SKY COVER
  AVERAGE SKY COVER 0.4


WEATHER CONDITIONS
 THE FOLLOWING WEATHER WAS RECORDED YESTERDAY.
  LIGHT RAIN
  FOG
  HAZE


RELATIVE HUMIDITY (PERCENT)
 HIGHEST    87          1200 AM
 LOWEST     69          1000 AM
 AVERAGE    78

..........................................................


THE VERO BEACH CLIMATE NORMALS FOR TODAY
                         NORMAL    RECORD    YEAR
 MAXIMUM TEMPERATURE (F)   75        87      2014
                                             1989
                                             1975
 MINIMUM TEMPERATURE (F)   55        33      1977


SUNRISE AND SUNSET
FEBRUARY 21 2018......SUNRISE   654 AM EST   SUNSET   617 PM EST
FEBRUARY 22 2018......SUNRISE   653 AM EST   SUNSET   618 PM EST


-  INDICATES NEGATIVE NUMBERS.
R  INDICATES RECORD WAS SET OR TIED.
MM INDICATES DATA IS MISSING.
T  INDICATES TRACE AMOUNT.




$$
