000
CDUS42 KMLB 260642
CLIVRB


CLIMATE REPORT
NATIONAL WEATHER SERVICE MELBOURNE FL
241 AM EDT SAT JUL 26 2014


...................................

...THE VERO BEACH CLIMATE SUMMARY FOR JULY 25 2014...

CLIMATE NORMAL PERIOD 1981 TO 2010
CLIMATE RECORD PERIOD 1942 TO 2014


WEATHER ITEM   OBSERVED TIME   RECORD YEAR NORMAL DEPARTURE LAST
                VALUE   (LST)  VALUE       VALUE  FROM      YEAR
                                                  NORMAL
..................................................................
TEMPERATURE (F)
 YESTERDAY
  MAXIMUM         89   1207 PM  98    1983  90     -1       87
  MINIMUM         72    341 AM  68    1975  74     -2       73
  AVERAGE         81                        82     -1       80

PRECIPITATION (IN)
  YESTERDAY        0.01          2.44 1967   0.18  -0.17     0.67
  MONTH TO DATE    6.08                      4.56   1.52     4.33
  SINCE JUN 1     13.78                     11.23   2.55     9.82
  SINCE JAN 1     26.96                     26.60   0.36    25.04

SNOWFALL (IN)
  YESTERDAY        0.0
  MONTH TO DATE    0.0
  SINCE JUL 1      0.0

DEGREE DAYS
 HEATING
  YESTERDAY        0                         0      0        0
  MONTH TO DATE    0                         0      0        0
  SINCE JUN 1      0                         0      0        0
  SINCE JUL 1      0                         0      0        0

 COOLING
  YESTERDAY       16                        17     -1       15
  MONTH TO DATE  381                       416    -35      384
  SINCE JUN 1    815                       872    -57      889
  SINCE JAN 1   1741                      1678     63     1796
..................................................................


WIND (MPH)
  HIGHEST WIND SPEED    16   HIGHEST WIND DIRECTION    SE (140)
  HIGHEST GUST SPEED    22   HIGHEST GUST DIRECTION    SE (130)
  AVERAGE WIND SPEED     5.4


SKY COVER
  AVERAGE SKY COVER 0.3


WEATHER CONDITIONS
 THE FOLLOWING WEATHER WAS RECORDED YESTERDAY.
  THUNDERSTORM
  LIGHT RAIN


RELATIVE HUMIDITY (PERCENT)
 HIGHEST   100          1200 AM
 LOWEST     72          1100 AM
 AVERAGE    86

..........................................................


THE VERO BEACH CLIMATE NORMALS FOR TODAY
                         NORMAL    RECORD    YEAR
 MAXIMUM TEMPERATURE (F)   90        97      1983
 MINIMUM TEMPERATURE (F)   74        69      1988
                                             1978


SUNRISE AND SUNSET
JULY 26 2014..........SUNRISE   642 AM EDT   SUNSET   814 PM EDT
JULY 27 2014..........SUNRISE   642 AM EDT   SUNSET   814 PM EDT


-  INDICATES NEGATIVE NUMBERS.
R  INDICATES RECORD WAS SET OR TIED.
MM INDICATES DATA IS MISSING.
T  INDICATES TRACE AMOUNT.




$$
