000
CDUS42 KMLB 280626
CLIVRB


CLIMATE REPORT
NATIONAL WEATHER SERVICE MELBOURNE FL
226 AM EDT SAT MAY 28 2016


...................................

...THE VERO BEACH CLIMATE SUMMARY FOR MAY 27 2016...

CLIMATE NORMAL PERIOD 1981 TO 2010
CLIMATE RECORD PERIOD 1942 TO 2016


WEATHER ITEM   OBSERVED TIME   RECORD YEAR NORMAL DEPARTURE LAST
                VALUE   (LST)  VALUE       VALUE  FROM      YEAR
                                                  NORMAL
..................................................................
TEMPERATURE (F)
 YESTERDAY
  MAXIMUM         85    313 PM  98    1953  86     -1       87
  MINIMUM         73    524 AM  55    1979  70      3       77
  AVERAGE         79                        78      1       82

PRECIPITATION (IN)
  YESTERDAY        0.01          2.67 1990   0.14  -0.13     0.00
  MONTH TO DATE   16.38                      2.73  13.65     0.45
  SINCE MAR 1     20.84                      9.57  11.27     7.55
  SINCE JAN 1     34.19                     14.74  19.45    11.18

SNOWFALL (IN)
  YESTERDAY        0.0
  MONTH TO DATE    0.0
  SINCE JUL 1      0.0

DEGREE DAYS
 HEATING
  YESTERDAY        0                         0      0        0
  MONTH TO DATE    0                         0      0        0
  SINCE MAR 1     16                        70    -54       12
  SINCE JUL 1    284                       455   -171      384

 COOLING
  YESTERDAY       14                        13      1       17
  MONTH TO DATE  314                       293     21      363
  SINCE MAR 1    772                       612    160      971
  SINCE JAN 1    870                       751    119     1096
..................................................................


WIND (MPH)
  HIGHEST WIND SPEED    18   HIGHEST WIND DIRECTION    NE (60)
  HIGHEST GUST SPEED    23   HIGHEST GUST DIRECTION    NE (30)
  AVERAGE WIND SPEED    10.5


SKY COVER
  AVERAGE SKY COVER 0.4


WEATHER CONDITIONS
 THE FOLLOWING WEATHER WAS RECORDED YESTERDAY.
  LIGHT RAIN


RELATIVE HUMIDITY (PERCENT)
 HIGHEST    74           900 PM
 LOWEST     55           900 AM
 AVERAGE    65

..........................................................


THE VERO BEACH CLIMATE NORMALS FOR TODAY
                         NORMAL    RECORD    YEAR
 MAXIMUM TEMPERATURE (F)   87        96      1967
 MINIMUM TEMPERATURE (F)   70        62      1985


SUNRISE AND SUNSET
MAY 28 2016...........SUNRISE   627 AM EDT   SUNSET   811 PM EDT
MAY 29 2016...........SUNRISE   627 AM EDT   SUNSET   812 PM EDT


-  INDICATES NEGATIVE NUMBERS.
R  INDICATES RECORD WAS SET OR TIED.
MM INDICATES DATA IS MISSING.
T  INDICATES TRACE AMOUNT.




$$
