000
CDUS42 KMLB 020627
CLIVRB


CLIMATE REPORT
NATIONAL WEATHER SERVICE MELBOURNE FL
226 AM EDT WED SEP 2 2015


...................................

...THE VERO BEACH CLIMATE SUMMARY FOR SEPTEMBER 1 2015...

CLIMATE NORMAL PERIOD 1981 TO 2010
CLIMATE RECORD PERIOD 1942 TO 2015


WEATHER ITEM   OBSERVED TIME   RECORD YEAR NORMAL DEPARTURE LAST
                VALUE   (LST)  VALUE       VALUE  FROM      YEAR
                                                  NORMAL
..................................................................
TEMPERATURE (F)
 YESTERDAY
  MAXIMUM         91    247 PM  94    1989  89      2       88
                                      1947
  MINIMUM         73    623 AM  69    1972  74     -1       72
                                      1970
  AVERAGE         82                        81      1       80

PRECIPITATION (IN)
  YESTERDAY        0.00          2.45 1989   0.24  -0.24     0.01
  MONTH TO DATE    0.00                      0.24  -0.24     0.01
  SINCE SEP 1      0.00                      0.24  -0.24     0.01
  SINCE JAN 1     31.60                     34.94  -3.34    33.32

SNOWFALL (IN)
  YESTERDAY        0.0
  MONTH TO DATE    0.0
  SINCE JUL 1      0.0

DEGREE DAYS
 HEATING
  YESTERDAY        0                         0      0        0
  MONTH TO DATE    0                         0      0        0
  SINCE SEP 1      0                         0      0        0
  SINCE JUL 1      0                         0      0        0

 COOLING
  YESTERDAY       17                        16      1       15
  MONTH TO DATE   17                        16      1       15
  SINCE SEP 1     17                        16      1       15
  SINCE JAN 1   2814                      2314    500     2382
..................................................................


WIND (MPH)
  HIGHEST WIND SPEED    14   HIGHEST WIND DIRECTION     E (100)
  HIGHEST GUST SPEED    16   HIGHEST GUST DIRECTION    SE (120)
  AVERAGE WIND SPEED     5.1


SKY COVER
  AVERAGE SKY COVER 0.1


WEATHER CONDITIONS
 THE FOLLOWING WEATHER WAS RECORDED YESTERDAY.
  NO SIGNIFICANT WEATHER WAS OBSERVED.


RELATIVE HUMIDITY (PERCENT)
 HIGHEST    93           300 AM
 LOWEST     52           100 PM
 AVERAGE    73

..........................................................


THE VERO BEACH CLIMATE NORMALS FOR TODAY
                         NORMAL    RECORD    YEAR
 MAXIMUM TEMPERATURE (F)   89        94      1947
 MINIMUM TEMPERATURE (F)   74        68      1999


SUNRISE AND SUNSET
SEPTEMBER  2 2015.....SUNRISE   701 AM EDT   SUNSET   741 PM EDT
SEPTEMBER  3 2015.....SUNRISE   701 AM EDT   SUNSET   740 PM EDT


-  INDICATES NEGATIVE NUMBERS.
R  INDICATES RECORD WAS SET OR TIED.
MM INDICATES DATA IS MISSING.
T  INDICATES TRACE AMOUNT.




$$
