000
CDUS42 KMLB 210628
CLIVRB


CLIMATE REPORT
NATIONAL WEATHER SERVICE MELBOURNE FL
227 AM EDT SUN SEP 21 2014


...................................

...THE VERO BEACH CLIMATE SUMMARY FOR SEPTEMBER 20 2014...

CLIMATE NORMAL PERIOD 1981 TO 2010
CLIMATE RECORD PERIOD 1942 TO 2014


WEATHER ITEM   OBSERVED TIME   RECORD YEAR NORMAL DEPARTURE LAST
                VALUE   (LST)  VALUE       VALUE  FROM      YEAR
                                                  NORMAL
..................................................................
TEMPERATURE (F)
 YESTERDAY
  MAXIMUM         81   1222 PM  95    1987  88     -7       86
  MINIMUM         71   1159 PM  64    1981  73     -2       69
  AVERAGE         76                        80     -4       78

PRECIPITATION (IN)
  YESTERDAY        0.36          4.07 2004   0.22   0.14     0.00
  MONTH TO DATE    3.85                      4.54  -0.69     4.76
  SINCE SEP 1      3.85                      4.54  -0.69     4.76
  SINCE JAN 1     37.16                     39.24  -2.08    32.44

SNOWFALL (IN)
  YESTERDAY        0.0
  MONTH TO DATE    0.0
  SINCE JUL 1      0.0

DEGREE DAYS
 HEATING
  YESTERDAY        0                         0      0        0
  MONTH TO DATE    0                         0      0        0
  SINCE SEP 1      0                         0      0        0
  SINCE JUL 1      0                         0      0        0

 COOLING
  YESTERDAY       11                        16     -5       13
  MONTH TO DATE  283                       320    -37      310
  SINCE SEP 1    283                       320    -37      310
  SINCE JAN 1   2650                      2618     32     2716
..................................................................


WIND (MPH)
  HIGHEST WIND SPEED    22   HIGHEST WIND DIRECTION    SW (230)
  HIGHEST GUST SPEED    27   HIGHEST GUST DIRECTION    SW (240)
  AVERAGE WIND SPEED     6.7


SKY COVER
  AVERAGE SKY COVER 0.6


WEATHER CONDITIONS
 THE FOLLOWING WEATHER WAS RECORDED YESTERDAY.
  RAIN
  LIGHT RAIN
  FOG


RELATIVE HUMIDITY (PERCENT)
 HIGHEST    94          1100 AM
 LOWEST     79          1100 PM
 AVERAGE    87

..........................................................


THE VERO BEACH CLIMATE NORMALS FOR TODAY
                         NORMAL    RECORD    YEAR
 MAXIMUM TEMPERATURE (F)   88        93      1987
 MINIMUM TEMPERATURE (F)   73        67      1981
                                             1978
                                             1967


SUNRISE AND SUNSET
SEPTEMBER 21 2014.....SUNRISE   710 AM EDT   SUNSET   719 PM EDT
SEPTEMBER 22 2014.....SUNRISE   710 AM EDT   SUNSET   718 PM EDT


-  INDICATES NEGATIVE NUMBERS.
R  INDICATES RECORD WAS SET OR TIED.
MM INDICATES DATA IS MISSING.
T  INDICATES TRACE AMOUNT.




$$
