000
CDUS42 KMLB 052023
CLIVRB


CLIMATE REPORT
NATIONAL WEATHER SERVICE MELBOURNE FL
422 PM EDT SUN JUL 5 2015


...................................

...THE VERO BEACH CLIMATE SUMMARY FOR JULY 5 2015...
VALID TODAY AS OF 0400 PM LOCAL TIME.

CLIMATE NORMAL PERIOD 1981 TO 2010
CLIMATE RECORD PERIOD 1942 TO 2015


WEATHER ITEM   OBSERVED TIME   RECORD YEAR NORMAL DEPARTURE LAST
                VALUE   (LST)  VALUE       VALUE  FROM      YEAR
                                                  NORMAL
..................................................................
TEMPERATURE (F)
 TODAY
  MAXIMUM         91    144 PM  95    1944  90      1       88
  MINIMUM         74    545 AM  68    2001  73      1       70
  AVERAGE         83                        81      2       79

PRECIPITATION (IN)
  TODAY            0.02          2.69 1954   0.19  -0.17     0.00
  MONTH TO DATE    0.13                      0.98  -0.85     0.32
  SINCE JUN 1      5.04                      7.65  -2.61     8.02
  SINCE JAN 1     16.76                     23.02  -6.26    21.20

SNOWFALL (IN)
  TODAY            0.0
  MONTH TO DATE    0.0
  SINCE JUL 1      0.0

DEGREE DAYS
 HEATING
  TODAY            0                         0      0        0
  MONTH TO DATE    0                         0      0        0
  SINCE JUN 1      0                         0      0        0
  SINCE JUL 1      0                         0      0        0

 COOLING
  TODAY           18                        16      2       14
  MONTH TO DATE   86                        80      6       82
  SINCE JUN 1    599                       536     63      516
  SINCE JAN 1   1751                      1342    409     1442
..................................................................


WIND (MPH)
  HIGHEST WIND SPEED    18   HIGHEST WIND DIRECTION    SE (140)
  HIGHEST GUST SPEED    22   HIGHEST GUST DIRECTION    SE (140)
  AVERAGE WIND SPEED     4.3


SKY COVER
  AVERAGE SKY COVER 0.3


WEATHER CONDITIONS
 THE FOLLOWING WEATHER WAS RECORDED TODAY.
  THUNDERSTORM
  FOG
  HAZE


RELATIVE HUMIDITY (PERCENT)
 HIGHEST    94           200 AM
 LOWEST     56           100 PM
 AVERAGE    75

..........................................................


THE VERO BEACH CLIMATE NORMALS FOR TOMORROW
                         NORMAL    RECORD    YEAR
 MAXIMUM TEMPERATURE (F)   90        98      1998
 MINIMUM TEMPERATURE (F)   73        69      2008
                                             1982
                                             1977


SUNRISE AND SUNSET
JULY  5 2015..........SUNRISE   631 AM EDT   SUNSET   821 PM EDT
JULY  6 2015..........SUNRISE   632 AM EDT   SUNSET   821 PM EDT


-  INDICATES NEGATIVE NUMBERS.
R  INDICATES RECORD WAS SET OR TIED.
MM INDICATES DATA IS MISSING.
T  INDICATES TRACE AMOUNT.




$$
