000
CDUS42 KMLB 110627
CLIVRB


CLIMATE REPORT
NATIONAL WEATHER SERVICE MELBOURNE FL
126 AM EST THU FEB 11 2016


...................................

...THE VERO BEACH CLIMATE SUMMARY FOR FEBRUARY 10 2016...

CLIMATE NORMAL PERIOD 1981 TO 2010
CLIMATE RECORD PERIOD 1942 TO 2016


WEATHER ITEM   OBSERVED TIME   RECORD YEAR NORMAL DEPARTURE LAST
                VALUE   (LST)  VALUE       VALUE  FROM      YEAR
                                                  NORMAL
..................................................................
TEMPERATURE (F)
 YESTERDAY
  MAXIMUM         61    434 PM  88    2003  74    -13       72
  MINIMUM         41   1159 PM  32    1947  54    -13       54
  AVERAGE         51                        64    -13       63

PRECIPITATION (IN)
  YESTERDAY        0.00          2.20 2002   0.09  -0.09     0.00
  MONTH TO DATE    1.66                      0.92   0.74     1.76
  SINCE DEC 1     15.62                      5.61  10.01     6.12
  SINCE JAN 1     11.05                      3.42   7.63     2.91

SNOWFALL (IN)
  YESTERDAY        0.0
  MONTH TO DATE    0.0
  SINCE JUL 1      0.0

DEGREE DAYS
 HEATING
  YESTERDAY       14                         4     10        2
  MONTH TO DATE   55                        40     15       25
  SINCE DEC 1    195                       297   -102      196
  SINCE JUL 1    196                       327   -131      275

 COOLING
  YESTERDAY        0                         3     -3        0
  MONTH TO DATE   31                        22      9        3
  SINCE DEC 1    360                       176    184      207
  SINCE JAN 1     68                        83    -15       86
..................................................................


WIND (MPH)
  HIGHEST WIND SPEED    22   HIGHEST WIND DIRECTION     W (270)
  HIGHEST GUST SPEED    29   HIGHEST GUST DIRECTION     W (270)
  AVERAGE WIND SPEED     9.4


SKY COVER
  AVERAGE SKY COVER 0.2


WEATHER CONDITIONS
 THE FOLLOWING WEATHER WAS RECORDED YESTERDAY.
  NO SIGNIFICANT WEATHER WAS OBSERVED.


RELATIVE HUMIDITY (PERCENT)
 HIGHEST    74          1200 AM
 LOWEST     24          1100 AM
 AVERAGE    49

..........................................................


THE VERO BEACH CLIMATE NORMALS FOR TODAY
                         NORMAL    RECORD    YEAR
 MAXIMUM TEMPERATURE (F)   74        88      1994
 MINIMUM TEMPERATURE (F)   54        35      1974
                                             1973


SUNRISE AND SUNSET
FEBRUARY 11 2016......SUNRISE   702 AM EST   SUNSET   610 PM EST
FEBRUARY 12 2016......SUNRISE   701 AM EST   SUNSET   611 PM EST


-  INDICATES NEGATIVE NUMBERS.
R  INDICATES RECORD WAS SET OR TIED.
MM INDICATES DATA IS MISSING.
T  INDICATES TRACE AMOUNT.




$$
