000
CDUS41 KBTV 180542
CLIVSF


CLIMATE REPORT
NATIONAL WEATHER SERVICE BURLINGTON VT
1240 AM EST THU DEC 18 2014


...................................

...THE SPRINGFIELD VT CLIMATE SUMMARY FOR DECEMBER 17 2014...

CLIMATE NORMAL PERIOD 1981 TO 2010
CLIMATE RECORD PERIOD 9999 TO 9999


WEATHER ITEM   OBSERVED TIME   NORMAL DEPARTURE LAST
                VALUE   (LST)  VALUE  FROM      YEAR
                                      NORMAL
......................................................
TEMPERATURE (F)
 YESTERDAY
  MAXIMUM         38    953 PM  34      4        9
  MINIMUM         32    808 AM  16     16      -13
  AVERAGE         35            25     10       -2

PRECIPITATION (IN)
  YESTERDAY        0.25          0.10   0.15      T
  MONTH TO DATE    3.22          1.87   1.35     0.06
  SINCE DEC 1      3.22          1.87   1.35     0.06
  SINCE JAN 1     39.55         42.45  -2.90    35.47

DEGREE DAYS
 HEATING
  YESTERDAY       30            40    -10       67
  MONTH TO DATE  580           629    -49      711
  SINCE DEC 1    580           629    -49      711
  SINCE JUL 1   1983          2272   -289     2411

 COOLING
  YESTERDAY        0             0      0        0
  MONTH TO DATE    0             0      0        0
  SINCE DEC 1      0             0      0        0
  SINCE JAN 1    282           345    -63      495
......................................................


WIND (MPH)
  HIGHEST WIND SPEED     6   HIGHEST WIND DIRECTION     S (170)
  HIGHEST GUST SPEED     8   HIGHEST GUST DIRECTION    NW (310)
  AVERAGE WIND SPEED     0.3


SKY COVER
  AVERAGE SKY COVER 1.0


WEATHER CONDITIONS
 THE FOLLOWING WEATHER WAS RECORDED YESTERDAY.
  LIGHT RAIN
  FOG


RELATIVE HUMIDITY (PERCENT)
 HIGHEST   100          1200 AM
 LOWEST     82          1000 PM
 AVERAGE    91

..........................................................


THE SPRINGFIELD VT CLIMATE NORMALS FOR TODAY
                         NORMAL    RECORD    YEAR
 MAXIMUM TEMPERATURE (F)   33        MM        MM
 MINIMUM TEMPERATURE (F)   16        MM        MM


SUNRISE AND SUNSET
DECEMBER 18 2014......SUNRISE   717 AM EST   SUNSET   416 PM EST
DECEMBER 19 2014......SUNRISE   718 AM EST   SUNSET   416 PM EST


-  INDICATES NEGATIVE NUMBERS.
R  INDICATES RECORD WAS SET OR TIED.
MM INDICATES DATA IS MISSING.
T  INDICATES TRACE AMOUNT.




$$
