000
CDUS41 KBTV 120925
CLIVSF


CLIMATE REPORT
NATIONAL WEATHER SERVICE BURLINGTON VT
423 AM EST TUE DEC 12 2017


...................................

...THE SPRINGFIELD VT CLIMATE SUMMARY FOR DECEMBER 11 2017...

CLIMATE NORMAL PERIOD 1981 TO 2010
CLIMATE RECORD PERIOD 9999 TO 9999


WEATHER ITEM   OBSERVED TIME   NORMAL DEPARTURE LAST
                VALUE   (LST)  VALUE  FROM      YEAR
                                      NORMAL
......................................................
TEMPERATURE (F)
 YESTERDAY
  MAXIMUM         32    114 PM  36     -4       27
  MINIMUM         24   1154 PM  19      5        0
  AVERAGE         28            27      1       14

PRECIPITATION (IN)
  YESTERDAY        T             0.12  -0.12      T
  MONTH TO DATE    1.09          1.26  -0.17     0.72
  SINCE DEC 1      1.09          1.26  -0.17     0.72
  SINCE JAN 1     38.44         41.84  -3.40    25.68

DEGREE DAYS
 HEATING
  YESTERDAY       37            38     -1       51
  MONTH TO DATE  364           394    -30      397
  SINCE DEC 1    364           394    -30      397
  SINCE JUL 1   1756          2037   -281     1853

 COOLING
  YESTERDAY        0             0      0        0
  MONTH TO DATE    0             0      0        0
  SINCE DEC 1      0             0      0        0
  SINCE JAN 1    386           345     41      481
......................................................


WIND (MPH)
  HIGHEST WIND SPEED    12   HIGHEST WIND DIRECTION     W (270)
  HIGHEST GUST SPEED    17   HIGHEST GUST DIRECTION     W (280)
  AVERAGE WIND SPEED     3.2


SKY COVER
  AVERAGE SKY COVER 0.8


WEATHER CONDITIONS
 THE FOLLOWING WEATHER WAS RECORDED YESTERDAY.
  NO SIGNIFICANT WEATHER WAS OBSERVED.


RELATIVE HUMIDITY (PERCENT)
 HIGHEST    81          1200 AM
 LOWEST     59          1100 AM
 AVERAGE    70

..........................................................


THE SPRINGFIELD VT CLIMATE NORMALS FOR TODAY
                         NORMAL    RECORD    YEAR
 MAXIMUM TEMPERATURE (F)   35        56      2015
 MINIMUM TEMPERATURE (F)   18         5      2013


SUNRISE AND SUNSET
DECEMBER 12 2017......SUNRISE   713 AM EST   SUNSET   414 PM EST
DECEMBER 13 2017......SUNRISE   714 AM EST   SUNSET   415 PM EST


-  INDICATES NEGATIVE NUMBERS.
R  INDICATES RECORD WAS SET OR TIED.
MM INDICATES DATA IS MISSING.
T  INDICATES TRACE AMOUNT.




$$
