000
CDUS41 KBTV 160533
CLIVSF


CLIMATE REPORT
NATIONAL WEATHER SERVICE BURLINGTON VT
131 AM EDT MON OCT 16 2017


...................................

...THE SPRINGFIELD VT CLIMATE SUMMARY FOR OCTOBER 15 2017...

CLIMATE NORMAL PERIOD 1981 TO 2010
CLIMATE RECORD PERIOD 9999 TO 9999


WEATHER ITEM   OBSERVED TIME   NORMAL DEPARTURE LAST
                VALUE   (LST)  VALUE  FROM      YEAR
                                      NORMAL
......................................................
TEMPERATURE (F)
 YESTERDAY
  MAXIMUM         78        MM  59     19       58
  MINIMUM         49        MM  36     13       26
  AVERAGE         64            47     17       42

PRECIPITATION (IN)
  YESTERDAY        T             0.15  -0.15     0.00
  MONTH TO DATE    0.97          2.30  -1.33     0.15
  SINCE SEP 1      3.40          6.06  -2.66     1.21
  SINCE JAN 1     31.69         34.43  -2.74    20.09

DEGREE DAYS
 HEATING
  YESTERDAY        1            18    -17       23
  MONTH TO DATE  116           231   -115      196
  SINCE SEP 1    236           428   -192      337
  SINCE JUL 1    301           483   -182      359

 COOLING
  YESTERDAY        0             0      0        0
  MONTH TO DATE    5             0      5        0
  SINCE SEP 1     86            23     63       44
  SINCE JAN 1    386           344     42      481
......................................................


WIND (MPH)
  HIGHEST WIND SPEED    14   HIGHEST WIND DIRECTION     S (180)
  HIGHEST GUST SPEED    24   HIGHEST GUST DIRECTION     S (160)
  AVERAGE WIND SPEED     5.8


SKY COVER
  AVERAGE SKY COVER 0.4


WEATHER CONDITIONS
 THE FOLLOWING WEATHER WAS RECORDED YESTERDAY.
  LIGHT RAIN
  FOG
  FOG W/VISIBILITY <= 1/4 MILE
  HAZE


RELATIVE HUMIDITY (PERCENT)
 HIGHEST   100           300 AM
 LOWEST     52           200 PM
 AVERAGE    76

..........................................................


THE SPRINGFIELD VT CLIMATE NORMALS FOR TODAY
                         NORMAL    RECORD    YEAR
 MAXIMUM TEMPERATURE (F)   58        71      2014
 MINIMUM TEMPERATURE (F)   35        26      2009


SUNRISE AND SUNSET
OCTOBER 16 2017.......SUNRISE   705 AM EDT   SUNSET   605 PM EDT
OCTOBER 17 2017.......SUNRISE   707 AM EDT   SUNSET   603 PM EDT


-  INDICATES NEGATIVE NUMBERS.
R  INDICATES RECORD WAS SET OR TIED.
MM INDICATES DATA IS MISSING.
T  INDICATES TRACE AMOUNT.




$$
