000
CDUS41 KBTV 300532
CLIVSF


CLIMATE REPORT
NATIONAL WEATHER SERVICE BURLINGTON VT
130 AM EDT SAT MAY 30 2015


...................................

...THE SPRINGFIELD VT CLIMATE SUMMARY FOR MAY 29 2015...

CLIMATE NORMAL PERIOD 1981 TO 2010
CLIMATE RECORD PERIOD 9999 TO 9999


WEATHER ITEM   OBSERVED TIME   NORMAL DEPARTURE LAST
                VALUE   (LST)  VALUE  FROM      YEAR
                                      NORMAL
......................................................
TEMPERATURE (F)
 YESTERDAY
  MAXIMUM         83    333 PM  71     12       69
  MINIMUM         53    455 AM  46      7       42
  AVERAGE         68            59      9       56

PRECIPITATION (IN)
  YESTERDAY        0.00          0.16  -0.16     0.00
  MONTH TO DATE    0.64          3.40  -2.76     4.04
  SINCE MAR 1      3.73         10.32  -6.59     9.76
  SINCE JAN 1      7.88         15.93  -8.05    13.45

DEGREE DAYS
 HEATING
  YESTERDAY        0             7     -7        9
  MONTH TO DATE  170           303   -133      265
  SINCE MAR 1   2029          1964     65     2182
  SINCE JUL 1   7581          7409    172     7893

 COOLING
  YESTERDAY        3             1      2        0
  MONTH TO DATE   42             3     39        5
  SINCE MAR 1     42             5     37        5
  SINCE JAN 1     42             5     37        5
......................................................


WIND (MPH)
  HIGHEST WIND SPEED    13   HIGHEST WIND DIRECTION    SE (150)
  HIGHEST GUST SPEED    18   HIGHEST GUST DIRECTION     S (160)
  AVERAGE WIND SPEED     3.2


SKY COVER
  AVERAGE SKY COVER 0.2


WEATHER CONDITIONS
 THE FOLLOWING WEATHER WAS RECORDED YESTERDAY.
  NO SIGNIFICANT WEATHER WAS OBSERVED.


RELATIVE HUMIDITY (PERCENT)
 HIGHEST   100           400 AM
 LOWEST     34           200 PM
 AVERAGE    67

..........................................................


THE SPRINGFIELD VT CLIMATE NORMALS FOR TODAY
                         NORMAL    RECORD    YEAR
 MAXIMUM TEMPERATURE (F)   71        88      2011
 MINIMUM TEMPERATURE (F)   47        38      2004


SUNRISE AND SUNSET
MAY 30 2015...........SUNRISE   514 AM EDT   SUNSET   822 PM EDT
MAY 31 2015...........SUNRISE   513 AM EDT   SUNSET   823 PM EDT


-  INDICATES NEGATIVE NUMBERS.
R  INDICATES RECORD WAS SET OR TIED.
MM INDICATES DATA IS MISSING.
T  INDICATES TRACE AMOUNT.




$$
