000
CDUS41 KBTV 100543
CLIVSF


CLIMATE REPORT
NATIONAL WEATHER SERVICE BURLINGTON VT
1241 AM EST SAT DEC 10 2016


...................................

...THE SPRINGFIELD VT CLIMATE SUMMARY FOR DECEMBER 9 2016...

CLIMATE NORMAL PERIOD 1981 TO 2010
CLIMATE RECORD PERIOD 9999 TO 9999


WEATHER ITEM   OBSERVED TIME   NORMAL DEPARTURE LAST
                VALUE   (LST)  VALUE  FROM      YEAR
                                      NORMAL
......................................................
TEMPERATURE (F)
 YESTERDAY
  MAXIMUM         29        MM  36     -7       42
  MINIMUM         19        MM  20     -1       29
  AVERAGE         24            28     -4       36

PRECIPITATION (IN)
  YESTERDAY        T             0.11  -0.11     0.00
  MONTH TO DATE    0.72          1.03  -0.31     0.35
  SINCE DEC 1      0.72          1.03  -0.31     0.35
  SINCE JAN 1     25.68         41.61 -15.93    28.90

DEGREE DAYS
 HEATING
  YESTERDAY       41            37      4       29
  MONTH TO DATE  295           319    -24      278
  SINCE DEC 1    295           319    -24      278
  SINCE JUL 1   1751          1962   -211     1691

 COOLING
  YESTERDAY        0             0      0        0
  MONTH TO DATE    0             0      0        0
  SINCE DEC 1      0             0      0        0
  SINCE JAN 1    481           345    136      460
......................................................


WIND (MPH)
  HIGHEST WIND SPEED    17   HIGHEST WIND DIRECTION     W (280)
  HIGHEST GUST SPEED    30   HIGHEST GUST DIRECTION    NW (300)
  AVERAGE WIND SPEED     9.7


SKY COVER
  AVERAGE SKY COVER 0.7


WEATHER CONDITIONS
 THE FOLLOWING WEATHER WAS RECORDED YESTERDAY.
  LIGHT SNOW


RELATIVE HUMIDITY (PERCENT)
 HIGHEST    63          1200 AM
 LOWEST     39           100 PM
 AVERAGE    51

..........................................................


THE SPRINGFIELD VT CLIMATE NORMALS FOR TODAY
                         NORMAL    RECORD    YEAR
 MAXIMUM TEMPERATURE (F)   36        50      2015
 MINIMUM TEMPERATURE (F)   19        -3      2002


SUNRISE AND SUNSET
DECEMBER 10 2016......SUNRISE   712 AM EST   SUNSET   414 PM EST
DECEMBER 11 2016......SUNRISE   713 AM EST   SUNSET   414 PM EST


-  INDICATES NEGATIVE NUMBERS.
R  INDICATES RECORD WAS SET OR TIED.
MM INDICATES DATA IS MISSING.
T  INDICATES TRACE AMOUNT.




$$
