000
CDUS41 KBTV 230530
CLIVSF


CLIMATE REPORT
NATIONAL WEATHER SERVICE BURLINGTON VT
127 AM EDT THU MAR 23 2017


...................................

...THE SPRINGFIELD VT CLIMATE SUMMARY FOR MARCH 22 2017...

CLIMATE NORMAL PERIOD 1981 TO 2010
CLIMATE RECORD PERIOD 9999 TO 9999


WEATHER ITEM   OBSERVED TIME   NORMAL DEPARTURE LAST
                VALUE   (LST)  VALUE  FROM      YEAR
                                      NORMAL
......................................................
TEMPERATURE (F)
 YESTERDAY
  MAXIMUM         37    239 AM  44     -7       47
  MINIMUM         14   1159 PM  23     -9       27
  AVERAGE         26            34     -8       37

PRECIPITATION (IN)
  YESTERDAY        T             0.14  -0.14      T
  MONTH TO DATE    0.95          2.07  -1.12     1.02
  SINCE MAR 1      0.95          2.07  -1.12     1.02
  SINCE JAN 1      4.50          7.68  -3.18     6.24

DEGREE DAYS
 HEATING
  YESTERDAY       39            31      8       28
  MONTH TO DATE  834           770     64      598
  SINCE MAR 1    834           770     64      598
  SINCE JUL 1   5711          6215   -504     5254

 COOLING
  YESTERDAY        0             0      0        0
  MONTH TO DATE    0             0      0        0
  SINCE MAR 1      0             0      0        0
  SINCE JAN 1      0             0      0        0
......................................................


WIND (MPH)
  HIGHEST WIND SPEED    26   HIGHEST WIND DIRECTION    NW (310)
  HIGHEST GUST SPEED    36   HIGHEST GUST DIRECTION    NW (300)
  AVERAGE WIND SPEED    10.0


SKY COVER
  AVERAGE SKY COVER 0.3


WEATHER CONDITIONS
 THE FOLLOWING WEATHER WAS RECORDED YESTERDAY.
  LIGHT SNOW
  HAZE


RELATIVE HUMIDITY (PERCENT)
 HIGHEST    88           200 AM
 LOWEST     25           300 PM
 AVERAGE    57

..........................................................


THE SPRINGFIELD VT CLIMATE NORMALS FOR TODAY
                         NORMAL    RECORD    YEAR
 MAXIMUM TEMPERATURE (F)   45        71      2012
 MINIMUM TEMPERATURE (F)   23         7      2004


SUNRISE AND SUNSET
MARCH 23 2017.........SUNRISE   648 AM EDT   SUNSET   706 PM EDT
MARCH 24 2017.........SUNRISE   646 AM EDT   SUNSET   707 PM EDT


-  INDICATES NEGATIVE NUMBERS.
R  INDICATES RECORD WAS SET OR TIED.
MM INDICATES DATA IS MISSING.
T  INDICATES TRACE AMOUNT.




$$
