677
CDUS43 KLBF 272251
CLIVTN


CLIMATE REPORT
NATIONAL WEATHER SERVICE NORTH PLATTE
548 PM CDT THU APR 27 2017


...................................

...THE VALENTINE NE CLIMATE SUMMARY FOR APRIL 27 2017...
VALID TODAY AS OF 0500 PM LOCAL TIME.

CLIMATE NORMAL PERIOD 1981 TO 2010
CLIMATE RECORD PERIOD 1885 TO 2017


WEATHER ITEM   OBSERVED TIME   RECORD YEAR NORMAL DEPARTURE LAST
                VALUE   (LST)  VALUE       VALUE  FROM      YEAR
                                                  NORMAL
..................................................................
TEMPERATURE (F)
 TODAY
  MAXIMUM         57    404 PM  89    1952  65     -8       44
  MINIMUM         21R   559 AM  21    1950  37    -16       33
  AVERAGE         39                        51    -12       39

PRECIPITATION (IN)
  TODAY            0.00          2.12 2014   0.09  -0.09     1.22
  MONTH TO DATE    1.33                      1.94  -0.61     3.14
  SINCE MAR 1      2.09                      3.01  -0.92     4.07
  SINCE JAN 1      4.16                      3.75   0.41     4.75

SNOWFALL (IN)
  TODAY            0.0           5.1  1960   0.1   -0.1      1.5
  MONTH TO DATE    0.7                       4.4   -3.7      1.5
  SINCE MAR 1      2.7                      10.9   -8.2      7.0
  SINCE JUL 1     44.5                      33.0   11.5     38.2
  SNOW DEPTH       0

DEGREE DAYS
 HEATING
  TODAY           26                        14     12       26
  MONTH TO DATE  402                       514   -112      426
  SINCE MAR 1   1163                      1407   -244     1138
  SINCE JUL 1   5922                      6643   -721     5824

 COOLING
  TODAY            0                         0      0        0
  MONTH TO DATE    2                         0      2        3
  SINCE MAR 1      2                         0      2        3
  SINCE JAN 1      2                         0      2        3
..................................................................


WIND (MPH)
  HIGHEST WIND SPEED    14   HIGHEST WIND DIRECTION     E (70)
  HIGHEST GUST SPEED    19   HIGHEST GUST DIRECTION     E (80)
  AVERAGE WIND SPEED     6.9


SKY COVER
  POSSIBLE SUNSHINE  MM
  AVERAGE SKY COVER 0.1


WEATHER CONDITIONS
 THE FOLLOWING WEATHER WAS RECORDED TODAY.
  NO SIGNIFICANT WEATHER WAS OBSERVED.


RELATIVE HUMIDITY (PERCENT)
 HIGHEST    88           200 AM
 LOWEST     35           300 PM
 AVERAGE    62

..........................................................


THE VALENTINE NE CLIMATE NORMALS FOR TOMORROW
                         NORMAL    RECORD    YEAR
 MAXIMUM TEMPERATURE (F)   65        94      1910
 MINIMUM TEMPERATURE (F)   38        20      2008
                                             1961


SUNRISE AND SUNSET
APRIL 27 2017.........SUNRISE   642 AM CDT   SUNSET   839 PM CDT
APRIL 28 2017.........SUNRISE   640 AM CDT   SUNSET   840 PM CDT


-  INDICATES NEGATIVE NUMBERS.
R  INDICATES RECORD WAS SET OR TIED.
MM INDICATES DATA IS MISSING.
T  INDICATES TRACE AMOUNT.




$$
