000
CDUS43 KLBF 222236
CLIVTN

CLIMATE REPORT
NATIONAL WEATHER SERVICE NORTH PLATTE
533 PM CDT FRI AUG 22 2014


...................................

...THE VALENTINE NE CLIMATE SUMMARY FOR AUGUST 22 2014...
VALID TODAY AS OF 0500 PM LOCAL TIME.

CLIMATE NORMAL PERIOD 1981 TO 2010
CLIMATE RECORD PERIOD 1885 TO 2014


WEATHER ITEM   OBSERVED TIME   RECORD YEAR NORMAL DEPARTURE LAST
                VALUE   (LST)  VALUE       VALUE  FROM      YEAR
                                                  NORMAL
..................................................................
TEMPERATURE (F)
 TODAY
  MAXIMUM         82    411 PM 105    1938  86     -4       78
  MINIMUM         63    505 AM  39    1923  58      5       59
  AVERAGE         73                        72      1       69

PRECIPITATION (IN)
  TODAY            0.00          0.92 1957   0.06  -0.06     0.00
  MONTH TO DATE    1.55                      1.71  -0.16     1.99
  SINCE JUN 1     10.76                      8.48   2.28     8.22
  SINCE JAN 1     17.97                     15.64   2.33    17.62

SNOWFALL (IN)
  TODAY            0.0           0.0    MM   0.0    0.0      0.0
  MONTH TO DATE    0.0                       0.0    0.0      0.0
  SINCE JUN 1      0.0                       0.0    0.0      0.0
  SINCE JUL 1      0.0                       0.0    0.0      0.0
  SNOW DEPTH       0

DEGREE DAYS
 HEATING
  TODAY            0                         1     -1        0
  MONTH TO DATE    0                         3     -3        0
  SINCE JUN 1     73                        72      1       57
  SINCE JUL 1     19                        11      8        3

 COOLING
  TODAY            8                         8      0        4
  MONTH TO DATE  195                       200     -5      166
  SINCE JUN 1    536                       641   -105      604
  SINCE JAN 1    597                       675    -78      643
..................................................................


WIND (MPH)
  HIGHEST WIND SPEED    13   HIGHEST WIND DIRECTION    NW (300)
  HIGHEST GUST SPEED    15   HIGHEST GUST DIRECTION    NW (300)
  AVERAGE WIND SPEED     4.2


SKY COVER
  POSSIBLE SUNSHINE  MM
  AVERAGE SKY COVER 0.1


WEATHER CONDITIONS
 THE FOLLOWING WEATHER WAS RECORDED TODAY.
  NO SIGNIFICANT WEATHER WAS OBSERVED.


RELATIVE HUMIDITY (PERCENT)
 HIGHEST    87           500 AM
 LOWEST     51           300 PM
 AVERAGE    69

..........................................................


THE VALENTINE NE CLIMATE NORMALS FOR TOMORROW
                         NORMAL    RECORD    YEAR
 MAXIMUM TEMPERATURE (F)   86       103      2006
                                             2003
 MINIMUM TEMPERATURE (F)   57        39      1891


SUNRISE AND SUNSET
AUGUST 22 2014........SUNRISE   656 AM CDT   SUNSET   833 PM CDT
AUGUST 23 2014........SUNRISE   657 AM CDT   SUNSET   832 PM CDT


-  INDICATES NEGATIVE NUMBERS.
R  INDICATES RECORD WAS SET OR TIED.
MM INDICATES DATA IS MISSING.
T  INDICATES TRACE AMOUNT.

$$
