000
CDUS43 KLBF 011004 RRB
CLIVTN

CLIMATE REPORT
NATIONAL WEATHER SERVICE NORTH PLATTE
432 AM CDT SAT AUG 1 2015


...................................

...THE VALENTINE NE CLIMATE SUMMARY FOR JULY 31 2015...

CLIMATE NORMAL PERIOD 1981 TO 2010
CLIMATE RECORD PERIOD 1885 TO 2015


WEATHER ITEM   OBSERVED TIME   RECORD YEAR NORMAL DEPARTURE LAST
                VALUE   (LST)  VALUE       VALUE  FROM      YEAR
                                                  NORMAL
..................................................................
TEMPERATURE (F)
 YESTERDAY
  MAXIMUM         96    409 PM 110    2002  89      7       88
  MINIMUM         56    546 AM  44    1913  61     -5       52
  AVERAGE         76                        75      1       70

PRECIPITATION (IN)
  YESTERDAY        0.00          1.41 1921   0.09  -0.09     0.00
  MONTH TO DATE    3.25                      3.21   0.04     0.58
  SINCE JUN 1      6.67                      6.77  -0.10     9.21
  SINCE JAN 1     16.06                     13.93   2.13    16.42

SNOWFALL (IN)
  YESTERDAY        0.0           0.0    MM   0.0    0.0      0.0
  MONTH TO DATE    0.0                       0.0    0.0      0.0
  SINCE JUN 1      0.0                       0.0    0.0      0.0
  SINCE JUL 1      0.0                       0.0    0.0      0.0
  SNOW DEPTH       0

DEGREE DAYS
 HEATING
  YESTERDAY        0                         0      0        0
  MONTH TO DATE    2                         2      0       19
  SINCE JUN 1     10                        69    -59       73
  SINCE JUL 1      2                         8     -6       19

 COOLING
  YESTERDAY       11                        10      1        5
  MONTH TO DATE  272                       304    -32      230
  SINCE JUN 1    412                       441    -29      341
  SINCE JAN 1    418                       475    -57      402
..................................................................


WIND (MPH)
  HIGHEST WIND SPEED    17   HIGHEST WIND DIRECTION     E (70)
  HIGHEST GUST SPEED    20   HIGHEST GUST DIRECTION     N (360)
  AVERAGE WIND SPEED     6.2


SKY COVER
  POSSIBLE SUNSHINE  MM
  AVERAGE SKY COVER 0.0


WEATHER CONDITIONS
 THE FOLLOWING WEATHER WAS RECORDED YESTERDAY.
  NO SIGNIFICANT WEATHER WAS OBSERVED.


RELATIVE HUMIDITY (PERCENT)
 HIGHEST    86           500 AM
 LOWEST     16           400 PM
 AVERAGE    51

..........................................................


THE VALENTINE NE CLIMATE NORMALS FOR TODAY
                         NORMAL    RECORD    YEAR
 MAXIMUM TEMPERATURE (F)   89       106      1982
 MINIMUM TEMPERATURE (F)   61        44      2009


SUNRISE AND SUNSET
AUGUST  1 2015........SUNRISE   633 AM CDT   SUNSET   903 PM CDT
AUGUST  2 2015........SUNRISE   634 AM CDT   SUNSET   902 PM CDT


-  INDICATES NEGATIVE NUMBERS.
R  INDICATES RECORD WAS SET OR TIED.
MM INDICATES DATA IS MISSING.
T  INDICATES TRACE AMOUNT.




$$
