000
CDUS43 KLBF 231102
CLIVTN


CLIMATE REPORT
NATIONAL WEATHER SERVICE NORTH PLATTE
500 AM CST TUE JAN 23 2018


...................................

...THE VALENTINE NE CLIMATE SUMMARY FOR JANUARY 22 2018...

CLIMATE NORMAL PERIOD 1981 TO 2010
CLIMATE RECORD PERIOD 1885 TO 2018


WEATHER ITEM   OBSERVED TIME   RECORD YEAR NORMAL DEPARTURE LAST
                VALUE   (LST)  VALUE       VALUE  FROM      YEAR
                                                  NORMAL
..................................................................
TEMPERATURE (F)
 YESTERDAY
  MAXIMUM         32    256 PM  68    1967  37     -5       43
  MINIMUM         15   1028 PM -23    2003  11      4       19
  AVERAGE         24                        24      0       31

PRECIPITATION (IN)
  YESTERDAY        0.07          0.32 1899   0.01   0.06     0.00
  MONTH TO DATE    0.54                      0.18   0.36     0.10
  SINCE DEC 1      0.88                      0.55   0.33     1.04
  SINCE JAN 1      0.54                      0.18   0.36     0.10

SNOWFALL (IN)
  YESTERDAY        1.0           5.1  1982   0.1    0.9      0.0
  MONTH TO DATE    4.7                       2.7    2.0      1.2
  SINCE DEC 1      9.2                       7.8    1.4      6.6
  SINCE JUL 1     10.5                      15.4   -4.9     12.9
  SNOW DEPTH       4

DEGREE DAYS
 HEATING
  YESTERDAY       41                        41      0       34
  MONTH TO DATE  941                       915     26      966
  SINCE DEC 1   2169                      2192    -23     2381
  SINCE JUL 1   3468                      3810   -342     3487

 COOLING
  YESTERDAY        0                         0      0        0
  MONTH TO DATE    0                         0      0        0
  SINCE DEC 1      0                         0      0        0
  SINCE JAN 1      0                         0      0        0
..................................................................


WIND (MPH)
  HIGHEST WIND SPEED    24   HIGHEST WIND DIRECTION    NW (320)
  HIGHEST GUST SPEED    33   HIGHEST GUST DIRECTION    NW (320)
  AVERAGE WIND SPEED    15.8


SKY COVER
  POSSIBLE SUNSHINE  MM
  AVERAGE SKY COVER 0.3


WEATHER CONDITIONS
 THE FOLLOWING WEATHER WAS RECORDED YESTERDAY.
  LIGHT SNOW
  FOG


RELATIVE HUMIDITY (PERCENT)
 HIGHEST    92           100 AM
 LOWEST     63           200 PM
 AVERAGE    78

..........................................................


THE VALENTINE NE CLIMATE NORMALS FOR TODAY
                         NORMAL    RECORD    YEAR
 MAXIMUM TEMPERATURE (F)   37        69      1981
 MINIMUM TEMPERATURE (F)   11       -22      2003
                                             1915


SUNRISE AND SUNSET
JANUARY 23 2018.......SUNRISE   805 AM CST   SUNSET   543 PM CST
JANUARY 24 2018.......SUNRISE   804 AM CST   SUNSET   545 PM CST


-  INDICATES NEGATIVE NUMBERS.
R  INDICATES RECORD WAS SET OR TIED.
MM INDICATES DATA IS MISSING.
T  INDICATES TRACE AMOUNT.




$$
