000
CDUS43 KLBF 220940
CLIVTN

CLIMATE REPORT
NATIONAL WEATHER SERVICE NORTH PLATTE
437 AM CDT FRI MAY 22 2015


...................................

...THE VALENTINE NE CLIMATE SUMMARY FOR MAY 21 2015...

CLIMATE NORMAL PERIOD 1981 TO 2010
CLIMATE RECORD PERIOD 1885 TO 2015


WEATHER ITEM   OBSERVED TIME   RECORD YEAR NORMAL DEPARTURE LAST
                VALUE   (LST)  VALUE       VALUE  FROM      YEAR
                                                  NORMAL
..................................................................
TEMPERATURE (F)
 YESTERDAY
  MAXIMUM         66    608 PM  97    1964  72     -6       70
  MINIMUM         33    541 AM  25    1931  46    -13       51
  AVERAGE         50                        59     -9       61

PRECIPITATION (IN)
  YESTERDAY        0.00          1.75 1977   0.10  -0.10     0.00
  MONTH TO DATE    5.21                      2.03   3.18     1.88
  SINCE MAR 1      6.86                      5.32   1.54     5.42
  SINCE JAN 1      7.48                      6.06   1.42     6.08

SNOWFALL (IN)
  YESTERDAY        0.0           0.0    MM   0.0    0.0      0.0
  MONTH TO DATE    0.0                       0.1   -0.1      1.0
  SINCE MAR 1      0.8                      11.2  -10.4      9.3
  SINCE JUL 1     22.5                      33.3  -10.8     35.8
  SNOW DEPTH       0

DEGREE DAYS
 HEATING
  YESTERDAY       15                         7      8        4
  MONTH TO DATE  238                       206     32      270
  SINCE MAR 1   1373                      1653   -280     1765
  SINCE JUL 1   6499                      6889   -390     7243

 COOLING
  YESTERDAY        0                         1     -1        0
  MONTH TO DATE    3                        18    -15        3
  SINCE MAR 1      5                        22    -17        3
  SINCE JAN 1      5                        22    -17        3
..................................................................


WIND (MPH)
  HIGHEST WIND SPEED    15   HIGHEST WIND DIRECTION     S (170)
  HIGHEST GUST SPEED    19   HIGHEST GUST DIRECTION     S (170)
  AVERAGE WIND SPEED     8.3


SKY COVER
  POSSIBLE SUNSHINE  MM
  AVERAGE SKY COVER 0.0


WEATHER CONDITIONS
 THE FOLLOWING WEATHER WAS RECORDED YESTERDAY.
  NO SIGNIFICANT WEATHER WAS OBSERVED.


RELATIVE HUMIDITY (PERCENT)
 HIGHEST    96           500 AM
 LOWEST     24           500 PM
 AVERAGE    60

..........................................................


THE VALENTINE NE CLIMATE NORMALS FOR TODAY
                         NORMAL    RECORD    YEAR
 MAXIMUM TEMPERATURE (F)   73        95      2010
 MINIMUM TEMPERATURE (F)   47        26      1963


SUNRISE AND SUNSET
MAY 22 2015...........SUNRISE   613 AM CDT   SUNSET   905 PM CDT
MAY 23 2015...........SUNRISE   612 AM CDT   SUNSET   906 PM CDT


-  INDICATES NEGATIVE NUMBERS.
R  INDICATES RECORD WAS SET OR TIED.
MM INDICATES DATA IS MISSING.
T  INDICATES TRACE AMOUNT.




$$
