000
CDUS43 KLBF 010859
CLIVTN

CLIMATE REPORT
NATIONAL WEATHER SERVICE NORTH PLATTE
358 AM CDT SAT NOV 1 2014


...................................

...THE VALENTINE NE CLIMATE SUMMARY FOR OCTOBER 31 2014...

CLIMATE NORMAL PERIOD 1981 TO 2010
CLIMATE RECORD PERIOD 1885 TO 2014


WEATHER ITEM   OBSERVED TIME   RECORD YEAR NORMAL DEPARTURE LAST
                VALUE   (LST)  VALUE       VALUE  FROM      YEAR
                                                  NORMAL
..................................................................
TEMPERATURE (F)
 YESTERDAY
  MAXIMUM         47    401 PM  85    1990  56     -9       54
  MINIMUM         19    733 AM  -1    1991  28     -9       27
  AVERAGE         33                        42     -9       41

PRECIPITATION (IN)
  YESTERDAY        0.00          0.59 1920   0.03  -0.03     0.00
  MONTH TO DATE    0.56                      1.25  -0.69     3.21
  SINCE SEP 1      1.30                      2.89  -1.59     4.76
  SINCE JAN 1     20.34                     19.00   1.34    22.40

SNOWFALL (IN)
  YESTERDAY        0.0           6.5  1920   0.1   -0.1      0.0
  MONTH TO DATE    0.0                       1.5   -1.5      1.0
  SINCE SEP 1      0.0                       2.2   -2.2      1.0
  SINCE JUL 1      0.0                       2.2   -2.2      1.0
  SNOW DEPTH       0

DEGREE DAYS
 HEATING
  YESTERDAY       32                        23      9       24
  MONTH TO DATE  401                       518   -117      589
  SINCE SEP 1    534                       677   -143      652
  SINCE JUL 1    555                       702   -147      655

 COOLING
  YESTERDAY        0                         0      0        0
  MONTH TO DATE    0                         4     -4        0
  SINCE SEP 1     89                        85      4      171
  SINCE JAN 1    724                       821    -97      964
..................................................................


WIND (MPH)
  HIGHEST WIND SPEED    25   HIGHEST WIND DIRECTION     S (170)
  HIGHEST GUST SPEED    31   HIGHEST GUST DIRECTION     S (170)
  AVERAGE WIND SPEED    13.7


SKY COVER
  POSSIBLE SUNSHINE  MM
  AVERAGE SKY COVER 0.3


WEATHER CONDITIONS
 THE FOLLOWING WEATHER WAS RECORDED YESTERDAY.
  NO SIGNIFICANT WEATHER WAS OBSERVED.


RELATIVE HUMIDITY (PERCENT)
 HIGHEST    91           700 AM
 LOWEST     23           300 PM
 AVERAGE    57

..........................................................


THE VALENTINE NE CLIMATE NORMALS FOR TODAY
                         NORMAL    RECORD    YEAR
 MAXIMUM TEMPERATURE (F)   56        80      2008
 MINIMUM TEMPERATURE (F)   28        -3      2002


SUNRISE AND SUNSET
NOVEMBER  1 2014......SUNRISE   816 AM CDT   SUNSET   634 PM CDT
NOVEMBER  2 2014......SUNRISE   718 AM CST   SUNSET   533 PM CST


-  INDICATES NEGATIVE NUMBERS.
R  INDICATES RECORD WAS SET OR TIED.
MM INDICATES DATA IS MISSING.
T  INDICATES TRACE AMOUNT.

$$
