000
CDUS43 KLBF 091034
CLIVTN


CLIMATE REPORT
NATIONAL WEATHER SERVICE NORTH PLATTE
433 AM CST FRI DEC 9 2016


...................................

...THE VALENTINE NE CLIMATE SUMMARY FOR DECEMBER 8 2016...

CLIMATE NORMAL PERIOD 1981 TO 2010
CLIMATE RECORD PERIOD 1885 TO 2016


WEATHER ITEM   OBSERVED TIME   RECORD YEAR NORMAL DEPARTURE LAST
                VALUE   (LST)  VALUE       VALUE  FROM      YEAR
                                                  NORMAL
..................................................................
TEMPERATURE (F)
 YESTERDAY
  MAXIMUM         15    337 PM  69    1939  37    -22       58
  MINIMUM         -5   1157 PM -25    1917  12    -17       30
  AVERAGE          5                        25    -20       44

PRECIPITATION (IN)
  YESTERDAY        0.00          0.34 2003   0.01  -0.01     0.00
  MONTH TO DATE    T                         0.10  -0.10     0.10
  SINCE DEC 1      T                         0.10  -0.10     0.10
  SINCE JAN 1     25.64                     19.75   5.89    26.13

SNOWFALL (IN)
  YESTERDAY        0.0           6.0  2003   0.2   -0.2      0.0
  MONTH TO DATE    T                         1.3   -1.3      2.3
  SINCE DEC 1      T                         1.3   -1.3      2.3
  SINCE JUL 1      6.3                       8.9   -2.6     12.4
  SNOW DEPTH       0

DEGREE DAYS
 HEATING
  YESTERDAY       60                        40     20       21
  MONTH TO DATE  328                       314     14      262
  SINCE DEC 1    328                       314     14      262
  SINCE JUL 1   1434                      1932   -498     1555

 COOLING
  YESTERDAY        0                         0      0        0
  MONTH TO DATE    0                         0      0        0
  SINCE DEC 1      0                         0      0        0
  SINCE JAN 1    880                       821     59      800
..................................................................


WIND (MPH)
  HIGHEST WIND SPEED    22   HIGHEST WIND DIRECTION    NW (320)
  HIGHEST GUST SPEED    30   HIGHEST GUST DIRECTION    NW (310)
  AVERAGE WIND SPEED    10.2


SKY COVER
  POSSIBLE SUNSHINE  MM
  AVERAGE SKY COVER 0.1


WEATHER CONDITIONS
 THE FOLLOWING WEATHER WAS RECORDED YESTERDAY.
  NO SIGNIFICANT WEATHER WAS OBSERVED.


RELATIVE HUMIDITY (PERCENT)
 HIGHEST    78          1000 PM
 LOWEST     46           200 PM
 AVERAGE    62

..........................................................


THE VALENTINE NE CLIMATE NORMALS FOR TODAY
                         NORMAL    RECORD    YEAR
 MAXIMUM TEMPERATURE (F)   37        69      2006
 MINIMUM TEMPERATURE (F)   12       -22      1919


SUNRISE AND SUNSET
DECEMBER  9 2016......SUNRISE   802 AM CST   SUNSET   508 PM CST
DECEMBER 10 2016......SUNRISE   803 AM CST   SUNSET   508 PM CST


-  INDICATES NEGATIVE NUMBERS.
R  INDICATES RECORD WAS SET OR TIED.
MM INDICATES DATA IS MISSING.
T  INDICATES TRACE AMOUNT.




$$
