297
CDUS43 KLBF 230945 RRA
CLIVTN

CLIMATE REPORT
NATIONAL WEATHER SERVICE NORTH PLATTE
444 AM CDT WED AUG 23 2017


...................................

...THE VALENTINE NE CLIMATE SUMMARY FOR AUGUST 22 2017...

CLIMATE NORMAL PERIOD 1981 TO 2010
CLIMATE RECORD PERIOD 1885 TO 2017


WEATHER ITEM   OBSERVED TIME   RECORD YEAR NORMAL DEPARTURE LAST
                VALUE   (LST)  VALUE       VALUE  FROM      YEAR
                                                  NORMAL
..................................................................
TEMPERATURE (F)
 YESTERDAY
  MAXIMUM         83    446 PM 105    1938  86     -3       94
  MINIMUM         48    620 AM  39    1923  58    -10       65
  AVERAGE         66                        72     -6       80

PRECIPITATION (IN)
  YESTERDAY        0.00          0.92 1957   0.06  -0.06     0.00
  MONTH TO DATE    2.10                      1.71   0.39     0.72
  SINCE JUN 1      3.36                      8.48  -5.12     7.99
  SINCE JAN 1     12.96                     15.64  -2.68    21.31

SNOWFALL (IN)
  YESTERDAY        0.0           0.0    MM   0.0    0.0      0.0
  MONTH TO DATE    0.0                       0.0    0.0      0.0
  SINCE JUN 1      0.0                       0.0    0.0      0.0
  SINCE JUL 1      0.0                       0.0    0.0      0.0
  SNOW DEPTH       0

DEGREE DAYS
 HEATING
  YESTERDAY        0                         1     -1        0
  MONTH TO DATE    7                         3      4        6
  SINCE JUN 1     23                        72    -49       22
  SINCE JUL 1      7                        11     -4       11

 COOLING
  YESTERDAY        1                         8     -7       15
  MONTH TO DATE  122                       200    -78      198
  SINCE JUN 1    830                       641    189      729
  SINCE JAN 1    853                       675    178      747
..................................................................


WIND (MPH)
  HIGHEST WIND SPEED    14   HIGHEST WIND DIRECTION     S (170)
  HIGHEST GUST SPEED    18   HIGHEST GUST DIRECTION     S (160)
  AVERAGE WIND SPEED     5.8


SKY COVER
  POSSIBLE SUNSHINE  MM
  AVERAGE SKY COVER 0.0


WEATHER CONDITIONS
 THE FOLLOWING WEATHER WAS RECORDED YESTERDAY.
  NO SIGNIFICANT WEATHER WAS OBSERVED.


RELATIVE HUMIDITY (PERCENT)
 HIGHEST    86           500 AM
 LOWEST     26           300 PM
 AVERAGE    56

..........................................................


THE VALENTINE NE CLIMATE NORMALS FOR TODAY
                         NORMAL    RECORD    YEAR
 MAXIMUM TEMPERATURE (F)   86       103      2006
                                             2003
 MINIMUM TEMPERATURE (F)   57        39      1891


SUNRISE AND SUNSET
AUGUST 23 2017........SUNRISE   657 AM CDT   SUNSET   831 PM CDT
AUGUST 24 2017........SUNRISE   658 AM CDT   SUNSET   830 PM CDT


-  INDICATES NEGATIVE NUMBERS.
R  INDICATES RECORD WAS SET OR TIED.
MM INDICATES DATA IS MISSING.
T  INDICATES TRACE AMOUNT.




$$
