000
CDUS43 KLBF 011043
CLIVTN

CLIMATE REPORT
NATIONAL WEATHER SERVICE NORTH PLATTE
440 AM CST SUN FEB 1 2015


...................................

...THE VALENTINE NE CLIMATE SUMMARY FOR JANUARY 31 2015...

CLIMATE NORMAL PERIOD 1981 TO 2010
CLIMATE RECORD PERIOD 1885 TO 2015


WEATHER ITEM   OBSERVED TIME   RECORD YEAR NORMAL DEPARTURE LAST
                VALUE   (LST)  VALUE       VALUE  FROM      YEAR
                                                  NORMAL
..................................................................
TEMPERATURE (F)
 YESTERDAY
  MAXIMUM         30    621 AM  70    1989  37     -7       30
  MINIMUM         12   1159 PM -25    1980  12      0       13
  AVERAGE         21                        24     -3       22

PRECIPITATION (IN)
  YESTERDAY        0.25          0.37 1894   0.01   0.24     0.00
  MONTH TO DATE    0.33                      0.26   0.07     0.04
  SINCE DEC 1      1.23                      0.63   0.60     0.75
  SINCE JAN 1      0.33                      0.26   0.07     0.04

SNOWFALL (IN)
  YESTERDAY        1.5           3.7  1894   0.1    1.4      0.0
  MONTH TO DATE    3.0                       3.8   -0.8      0.5
  SINCE DEC 1     11.7                       8.9    2.8     12.7
  SINCE JUL 1     18.1                      16.5    1.6     19.5
  SNOW DEPTH       0

DEGREE DAYS
 HEATING
  YESTERDAY       44                        41      3       43
  MONTH TO DATE 1231                      1284    -53     1208
  SINCE DEC 1   2433                      2560   -127     2641
  SINCE JUL 1   4037                      4178   -141     4200

 COOLING
  YESTERDAY        0                         0      0        0
  MONTH TO DATE    0                         0      0        0
  SINCE DEC 1      0                         0      0        0
  SINCE JAN 1      0                         0      0        0
..................................................................


WIND (MPH)
  HIGHEST WIND SPEED    20   HIGHEST WIND DIRECTION     N (360)
  HIGHEST GUST SPEED    27   HIGHEST GUST DIRECTION     N (340)
  AVERAGE WIND SPEED    11.6


SKY COVER
  POSSIBLE SUNSHINE  MM
  AVERAGE SKY COVER 0.7


WEATHER CONDITIONS
 THE FOLLOWING WEATHER WAS RECORDED YESTERDAY.
  LT FREEZING RAIN
  SNOW
  LIGHT SNOW
  FOG
  FOG W/VISIBILITY <= 1/4 MILE


RELATIVE HUMIDITY (PERCENT)
 HIGHEST    92           300 AM
 LOWEST     78           600 AM
 AVERAGE    85

..........................................................


THE VALENTINE NE CLIMATE NORMALS FOR TODAY
                         NORMAL    RECORD    YEAR
 MAXIMUM TEMPERATURE (F)   37        72      1992
 MINIMUM TEMPERATURE (F)   12       -29      1905


SUNRISE AND SUNSET
FEBRUARY  1 2015......SUNRISE   757 AM CST   SUNSET   555 PM CST
FEBRUARY  2 2015......SUNRISE   756 AM CST   SUNSET   556 PM CST


-  INDICATES NEGATIVE NUMBERS.
R  INDICATES RECORD WAS SET OR TIED.
MM INDICATES DATA IS MISSING.
T  INDICATES TRACE AMOUNT.




$$
