000
CDUS43 KLBF 022239
CLIVTN

CLIMATE REPORT
NATIONAL WEATHER SERVICE NORTH PLATTE
537 PM CDT TUE SEP 2 2014


...................................

...THE VALENTINE NE CLIMATE SUMMARY FOR SEPTEMBER 2 2014...
VALID TODAY AS OF 0500 PM LOCAL TIME.

CLIMATE NORMAL PERIOD 1981 TO 2010
CLIMATE RECORD PERIOD 1885 TO 2014


WEATHER ITEM   OBSERVED TIME   RECORD YEAR NORMAL DEPARTURE LAST
                VALUE   (LST)  VALUE       VALUE  FROM      YEAR
                                                  NORMAL
..................................................................
TEMPERATURE (F)
 TODAY
  MAXIMUM         83    403 PM 103    1983  83      0       90
  MINIMUM         45    616 AM  35    1974  54     -9       49
  AVERAGE         64                        69     -5       70

PRECIPITATION (IN)
  TODAY            0.00          0.66 1896   0.05  -0.05     0.00
  MONTH TO DATE    0.09                      0.10  -0.01     0.00
  SINCE SEP 1      0.09                      0.10  -0.01     0.00
  SINCE JAN 1     19.13                     16.21   2.92    17.64

SNOWFALL (IN)
  TODAY            0.0           0.0    MM   0.0    0.0      0.0
  MONTH TO DATE    0.0                       0.0    0.0      0.0
  SINCE SEP 1      0.0                       0.0    0.0      0.0
  SINCE JUL 1      0.0                       0.0    0.0      0.0
  SNOW DEPTH       0

DEGREE DAYS
 HEATING
  TODAY            1                         2     -1        0
  MONTH TO DATE    1                         4     -3        0
  SINCE SEP 1      1                         4     -3        0
  SINCE JUL 1     22                        29     -7        3

 COOLING
  TODAY            0                         5     -5        5
  MONTH TO DATE    0                        11    -11        7
  SINCE SEP 1      0                        11    -11        7
  SINCE JAN 1    635                       747   -112      800
..................................................................


WIND (MPH)
  HIGHEST WIND SPEED    21   HIGHEST WIND DIRECTION     S (190)
  HIGHEST GUST SPEED    25   HIGHEST GUST DIRECTION     S (190)
  AVERAGE WIND SPEED     8.4


SKY COVER
  POSSIBLE SUNSHINE  MM
  AVERAGE SKY COVER 0.0


WEATHER CONDITIONS
 THE FOLLOWING WEATHER WAS RECORDED TODAY.
  NO SIGNIFICANT WEATHER WAS OBSERVED.


RELATIVE HUMIDITY (PERCENT)
 HIGHEST   100           200 AM
 LOWEST     28           100 PM
 AVERAGE    64

..........................................................


THE VALENTINE NE CLIMATE NORMALS FOR TOMORROW
                         NORMAL    RECORD    YEAR
 MAXIMUM TEMPERATURE (F)   83       102      1990
 MINIMUM TEMPERATURE (F)   53        30      1974


SUNRISE AND SUNSET
SEPTEMBER  2 2014.....SUNRISE   708 AM CDT   SUNSET   815 PM CDT
SEPTEMBER  3 2014.....SUNRISE   709 AM CDT   SUNSET   813 PM CDT


-  INDICATES NEGATIVE NUMBERS.
R  INDICATES RECORD WAS SET OR TIED.
MM INDICATES DATA IS MISSING.
T  INDICATES TRACE AMOUNT.

$$
