000
CDUS46 KPQR 281141
CLIVUO


CLIMATE REPORT
NATIONAL WEATHER SERVICE PORTLAND OREGON
441 AM PDT MON JUL 28 2014


...................................

...THE VANCOUVER WA CLIMATE SUMMARY FOR JULY 27 2014...

CLIMATE NORMAL PERIOD 1981 TO 2010
CLIMATE RECORD PERIOD 1891 TO 2014


WEATHER ITEM   OBSERVED TIME   RECORD YEAR NORMAL DEPARTURE LAST
                VALUE   (LST)  VALUE       VALUE  FROM      YEAR
                                                  NORMAL
..................................................................
TEMPERATURE (F)
 YESTERDAY
  MAXIMUM         87    539 PM 103    2009  82      5       79
  MINIMUM         60    538 AM  46    1910  58      2       51
  AVERAGE         74                        70      4       65

PRECIPITATION (IN)
  YESTERDAY        0.00                      0.01  -0.01     0.00
  MONTH TO DATE    0.82                      0.64   0.18     0.00
  SINCE OCT 1     27.72                     36.76  -9.04    34.24
  SINCE JAN 1     22.25                     21.01   1.24    14.98

DEGREE DAYS
 HEATING
  YESTERDAY        0                                         0
  MONTH TO DATE    3                                         6
  SINCE JUL 1      3                                         6

 COOLING
  YESTERDAY        9                                         0
  MONTH TO DATE  159                                       129
  SINCE JAN 1    190                                       196
..................................................................


WIND (MPH)
  HIGHEST WIND SPEED    14   HIGHEST WIND DIRECTION    NW (330)
  HIGHEST GUST SPEED    22   HIGHEST GUST DIRECTION    NW (320)
  AVERAGE WIND SPEED     6.8


SKY COVER
  POSSIBLE SUNSHINE  MM
  AVERAGE SKY COVER 0.0


WEATHER CONDITIONS
 THE FOLLOWING WEATHER WAS RECORDED YESTERDAY.
  NO SIGNIFICANT WEATHER WAS OBSERVED.


RELATIVE HUMIDITY (PERCENT)
 HIGHEST    78           400 AM
 LOWEST     25           600 PM
 AVERAGE    52

..........................................................




SUNRISE AND SUNSET
JULY 28 2014..........SUNRISE   550 AM PDT   SUNSET   844 PM PDT
JULY 29 2014..........SUNRISE   551 AM PDT   SUNSET   843 PM PDT


-  INDICATES NEGATIVE NUMBERS.
R  INDICATES RECORD WAS SET OR TIED.
MM INDICATES DATA IS MISSING.
T  INDICATES TRACE AMOUNT.




$$
