000
CDUS46 KPQR 041143
CLIVUO


CLIMATE REPORT
NATIONAL WEATHER SERVICE PORTLAND OREGON
442 AM PDT FRI SEP 4 2015


...................................

...THE VANCOUVER WA CLIMATE SUMMARY FOR SEPTEMBER 3 2015...

CLIMATE NORMAL PERIOD 1981 TO 2010
CLIMATE RECORD PERIOD 1891 TO 2015


WEATHER ITEM   OBSERVED TIME   RECORD YEAR NORMAL DEPARTURE LAST
                VALUE   (LST)  VALUE       VALUE  FROM      YEAR
                                                  NORMAL
..................................................................
TEMPERATURE (F)
 YESTERDAY
  MAXIMUM         67    250 PM  97    1934  79    -12       73
  MINIMUM         47    548 AM  38    1980  55     -8       55
  AVERAGE         57                        67    -10       64

PRECIPITATION (IN)
  YESTERDAY        T                         0.03  -0.03     0.00
  MONTH TO DATE    0.19                      0.09   0.10     0.00
  SINCE OCT 1     30.96                     37.67  -6.71    27.76
  SINCE JAN 1     16.07                     21.92  -5.85    22.29

DEGREE DAYS
 HEATING
  YESTERDAY        8                                         1
  MONTH TO DATE    8                                         1
  SINCE JUL 1     12                                         4

 COOLING
  YESTERDAY        0                                         0
  MONTH TO DATE    2                                         4
  SINCE JAN 1    629                                       456
..................................................................


WIND (MPH)
  HIGHEST WIND SPEED    15   HIGHEST WIND DIRECTION     W (280)
  HIGHEST GUST SPEED    19   HIGHEST GUST DIRECTION     W (280)
  AVERAGE WIND SPEED     2.9


SKY COVER
  POSSIBLE SUNSHINE  MM
  AVERAGE SKY COVER 0.3


WEATHER CONDITIONS
 THE FOLLOWING WEATHER WAS RECORDED YESTERDAY.
  LIGHT RAIN


RELATIVE HUMIDITY (PERCENT)
 HIGHEST    89          1100 PM
 LOWEST     42           100 PM
 AVERAGE    66

..........................................................




SUNRISE AND SUNSET
SEPTEMBER  4 2015.....SUNRISE   635 AM PDT   SUNSET   743 PM PDT
SEPTEMBER  5 2015.....SUNRISE   637 AM PDT   SUNSET   741 PM PDT


-  INDICATES NEGATIVE NUMBERS.
R  INDICATES RECORD WAS SET OR TIED.
MM INDICATES DATA IS MISSING.
T  INDICATES TRACE AMOUNT.




$$
