000
CDUS46 KPQR 281141
CLIVUO


CLIMATE REPORT
NATIONAL WEATHER SERVICE PORTLAND OREGON
441 AM PDT FRI APR 28 2017


...................................

...THE VANCOUVER WA CLIMATE SUMMARY FOR APRIL 27 2017...

CLIMATE NORMAL PERIOD 1981 TO 2010
CLIMATE RECORD PERIOD 1891 TO 2017


WEATHER ITEM   OBSERVED TIME   RECORD YEAR NORMAL DEPARTURE LAST
                VALUE   (LST)  VALUE       VALUE  FROM      YEAR
                                                  NORMAL
..................................................................
TEMPERATURE (F)
 YESTERDAY
  MAXIMUM         56   1255 PM  90    1926  64     -8       59
  MINIMUM         43   1159 PM  30    1984  44     -1       47
  AVERAGE         50                        54     -4       53

PRECIPITATION (IN)
  YESTERDAY        0.12                      0.08   0.04     0.03
  MONTH TO DATE    4.17                      2.76   1.41     1.59
  SINCE OCT 1     45.77                     31.61  14.16    41.54
  SINCE JAN 1     25.91                     15.86  10.05    17.69

DEGREE DAYS
 HEATING
  YESTERDAY       15                                        12
  MONTH TO DATE  366                                       239
  SINCE JUL 1   4189                                      3557

 COOLING
  YESTERDAY        0                                         0
  MONTH TO DATE    0                                         6
  SINCE JAN 1      0                                         6
..................................................................


WIND (MPH)
  HIGHEST WIND SPEED    16   HIGHEST WIND DIRECTION    NW (310)
  HIGHEST GUST SPEED    24   HIGHEST GUST DIRECTION     W (280)
  AVERAGE WIND SPEED     4.4


SKY COVER
  POSSIBLE SUNSHINE  MM
  AVERAGE SKY COVER 0.7


WEATHER CONDITIONS
 THE FOLLOWING WEATHER WAS RECORDED YESTERDAY.
  LIGHT RAIN
  HAZE


RELATIVE HUMIDITY (PERCENT)
 HIGHEST    92           600 AM
 LOWEST     59           600 PM
 AVERAGE    76

..........................................................




SUNRISE AND SUNSET
APRIL 28 2017.........SUNRISE   602 AM PDT   SUNSET   814 PM PDT
APRIL 29 2017.........SUNRISE   601 AM PDT   SUNSET   816 PM PDT


-  INDICATES NEGATIVE NUMBERS.
R  INDICATES RECORD WAS SET OR TIED.
MM INDICATES DATA IS MISSING.
T  INDICATES TRACE AMOUNT.




$$
