000
CDUS46 KPQR 012325
CLIVUO


CLIMATE REPORT
NATIONAL WEATHER SERVICE PORTLAND OREGON
425 PM PDT MON JUN 1 2015


...................................

...THE VANCOUVER WA CLIMATE SUMMARY FOR JUNE 1 2015...
VALID TODAY AS OF 0400 PM LOCAL TIME.

CLIMATE NORMAL PERIOD 1981 TO 2010
CLIMATE RECORD PERIOD 1891 TO 2015


WEATHER ITEM   OBSERVED TIME   RECORD YEAR NORMAL DEPARTURE LAST
                VALUE   (LST)  VALUE       VALUE  FROM      YEAR
                                                  NORMAL
..................................................................
TEMPERATURE (F)
 TODAY
  MAXIMUM         66   1203 AM  94    1970  71     -5       74
  MINIMUM         55   1059 AM  36    1973  52      3       47
  AVERAGE         61                        61      0       61

PRECIPITATION (IN)
  TODAY            0.19                      0.08   0.11     0.00
  MONTH TO DATE    0.19                      0.08   0.11     0.00
  SINCE OCT 1     29.75                     34.41  -4.66    24.70
  SINCE JAN 1     14.86                     18.66  -3.80    19.23

DEGREE DAYS
 HEATING
  TODAY            4                                         4
  MONTH TO DATE    4                                         4
  SINCE JUN 1      4                                         4
  SINCE JUL 1   3651                                      4510

 COOLING
  TODAY            0                                         0
  MONTH TO DATE    0                                         0
  SINCE JUN 1      0                                         0
  SINCE JAN 1     16                                        15
..................................................................


WIND (MPH)
  HIGHEST WIND SPEED     9   HIGHEST WIND DIRECTION     S (200)
  HIGHEST GUST SPEED    14   HIGHEST GUST DIRECTION    SW (220)
  AVERAGE WIND SPEED     2.3


SKY COVER
  POSSIBLE SUNSHINE  MM
  AVERAGE SKY COVER 0.9


WEATHER CONDITIONS
 THE FOLLOWING WEATHER WAS RECORDED TODAY.
  THUNDERSTORM
  LIGHT RAIN
  FOG


RELATIVE HUMIDITY (PERCENT)
 HIGHEST    86           600 AM
 LOWEST     60           100 AM
 AVERAGE    73

..........................................................


THE VANCOUVER WA CLIMATE NORMALS FOR TOMORROW
                         NORMAL    RECORD    YEAR
 MAXIMUM TEMPERATURE (F)   71        94      1970
 MINIMUM TEMPERATURE (F)   52        37      1997


SUNRISE AND SUNSET
JUNE  1 2015..........SUNRISE   525 AM PDT   SUNSET   852 PM PDT
JUNE  2 2015..........SUNRISE   524 AM PDT   SUNSET   853 PM PDT


-  INDICATES NEGATIVE NUMBERS.
R  INDICATES RECORD WAS SET OR TIED.
MM INDICATES DATA IS MISSING.
T  INDICATES TRACE AMOUNT.




$$
