000
CDUS41 KAKQ 170827
CLIWAL


CLIMATE REPORT
NATIONAL WEATHER SERVICE WAKEFIELD, VA
426 AM EDT THU APR 17 2014


...................................

...THE WALLOPS ISLAND VA CLIMATE SUMMARY FOR APRIL 16 2014...

CLIMATE NORMAL PERIOD 1981 TO 2010
CLIMATE RECORD PERIOD 1963 TO 2014


WEATHER ITEM   OBSERVED TIME   RECORD YEAR NORMAL DEPARTURE
                VALUE   (LST)  VALUE       VALUE  FROM
                                                  NORMAL
...............................................................
TEMPERATURE (F)
 YESTERDAY
  MAXIMUM         52    401 PM  89    1976  63    -11
  MINIMUM         34    544 AM  32    2008  45    -11
  AVERAGE         43                        54    -11

PRECIPITATION (IN)
  YESTERDAY        0.04          1.30        0.10  -0.06
  MONTH TO DATE    2.20                      1.78   0.42
  SINCE MAR 1      5.35                      5.78  -0.43
  SINCE JAN 1     10.92                     11.58  -0.66

SNOWFALL (IN)
  YESTERDAY        0.0           0.0    MM   0.1   -0.1
  MONTH TO DATE    0.0                       0.1   -0.1
  SINCE NOV 1     13.1                       7.9    5.2
  SINCE JUL 1     13.1                       7.9    5.2

DEGREE DAYS
 HEATING
  YESTERDAY       22                               11
  MONTH TO DATE  160                              -54
  SINCE MAR 1    830                               -3
  SINCE JUL 1   3823                              -90

 COOLING
  YESTERDAY        0                                0
  MONTH TO DATE    0                                0
  SINCE MAR 1      0                               -1
  SINCE JAN 1      0                               -1
...............................................................


WIND (MPH)
  HIGHEST WIND SPEED    23   HIGHEST WIND DIRECTION     E (80)
  HIGHEST GUST SPEED    33   HIGHEST GUST DIRECTION     N (340)
  AVERAGE WIND SPEED    13.1




RELATIVE HUMIDITY (PERCENT)
 HIGHEST    92
 LOWEST     29
 AVERAGE    61

..........................................................


THE WALLOPS ISLAND VA CLIMATE NORMALS FOR TODAY
                         NORMAL    RECORD    YEAR
 MAXIMUM TEMPERATURE (F)   63        91      2002
 MINIMUM TEMPERATURE (F)   45        32      2009


SUNRISE AND SUNSET
APRIL 17 2014.........SUNRISE   624 AM EDT   SUNSET   740 PM EDT
APRIL 18 2014.........SUNRISE   622 AM EDT   SUNSET   741 PM EDT


-  INDICATES NEGATIVE NUMBERS.
R  INDICATES RECORD WAS SET OR TIED.
MM INDICATES DATA IS MISSING.
T  INDICATES TRACE AMOUNT.




$$
