000
CDUS41 KAKQ 030801
CLIWAL


CLIMATE REPORT
NATIONAL WEATHER SERVICE WAKEFIELD, VA
259 AM EST TUE MAR 3 2015


...................................

...THE WALLOPS ISLAND VA CLIMATE SUMMARY FOR MARCH 2 2015...

CLIMATE NORMAL PERIOD 1981 TO 2010
CLIMATE RECORD PERIOD 1963 TO 2015


WEATHER ITEM   OBSERVED TIME   RECORD YEAR NORMAL DEPARTURE
                VALUE   (LST)  VALUE       VALUE  FROM
                                                  NORMAL
...............................................................
TEMPERATURE (F)
 YESTERDAY
  MAXIMUM         46    122 PM  75    1997  50     -4
  MINIMUM         28    928 PM  16    1980  33     -5
  AVERAGE         37                        42     -5

PRECIPITATION (IN)
  YESTERDAY        0.01          3.56        0.12  -0.11
  MONTH TO DATE    0.29                      0.24   0.05
  SINCE MAR 1      0.29                      0.24   0.05
  SINCE JAN 1      8.08                      6.04   2.04

SNOWFALL (IN)
  YESTERDAY        0.0           1.6  1975   0.1   -0.1
  MONTH TO DATE    T                         0.1   -0.1
  SINCE NOV 1     11.0                       7.5    3.5
  SINCE JUL 1     11.0                       7.5    3.5

DEGREE DAYS
 HEATING
  YESTERDAY       28                                4
  MONTH TO DATE   69                               21
  SINCE MAR 1     69                               21
  SINCE JUL 1   3399                              271

 COOLING
  YESTERDAY        0                                0
  MONTH TO DATE    0                                0
  SINCE MAR 1      0                                0
  SINCE JAN 1      0                                0
...............................................................


WIND (MPH)
  HIGHEST WIND SPEED    24   HIGHEST WIND DIRECTION    NW (330)
  HIGHEST GUST SPEED    33   HIGHEST GUST DIRECTION     N (340)
  AVERAGE WIND SPEED     9.1




RELATIVE HUMIDITY (PERCENT)
 HIGHEST   100
 LOWEST     34
 AVERAGE    67

..........................................................


THE WALLOPS ISLAND VA CLIMATE NORMALS FOR TODAY
                         NORMAL    RECORD    YEAR
 MAXIMUM TEMPERATURE (F)   50        70      1967
 MINIMUM TEMPERATURE (F)   33        14      2009


SUNRISE AND SUNSET
MARCH  3 2015.........SUNRISE   631 AM EST   SUNSET   557 PM EST
MARCH  4 2015.........SUNRISE   630 AM EST   SUNSET   558 PM EST


-  INDICATES NEGATIVE NUMBERS.
R  INDICATES RECORD WAS SET OR TIED.
MM INDICATES DATA IS MISSING.
T  INDICATES TRACE AMOUNT.




$$
