786
CDUS41 KAKQ 230645
CLIWAL


CLIMATE REPORT
NATIONAL WEATHER SERVICE WAKEFIELD, VA
145 AM EST TUE JAN 23 2018


...................................

...THE WALLOPS ISLAND VA CLIMATE SUMMARY FOR JANUARY 22 2018...

CLIMATE NORMAL PERIOD 1981 TO 2010
CLIMATE RECORD PERIOD 1963 TO 2018


WEATHER ITEM   OBSERVED TIME   RECORD YEAR NORMAL DEPARTURE
                VALUE   (LST)  VALUE       VALUE  FROM
                                                  NORMAL
...............................................................
TEMPERATURE (F)
 YESTERDAY
  MAXIMUM         64R   118 PM  57    1986  45     19
  MINIMUM         43    643 PM   7    2014  28     15
  AVERAGE         54                        36     18

PRECIPITATION (IN)
  YESTERDAY        0.00          1.40        0.10  -0.10
  MONTH TO DATE    1.41                      2.16  -0.75
  SINCE DEC 1      3.30                      5.59  -2.29
  SINCE JAN 1      1.41                      2.16  -0.75

SNOWFALL (IN)
  YESTERDAY        0.0           5.0  2016   0.1   -0.1
  MONTH TO DATE   10.5                       1.3    9.2
  SINCE NOV 1     11.8                       3.3    8.5
  SINCE JUL 1     11.8                       3.3    8.5

DEGREE DAYS
 HEATING
  YESTERDAY       11                              -18
  MONTH TO DATE  707                               78
  SINCE DEC 1   1498                              111
  SINCE JUL 1   2101                               10

 COOLING
  YESTERDAY        0                                0
  MONTH TO DATE    0                                0
  SINCE DEC 1      0                                0
  SINCE JAN 1      0                                0
...............................................................


WIND (MPH)
  HIGHEST WIND SPEED    16   HIGHEST WIND DIRECTION     S (190)
  HIGHEST GUST SPEED    22   HIGHEST GUST DIRECTION    SW (210)
  AVERAGE WIND SPEED     9.0




RELATIVE HUMIDITY (PERCENT)
 HIGHEST    86
 LOWEST     48
 AVERAGE    67

..........................................................


THE WALLOPS ISLAND VA CLIMATE NORMALS FOR TODAY
                         NORMAL    RECORD    YEAR
 MAXIMUM TEMPERATURE (F)   45        65      1999
 MINIMUM TEMPERATURE (F)   28         7      2014


SUNRISE AND SUNSET
JANUARY 23 2018.......SUNRISE   713 AM EST   SUNSET   515 PM EST
JANUARY 24 2018.......SUNRISE   712 AM EST   SUNSET   516 PM EST


-  INDICATES NEGATIVE NUMBERS.
R  INDICATES RECORD WAS SET OR TIED.
MM INDICATES DATA IS MISSING.
T  INDICATES TRACE AMOUNT.




$$
