000
CDUS41 KAKQ 062236
CLIWAL


CLIMATE REPORT
NATIONAL WEATHER SERVICE WAKEFIELD, VA
535 PM EST SAT FEB 6 2016


...................................

...THE WALLOPS ISLAND VA CLIMATE SUMMARY FOR FEBRUARY 6 2016...
VALID TODAY AS OF 0500 PM LOCAL TIME.

CLIMATE NORMAL PERIOD 1981 TO 2010
CLIMATE RECORD PERIOD 1963 TO 2016


WEATHER ITEM   OBSERVED TIME   RECORD YEAR NORMAL DEPARTURE
                VALUE   (LST)  VALUE       VALUE  FROM
                                                  NORMAL
...............................................................
TEMPERATURE (F)
 TODAY
  MAXIMUM         44   1155 AM  77    2008  46     -2
  MINIMUM         28    646 AM   7    1996  29     -1
  AVERAGE         36

PRECIPITATION (IN)
  TODAY            0.00          0.92 2010   0.09  -0.09
                                      2004
  MONTH TO DATE    2.29                      0.57   1.72
  SINCE DEC 1      9.19                      7.04   2.15
  SINCE JAN 1      4.91                      3.61   1.30

SNOWFALL (IN)
  TODAY            0.0           7.5  2010
  MONTH TO DATE    1.0
  SINCE NOV 1      8.3
  SINCE JUL 1      8.3
  SNOW DEPTH       0

DEGREE DAYS
 HEATING
  TODAY           29

 COOLING
  TODAY            0
...............................................................


WIND (MPH)
  HIGHEST WIND SPEED    13   HIGHEST WIND DIRECTION    SE (150)
  HIGHEST GUST SPEED    17   HIGHEST GUST DIRECTION     S (170)




RELATIVE HUMIDITY (PERCENT)
 HIGHEST    78
 LOWEST     53
 AVERAGE    66

..........................................................


THE WALLOPS ISLAND VA CLIMATE NORMALS FOR TOMORROW
                         NORMAL    RECORD    YEAR
 MAXIMUM TEMPERATURE (F)   46        70      2008
 MINIMUM TEMPERATURE (F)   29         8      1996


SUNRISE AND SUNSET
FEBRUARY  6 2016......SUNRISE   702 AM EST   SUNSET   530 PM EST
FEBRUARY  7 2016......SUNRISE   701 AM EST   SUNSET   531 PM EST


-  INDICATES NEGATIVE NUMBERS.
R  INDICATES RECORD WAS SET OR TIED.
MM INDICATES DATA IS MISSING.
T  INDICATES TRACE AMOUNT.




$$
