000
CDUS41 KAKQ 180845
CLIWAL


CLIMATE REPORT
NATIONAL WEATHER SERVICE WAKEFIELD, VA
345 AM EST THU DEC 18 2014


...................................

...THE WALLOPS ISLAND VA CLIMATE SUMMARY FOR DECEMBER 17 2014...

CLIMATE NORMAL PERIOD 1981 TO 2010
CLIMATE RECORD PERIOD 1963 TO 2014


WEATHER ITEM   OBSERVED TIME   RECORD YEAR NORMAL DEPARTURE
                VALUE   (LST)  VALUE       VALUE  FROM
                                                  NORMAL
...............................................................
TEMPERATURE (F)
 YESTERDAY
  MAXIMUM         53    122 PM  61    2006  48      5
                                      2000
  MINIMUM         37   1159 PM  16    2010  32      5
  AVERAGE         45                        40      5

PRECIPITATION (IN)
  YESTERDAY        0.00          0.39        0.11  -0.11
  MONTH TO DATE    1.16                      1.93  -0.77
  SINCE DEC 1      1.16                      1.93  -0.77
  SINCE JAN 1     35.92                     39.34  -3.42

SNOWFALL (IN)
  YESTERDAY        0.0           0.3  1973   0.0    0.0
  MONTH TO DATE    0.0                       1.0   -1.0
  SINCE NOV 1      0.0                       1.1   -1.1
  SINCE JUL 1      0.0                       1.1   -1.1

DEGREE DAYS
 HEATING
  YESTERDAY       20                               -5
  MONTH TO DATE  350                              -36
  SINCE DEC 1    350                              -36
  SINCE JUL 1   1044                              -46

 COOLING
  YESTERDAY        0                                0
  MONTH TO DATE    0                                0
  SINCE DEC 1      0                                0
  SINCE JAN 1   1352                              155
...............................................................


WIND (MPH)
  HIGHEST WIND SPEED    15   HIGHEST WIND DIRECTION    NW (310)
  HIGHEST GUST SPEED    20   HIGHEST GUST DIRECTION    NW (300)
  AVERAGE WIND SPEED     7.0




RELATIVE HUMIDITY (PERCENT)
 HIGHEST   100
 LOWEST     71
 AVERAGE    86

..........................................................


THE WALLOPS ISLAND VA CLIMATE NORMALS FOR TODAY
                         NORMAL    RECORD    YEAR
 MAXIMUM TEMPERATURE (F)   48        73      1984
 MINIMUM TEMPERATURE (F)   31        16      1989


SUNRISE AND SUNSET
DECEMBER 18 2014......SUNRISE   712 AM EST   SUNSET   445 PM EST
DECEMBER 19 2014......SUNRISE   713 AM EST   SUNSET   445 PM EST


-  INDICATES NEGATIVE NUMBERS.
R  INDICATES RECORD WAS SET OR TIED.
MM INDICATES DATA IS MISSING.
T  INDICATES TRACE AMOUNT.




$$
