000
CDUS46 KLOX 050856
CLIWJF


CLIMATE REPORT
NATIONAL WEATHER SERVICE LOS ANGELES/OXNARD CA
1256 AM PST THU MAR 5 2015


...................................

...THE LANCASTER FOX FIELD CA CLIMATE SUMMARY FOR MARCH 4 2015...

CLIMATE NORMAL PERIOD 1981 TO 2010
CLIMATE RECORD PERIOD 1948 TO 2015


WEATHER ITEM   OBSERVED TIME   RECORD YEAR NORMAL DEPARTURE
                VALUE   (LST)  VALUE       VALUE  FROM
                                                  NORMAL
...............................................................
TEMPERATURE (F)
 YESTERDAY
  MAXIMUM         60    440 PM  81    1972  65     -5
  MINIMUM         27    622 AM  17    2002  38    -11
  AVERAGE         44                        51     -7

PRECIPITATION (IN)
  YESTERDAY        0.00          0.77 1978   0.05  -0.05
  MONTH TO DATE    0.04                      0.20  -0.16
  SINCE OCT 1      4.32                      5.61  -1.29
  SINCE JAN 1      1.40                      3.48  -2.08

SNOWFALL (IN)
  YESTERDAY        0.0           0.0    MM
  MONTH TO DATE    0.0
  SINCE MAR 1      0.0
  SINCE JUL 1      0.0
  SNOW DEPTH       0

DEGREE DAYS
 HEATING
  YESTERDAY       21                                7
  MONTH TO DATE   78                               22
  SINCE MAR 1     78                               22
  SINCE JUL 1   1947                             -402

 COOLING
  YESTERDAY        0                                0
  MONTH TO DATE    0                                0
  SINCE MAR 1      0                                0
  SINCE JAN 1      0                                0
...............................................................


WIND (MPH)
  HIGHEST WIND SPEED    18   HIGHEST WIND DIRECTION    NE (50)
  HIGHEST GUST SPEED    22   HIGHEST GUST DIRECTION    NE (40)
  AVERAGE WIND SPEED     6.6




RELATIVE HUMIDITY (PERCENT)
 HIGHEST    92
 LOWEST     15
 AVERAGE    54

..........................................................


THE LANCASTER FOX FIELD CA CLIMATE NORMALS FOR TODAY
                         NORMAL    RECORD    YEAR
 MAXIMUM TEMPERATURE (F)   65        84      1986
 MINIMUM TEMPERATURE (F)   38        23      1997


SUNRISE AND SUNSET
MARCH  5 2015.........SUNRISE   617 AM PST   SUNSET   552 PM PST
MARCH  6 2015.........SUNRISE   616 AM PST   SUNSET   553 PM PST


-  INDICATES NEGATIVE NUMBERS.
R  INDICATES RECORD WAS SET OR TIED.
MM INDICATES DATA IS MISSING.
T  INDICATES TRACE AMOUNT.




$$
