000
CDUS46 KLOX 140116
CLIWJF


CLIMATE REPORT
NATIONAL WEATHER SERVICE LOS ANGELES/OXNARD CA
515 PM PST WED DEC 13 2017


...................................

...THE LANCASTER CLIMATE SUMMARY FOR DECEMBER 13 2017...
VALID TODAY AS OF 0500 PM LOCAL TIME.

CLIMATE NORMAL PERIOD 1981 TO 2010
CLIMATE RECORD PERIOD 1948 TO 2017


WEATHER ITEM   OBSERVED TIME   RECORD YEAR NORMAL DEPARTURE LAST
                VALUE   (LST)  VALUE       VALUE  FROM      YEAR
                                                  NORMAL
..................................................................
TEMPERATURE (F)
 TODAY
  MAXIMUM         68    346 PM  77    1950  58     10       70
  MINIMUM         19    618 AM  17    1949  29    -10       46
  AVERAGE         44                        44      0       58

PRECIPITATION (IN)
  TODAY            0.00          0.22 2015   0.03  -0.03     0.00
  MONTH TO DATE    0.00                      0.38  -0.38      T
  SINCE OCT 1      0.02                      1.36  -1.34     0.40
  SINCE JAN 1      4.64                      6.61  -1.97     2.93

SNOWFALL (IN)
  TODAY            0.0           0.0    MM   0.1             0.0
  MONTH TO DATE    0.0                       0.5             0.0
  SINCE DEC 1      0.0                       0.5             0.0
  SINCE JUL 1      0.0                       0.5             0.0
  SNOW DEPTH       0

DEGREE DAYS
 HEATING
  TODAY           21                        21      0        7
  MONTH TO DATE  262                       265     -3      178
  SINCE DEC 1    262                       265     -3      178
  SINCE JUL 1    624                       810   -186      604

 COOLING
  TODAY            0                         0      0        0
  MONTH TO DATE    0                         0      0        0
  SINCE DEC 1      0                         0      0        0
  SINCE JAN 1   2216                      1882    334     2148
..................................................................


WIND (MPH)
  HIGHEST WIND SPEED     8   HIGHEST WIND DIRECTION     W (290)
  HIGHEST GUST SPEED     9   HIGHEST GUST DIRECTION     W (290)
  AVERAGE WIND SPEED     1.4


SKY COVER
  POSSIBLE SUNSHINE  MM
  AVERAGE SKY COVER 0.0


WEATHER CONDITIONS
 THE FOLLOWING WEATHER WAS RECORDED TODAY.
  NO SIGNIFICANT WEATHER WAS OBSERVED.


RELATIVE HUMIDITY (PERCENT)
 HIGHEST    25           800 AM
 LOWEST      5           200 PM
 AVERAGE    15

..........................................................


THE LANCASTER CLIMATE NORMALS FOR TOMORROW
                         NORMAL    RECORD    YEAR
 MAXIMUM TEMPERATURE (F)   58        77      1977
 MINIMUM TEMPERATURE (F)   29        17      1989
                                             1949


SUNRISE AND SUNSET
DECEMBER 13 2017......SUNRISE   652 AM PST   SUNSET   443 PM PST
DECEMBER 14 2017......SUNRISE   652 AM PST   SUNSET   443 PM PST


-  INDICATES NEGATIVE NUMBERS.
R  INDICATES RECORD WAS SET OR TIED.
MM INDICATES DATA IS MISSING.
T  INDICATES TRACE AMOUNT.




$$
