000
CDUS46 KLOX 300906
CLIWJF


CLIMATE REPORT
NATIONAL WEATHER SERVICE LOS ANGELES/OXNARD CA
205 AM PDT SAT APR 30 2016


...................................

...THE LANCASTER FOX FIELD CA CLIMATE SUMMARY FOR APRIL 29 2016...

CLIMATE NORMAL PERIOD 1981 TO 2010
CLIMATE RECORD PERIOD 1948 TO 2016


WEATHER ITEM   OBSERVED TIME   RECORD YEAR NORMAL DEPARTURE
                VALUE   (LST)  VALUE       VALUE  FROM
                                                  NORMAL
...............................................................
TEMPERATURE (F)
 YESTERDAY
  MAXIMUM         76    145 PM  94    2013  77     -1
                                      1959
  MINIMUM         52    349 AM  34    1967  49      3
  AVERAGE         64                        63      1

PRECIPITATION (IN)
  YESTERDAY        0.00          0.17 1983   0.00   0.00
  MONTH TO DATE    0.15                      0.34  -0.19
  SINCE OCT 1      3.82                      6.89  -3.07
  SINCE JAN 1      2.53                      4.76  -2.23

SNOWFALL (IN)
  YESTERDAY        0.0           0.0    MM
  MONTH TO DATE    0.0
  SINCE MAR 1      0.0
  SINCE JUL 1      0.0
  SNOW DEPTH       0

DEGREE DAYS
 HEATING
  YESTERDAY        1                               -3
  MONTH TO DATE  110                              -93
  SINCE MAR 1    367                             -204
  SINCE JUL 1   2618                             -246

 COOLING
  YESTERDAY        0                               -2
  MONTH TO DATE   18                               -7
  SINCE MAR 1     21                               -6
  SINCE JAN 1     24                               -3
...............................................................


WIND (MPH)
  HIGHEST WIND SPEED    39   HIGHEST WIND DIRECTION     W (290)
  HIGHEST GUST SPEED    45   HIGHEST GUST DIRECTION     W (290)
  AVERAGE WIND SPEED    17.3




RELATIVE HUMIDITY (PERCENT)
 HIGHEST    64
 LOWEST     18
 AVERAGE    41

..........................................................


THE LANCASTER FOX FIELD CA CLIMATE NORMALS FOR TODAY
                         NORMAL    RECORD    YEAR
 MAXIMUM TEMPERATURE (F)   77        92      2006
                                             1996
 MINIMUM TEMPERATURE (F)   49        32      2011


SUNRISE AND SUNSET
APRIL 30 2016.........SUNRISE   603 AM PDT   SUNSET   738 PM PDT
MAY  1 2016...........SUNRISE   602 AM PDT   SUNSET   738 PM PDT


-  INDICATES NEGATIVE NUMBERS.
R  INDICATES RECORD WAS SET OR TIED.
MM INDICATES DATA IS MISSING.
T  INDICATES TRACE AMOUNT.




$$
