000
CDUS46 KLOX 080913
CLIWJF


CLIMATE REPORT
NATIONAL WEATHER SERVICE LOS ANGELES/OXNARD CA
112 AM PST MON FEB 8 2016


...................................

...THE LANCASTER FOX FIELD CA CLIMATE SUMMARY FOR FEBRUARY 7 2016...

CLIMATE NORMAL PERIOD 1981 TO 2010
CLIMATE RECORD PERIOD 1948 TO 2016


WEATHER ITEM   OBSERVED TIME   RECORD YEAR NORMAL DEPARTURE
                VALUE   (LST)  VALUE       VALUE  FROM
                                                  NORMAL
...............................................................
TEMPERATURE (F)
 YESTERDAY
  MAXIMUM         71    328 PM  81    1951  61     10
  MINIMUM         29    702 AM  16    2003  34     -5
  AVERAGE         50                        47      3

PRECIPITATION (IN)
  YESTERDAY        0.00          1.04 1993   0.06  -0.06
  MONTH TO DATE    T                         0.42  -0.42
  SINCE OCT 1      3.02                      4.05  -1.03
  SINCE JAN 1      1.73                      1.92  -0.19

SNOWFALL (IN)
  YESTERDAY        0.0           0.0    MM
  MONTH TO DATE    0.0
  SINCE DEC 1      0.0
  SINCE JUL 1      0.0
  SNOW DEPTH       0

DEGREE DAYS
 HEATING
  YESTERDAY       15                               -3
  MONTH TO DATE  161                               33
  SINCE DEC 1   1441                               33
  SINCE JUL 1   2021                               68

 COOLING
  YESTERDAY        0                                0
  MONTH TO DATE    0                                0
  SINCE DEC 1      0                                0
  SINCE JAN 1      0                                0
...............................................................


WIND (MPH)
  HIGHEST WIND SPEED    22   HIGHEST WIND DIRECTION     E (80)
  HIGHEST GUST SPEED    29   HIGHEST GUST DIRECTION     E (90)
  AVERAGE WIND SPEED     7.8




RELATIVE HUMIDITY (PERCENT)
 HIGHEST    78
 LOWEST     14
 AVERAGE    46

..........................................................


THE LANCASTER FOX FIELD CA CLIMATE NORMALS FOR TODAY
                         NORMAL    RECORD    YEAR
 MAXIMUM TEMPERATURE (F)   61        78      1951
 MINIMUM TEMPERATURE (F)   34        21      2003


SUNRISE AND SUNSET
FEBRUARY  8 2016......SUNRISE   646 AM PST   SUNSET   529 PM PST
FEBRUARY  9 2016......SUNRISE   645 AM PST   SUNSET   530 PM PST


-  INDICATES NEGATIVE NUMBERS.
R  INDICATES RECORD WAS SET OR TIED.
MM INDICATES DATA IS MISSING.
T  INDICATES TRACE AMOUNT.




$$
