000
CDUS46 KLOX 100922
CLIWJF


CLIMATE REPORT
NATIONAL WEATHER SERVICE LOS ANGELES/OXNARD CA
222 AM PDT THU JUL 10 2014


...................................

...THE LANCASTER FOX FIELD CA CLIMATE SUMMARY FOR JULY 9 2014...

CLIMATE NORMAL PERIOD 1981 TO 2010
CLIMATE RECORD PERIOD 1948 TO 2014


WEATHER ITEM   OBSERVED TIME   RECORD YEAR NORMAL DEPARTURE
                VALUE   (LST)  VALUE       VALUE  FROM
                                                  NORMAL
...............................................................
TEMPERATURE (F)
 YESTERDAY
  MAXIMUM        100    153 PM 112    2008  97      3
                                      2002
  MINIMUM         72    453 AM  54    1969  67      5
  AVERAGE         86                        82      4

PRECIPITATION (IN)
  YESTERDAY        0.00          0.02 1992   0.00   0.00
  MONTH TO DATE    0.00                      0.02  -0.02
  SINCE JUL 1      0.00                      0.02  -0.02
  SINCE JAN 1      2.32                      4.93  -2.61

SNOWFALL (IN)
  YESTERDAY        0.0           0.0    MM
  MONTH TO DATE    0.0
  SINCE JUN 1      0.0
  SINCE JUL 1      0.0
  SNOW DEPTH       0

DEGREE DAYS
 HEATING
  YESTERDAY        0                                0
  MONTH TO DATE    0                                0
  SINCE JUN 1      0                               -8
  SINCE JUL 1      0                                0

 COOLING
  YESTERDAY       21                                4
  MONTH TO DATE  185                               39
  SINCE JUN 1    585                               98
  SINCE JAN 1    785                              109
...............................................................


WIND (MPH)
  HIGHEST WIND SPEED    28   HIGHEST WIND DIRECTION    SW (220)
  HIGHEST GUST SPEED    35   HIGHEST GUST DIRECTION    SW (220)
  AVERAGE WIND SPEED    14.3




RELATIVE HUMIDITY (PERCENT)
 HIGHEST    36
 LOWEST     11
 AVERAGE    24

..........................................................


THE LANCASTER FOX FIELD CA CLIMATE NORMALS FOR TODAY
                         NORMAL    RECORD    YEAR
 MAXIMUM TEMPERATURE (F)   97       112      1961
 MINIMUM TEMPERATURE (F)   67        47      1983


SUNRISE AND SUNSET
JULY 10 2014..........SUNRISE   548 AM PDT   SUNSET   808 PM PDT
JULY 11 2014..........SUNRISE   548 AM PDT   SUNSET   808 PM PDT


-  INDICATES NEGATIVE NUMBERS.
R  INDICATES RECORD WAS SET OR TIED.
MM INDICATES DATA IS MISSING.
T  INDICATES TRACE AMOUNT.




$$
