000
CDUS46 KLOX 251006
CLIWJF


CLIMATE REPORT
NATIONAL WEATHER SERVICE LOS ANGELES/OXNARD CA
206 AM PST SUN JAN 25 2015


...................................

...THE LANCASTER FOX FIELD CA CLIMATE SUMMARY FOR JANUARY 24 2015...

CLIMATE NORMAL PERIOD 1981 TO 2010
CLIMATE RECORD PERIOD 1948 TO 2015


WEATHER ITEM   OBSERVED TIME   RECORD YEAR NORMAL DEPARTURE
                VALUE   (LST)  VALUE       VALUE  FROM
                                                  NORMAL
...............................................................
TEMPERATURE (F)
 YESTERDAY
  MAXIMUM         67    228 PM  73    1975  59      8
  MINIMUM         27    418 AM  18    2002  32     -5
  AVERAGE         47                        46      1

PRECIPITATION (IN)
  YESTERDAY        0.00          0.54 2008   0.05  -0.05
  MONTH TO DATE    0.85                      1.15  -0.30
  SINCE OCT 1      3.77                      3.28   0.49
  SINCE JAN 1      0.85                      1.15  -0.30

SNOWFALL (IN)
  YESTERDAY        0.0           0.0    MM
  MONTH TO DATE    0.0
  SINCE DEC 1      0.0
  SINCE JUL 1      0.0
  SNOW DEPTH       0

DEGREE DAYS
 HEATING
  YESTERDAY       18                               -1
  MONTH TO DATE  485                               -5
  SINCE DEC 1   1051                              -96
  SINCE JUL 1   1448                             -244

 COOLING
  YESTERDAY        0                                0
  MONTH TO DATE    0                                0
  SINCE DEC 1      0                                0
  SINCE JAN 1      0                                0
...............................................................


WIND (MPH)
  HIGHEST WIND SPEED    29   HIGHEST WIND DIRECTION     E (70)
  HIGHEST GUST SPEED    37   HIGHEST GUST DIRECTION     E (80)
  AVERAGE WIND SPEED    10.1




RELATIVE HUMIDITY (PERCENT)
 HIGHEST    85
 LOWEST     18
 AVERAGE    52

..........................................................


THE LANCASTER FOX FIELD CA CLIMATE NORMALS FOR TODAY
                         NORMAL    RECORD    YEAR
 MAXIMUM TEMPERATURE (F)   59        76      1975
 MINIMUM TEMPERATURE (F)   32        18      2002


SUNRISE AND SUNSET
JANUARY 25 2015.......SUNRISE   656 AM PST   SUNSET   515 PM PST
JANUARY 26 2015.......SUNRISE   655 AM PST   SUNSET   516 PM PST


-  INDICATES NEGATIVE NUMBERS.
R  INDICATES RECORD WAS SET OR TIED.
MM INDICATES DATA IS MISSING.
T  INDICATES TRACE AMOUNT.




$$
