000
CDUS46 KLOX 050115
CLIWJF


CLIMATE REPORT
NATIONAL WEATHER SERVICE LOS ANGELES/OXNARD CA
615 PM PDT SAT JUL 4 2015


...................................

...THE LANCASTER CLIMATE SUMMARY FOR JULY 4 2015...
VALID TODAY AS OF 0600 PM LOCAL TIME.

CLIMATE NORMAL PERIOD 1981 TO 2010
CLIMATE RECORD PERIOD 1948 TO 2015


WEATHER ITEM   OBSERVED TIME   RECORD YEAR NORMAL DEPARTURE LAST
                VALUE   (LST)  VALUE       VALUE  FROM      YEAR
                                                  NORMAL
..................................................................
TEMPERATURE (F)
 TODAY
  MAXIMUM        103   1237 PM 111    2007  96      7       98
  MINIMUM         68    502 AM  52    1966  66      2       63
  AVERAGE         86                        81      5       81

PRECIPITATION (IN)
  TODAY            0.00          0.22 2011   0.00   0.00     0.00
  MONTH TO DATE    0.03                      0.01   0.02     0.00
  SINCE OCT 1      4.68                      7.05  -2.37     3.91
  SINCE JAN 1      1.76                      4.92  -3.16     2.32

SNOWFALL (IN)
  TODAY            0.0           0.0    MM   0.0             0.0
  MONTH TO DATE    0.0                       0.0             0.0
  SINCE JUN 1      0.0                       0.0             0.0
  SINCE JUL 1      0.0                       0.0             0.0
  SNOW DEPTH       0

DEGREE DAYS
 HEATING
  TODAY            0                         0      0        0
  MONTH TO DATE    0                         0      0        0
  SINCE JUN 1      2                         8     -6        0
  SINCE JUL 1      0                         0      0        0

 COOLING
  TODAY           21                        16      5       16
  MONTH TO DATE   79                        63     16       76
  SINCE JUN 1    554                       404    150      476
  SINCE JAN 1    652                       593     59      676
..................................................................


WIND (MPH)
  HIGHEST WIND SPEED    29   HIGHEST WIND DIRECTION     W (250)
  HIGHEST GUST SPEED    35   HIGHEST GUST DIRECTION    SW (230)
  AVERAGE WIND SPEED     9.5


SKY COVER
  POSSIBLE SUNSHINE  MM
  AVERAGE SKY COVER 0.0


WEATHER CONDITIONS
 THE FOLLOWING WEATHER WAS RECORDED TODAY.
  NO SIGNIFICANT WEATHER WAS OBSERVED.


RELATIVE HUMIDITY (PERCENT)
 HIGHEST    47           500 AM
 LOWEST     11          1100 AM
 AVERAGE    29

..........................................................


THE LANCASTER CLIMATE NORMALS FOR TOMORROW
                         NORMAL    RECORD    YEAR
 MAXIMUM TEMPERATURE (F)   96       113      2007
 MINIMUM TEMPERATURE (F)   66        45      1948


SUNRISE AND SUNSET
JULY  4 2015..........SUNRISE   545 AM PDT   SUNSET   810 PM PDT
JULY  5 2015..........SUNRISE   545 AM PDT   SUNSET   810 PM PDT


-  INDICATES NEGATIVE NUMBERS.
R  INDICATES RECORD WAS SET OR TIED.
MM INDICATES DATA IS MISSING.
T  INDICATES TRACE AMOUNT.




$$
