000
CDUS46 KLOX 270900
CLIWJF


CLIMATE REPORT
NATIONAL WEATHER SERVICE LOS ANGELES/OXNARD CA
200 AM PDT THU APR 27 2017


...................................

...THE LANCASTER FOX FIELD CA CLIMATE SUMMARY FOR APRIL 26 2017...

CLIMATE NORMAL PERIOD 1981 TO 2010
CLIMATE RECORD PERIOD 1948 TO 2017


WEATHER ITEM   OBSERVED TIME   RECORD YEAR NORMAL DEPARTURE
                VALUE   (LST)  VALUE       VALUE  FROM
                                                  NORMAL
...............................................................
TEMPERATURE (F)
 YESTERDAY
  MAXIMUM         72    213 PM  94    1996  76     -4
  MINIMUM         53    553 AM  33    1952  48      5
  AVERAGE         63                        62      1

PRECIPITATION (IN)
  YESTERDAY        0.00          0.30 1963   0.01  -0.01
  MONTH TO DATE    T                         0.32  -0.32
  SINCE OCT 1      6.51                      6.87  -0.36
  SINCE JAN 1      4.52                      4.74  -0.22

SNOWFALL (IN)
  YESTERDAY        0.0           0.0    MM
  MONTH TO DATE    0.0
  SINCE MAR 1      0.0
  SINCE JUL 1      0.0
  SNOW DEPTH       0

DEGREE DAYS
 HEATING
  YESTERDAY        2                               -3
  MONTH TO DATE  118                              -73
  SINCE MAR 1    399                             -160
  SINCE JUL 1   2398                             -454

 COOLING
  YESTERDAY        0                               -2
  MONTH TO DATE    6                              -13
  SINCE MAR 1     10                              -11
  SINCE JAN 1     10                              -11
...............................................................


WIND (MPH)
  HIGHEST WIND SPEED    40   HIGHEST WIND DIRECTION     W (280)
  HIGHEST GUST SPEED    49   HIGHEST GUST DIRECTION     W (270)
  AVERAGE WIND SPEED    22.9




RELATIVE HUMIDITY (PERCENT)
 HIGHEST    66
 LOWEST     33
 AVERAGE    50

..........................................................


THE LANCASTER FOX FIELD CA CLIMATE NORMALS FOR TODAY
                         NORMAL    RECORD    YEAR
 MAXIMUM TEMPERATURE (F)   76        95      2004
 MINIMUM TEMPERATURE (F)   48        32      1971


SUNRISE AND SUNSET
APRIL 27 2017.........SUNRISE   606 AM PDT   SUNSET   735 PM PDT
APRIL 28 2017.........SUNRISE   605 AM PDT   SUNSET   736 PM PDT


-  INDICATES NEGATIVE NUMBERS.
R  INDICATES RECORD WAS SET OR TIED.
MM INDICATES DATA IS MISSING.
T  INDICATES TRACE AMOUNT.




$$
