000
CDUS46 KLOX 180906
CLIWJF


CLIMATE REPORT
NATIONAL WEATHER SERVICE LOS ANGELES/OXNARD CA
106 AM PST SUN FEB 18 2018


...................................

...THE LANCASTER FOX FIELD CA CLIMATE SUMMARY FOR FEBRUARY 17 2018...

CLIMATE NORMAL PERIOD 1981 TO 2010
CLIMATE RECORD PERIOD 1948 TO 2018


WEATHER ITEM   OBSERVED TIME   RECORD YEAR NORMAL DEPARTURE
                VALUE   (LST)  VALUE       VALUE  FROM
                                                  NORMAL
...............................................................
TEMPERATURE (F)
 YESTERDAY
  MAXIMUM         68    250 PM  77    1977  62      6
  MINIMUM         23    509 AM  21    1956  35    -12
  AVERAGE         46                        49     -3

PRECIPITATION (IN)
  YESTERDAY        0.00          1.43 2017   0.07  -0.07
  MONTH TO DATE    0.01                      1.09  -1.08
  SINCE OCT 1      0.98                      4.72  -3.74
  SINCE JAN 1      0.96                      2.59  -1.63

SNOWFALL (IN)
  YESTERDAY        0.0           0.0    MM
  MONTH TO DATE    0.0
  SINCE DEC 1      0.0
  SINCE JUL 1      0.0
  SNOW DEPTH       0

DEGREE DAYS
 HEATING
  YESTERDAY       19                                3
  MONTH TO DATE  232                              -68
  SINCE DEC 1   1356                             -224
  SINCE JUL 1   1718                             -407

 COOLING
  YESTERDAY        0                                0
  MONTH TO DATE    0                                0
  SINCE DEC 1      0                                0
  SINCE JAN 1      0                                0
...............................................................


WIND (MPH)
  HIGHEST WIND SPEED    17   HIGHEST WIND DIRECTION    SW (240)
  HIGHEST GUST SPEED    20   HIGHEST GUST DIRECTION    SW (240)
  AVERAGE WIND SPEED     4.5




RELATIVE HUMIDITY (PERCENT)
 HIGHEST    62
 LOWEST     10
 AVERAGE    36

..........................................................


THE LANCASTER FOX FIELD CA CLIMATE NORMALS FOR TODAY
                         NORMAL    RECORD    YEAR
 MAXIMUM TEMPERATURE (F)   62        78      1977
 MINIMUM TEMPERATURE (F)   36        20      1975


SUNRISE AND SUNSET
FEBRUARY 18 2018......SUNRISE   635 AM PST   SUNSET   539 PM PST
FEBRUARY 19 2018......SUNRISE   634 AM PST   SUNSET   540 PM PST


-  INDICATES NEGATIVE NUMBERS.
R  INDICATES RECORD WAS SET OR TIED.
MM INDICATES DATA IS MISSING.
T  INDICATES TRACE AMOUNT.




$$
