987
CDUS45 KLKN 240928
CLIWMC


CLIMATE REPORT
NATIONAL WEATHER SERVICE ELKO NV
228 AM PDT SAT SEP 24 2016


...................................

...THE WINNEMUCCA AIRPORT NV CLIMATE SUMMARY FOR SEPTEMBER 23 2016...

CLIMATE NORMAL PERIOD 1981 TO 2010
CLIMATE RECORD PERIOD 1877 TO 2016


WEATHER ITEM   OBSERVED TIME   RECORD YEAR NORMAL DEPARTURE LAST
                VALUE   (LST)  VALUE       VALUE  FROM      YEAR
                                                  NORMAL
..................................................................
TEMPERATURE (F)
 YESTERDAY
  MAXIMUM         65    328 PM  93    2011  78    -13       84
                                      1987
  MINIMUM         30    549 AM  21    1977  37     -7       38
  AVERAGE         48                        57     -9       61

PRECIPITATION (IN)
  YESTERDAY        0.00          0.53 1896   0.02  -0.02     0.00
  MONTH TO DATE    0.24                      0.31  -0.07     0.06
  SINCE OCT 1      9.10                      8.15   0.95     9.19
  SINCE JAN 1      4.82                      5.67  -0.85     6.62

SNOWFALL (IN)
  YESTERDAY        0.0           0.0  1877   0.0    0.0      0.0
  MONTH TO DATE    0.0                       0.0    0.0      0.0
  SINCE SEP 1      0.0                       0.0    0.0      0.0
  SINCE JUL 1      0.0                       0.0    0.0      0.0
  SNOW DEPTH       0

DEGREE DAYS
 HEATING
  YESTERDAY       17                         8      9        4
  MONTH TO DATE  145                       108     37      108
  SINCE SEP 1    145                       108     37      108
  SINCE JUL 1    165                       138     27      118

 COOLING
  YESTERDAY        0                         0      0        0
  MONTH TO DATE    7                        29    -22       22
  SINCE SEP 1      7                        29    -22       22
  SINCE JAN 1    572                       539     33      609
..................................................................


WIND (MPH)
  HIGHEST WIND SPEED    21   HIGHEST WIND DIRECTION    SW (240)
  HIGHEST GUST SPEED    27   HIGHEST GUST DIRECTION     W (280)
  AVERAGE WIND SPEED     7.9



WEATHER CONDITIONS
 THE FOLLOWING WEATHER WAS RECORDED YESTERDAY.
  NO SIGNIFICANT WEATHER WAS OBSERVED.


RELATIVE HUMIDITY (PERCENT)
 HIGHEST    89           500 AM
 LOWEST     22           300 PM
 AVERAGE    56

..........................................................


THE WINNEMUCCA AIRPORT NV CLIMATE NORMALS FOR TODAY
                         NORMAL    RECORD    YEAR
 MAXIMUM TEMPERATURE (F)   77        93      2011
 MINIMUM TEMPERATURE (F)   37        12      1958


SUNRISE AND SUNSET
SEPTEMBER 24 2016.....SUNRISE   641 AM PDT   SUNSET   644 PM PDT
SEPTEMBER 25 2016.....SUNRISE   642 AM PDT   SUNSET   642 PM PDT


-  INDICATES NEGATIVE NUMBERS.
R  INDICATES RECORD WAS SET OR TIED.
MM INDICATES DATA IS MISSING.
T  INDICATES TRACE AMOUNT.




$$
