000
CDUS45 KLKN 230028
CLIWMC


CLIMATE REPORT
NATIONAL WEATHER SERVICE ELKO NV
527 PM PDT TUE APR 22 2014


...................................

...THE WINNEMUCCA AIRPORT NV CLIMATE SUMMARY FOR APRIL 22 2014...
VALID TODAY AS OF 0500 PM LOCAL TIME.

CLIMATE NORMAL PERIOD 1981 TO 2010
CLIMATE RECORD PERIOD 1877 TO 2014


WEATHER ITEM   OBSERVED TIME   RECORD YEAR NORMAL DEPARTURE LAST
                VALUE   (LST)  VALUE       VALUE  FROM      YEAR
                                                  NORMAL
..................................................................
TEMPERATURE (F)
 TODAY
  MAXIMUM         56    134 PM  90    2012  64     -8       58
  MINIMUM         40    930 AM   8    1968  32      8       30
  AVERAGE         48                        48      0       44

PRECIPITATION (IN)
  TODAY            0.11          1.03 2010   0.03   0.08     0.00
  MONTH TO DATE    0.25                      0.63  -0.38     0.55
  SINCE OCT 1      5.63                      5.47   0.16     3.75
  SINCE JAN 1      2.97                      2.99  -0.02     1.34

SNOWFALL (IN)
  TODAY            0.0           4.8  1964   0.0    0.0      0.0
  MONTH TO DATE    1.2                       1.3   -0.1       T
  SINCE MAR 1      1.9                       4.5   -2.6       T
  SINCE JUL 1     23.4                      20.5    2.9     21.9
  SNOW DEPTH       0

DEGREE DAYS
 HEATING
  TODAY           17                        17      0       21
  MONTH TO DATE  368                       426    -58      446
  SINCE MAR 1   1071                      1165    -94     1156
  SINCE JUL 1   5730                      5754    -24     5922

 COOLING
  TODAY            0                         0      0        0
  MONTH TO DATE    0                         0      0        0
  SINCE MAR 1      0                         0      0        0
  SINCE JAN 1      0                         0      0        0
..................................................................


WIND (MPH)
  HIGHEST WIND SPEED    30   HIGHEST WIND DIRECTION    NW (300)
  HIGHEST GUST SPEED    39   HIGHEST GUST DIRECTION    NW (310)



WEATHER CONDITIONS
 THE FOLLOWING WEATHER WAS RECORDED TODAY.
  LIGHT RAIN
  FOG


RELATIVE HUMIDITY (PERCENT)
 HIGHEST    82           800 AM
 LOWEST     28           400 PM
 AVERAGE    55

..........................................................


THE WINNEMUCCA AIRPORT NV CLIMATE NORMALS FOR TOMORROW
                         NORMAL    RECORD    YEAR
 MAXIMUM TEMPERATURE (F)   65        90      2012
 MINIMUM TEMPERATURE (F)   32        14      1970


SUNRISE AND SUNSET
APRIL 22 2014.........SUNRISE   602 AM PDT   SUNSET   738 PM PDT
APRIL 23 2014.........SUNRISE   600 AM PDT   SUNSET   739 PM PDT


-  INDICATES NEGATIVE NUMBERS.
R  INDICATES RECORD WAS SET OR TIED.
MM INDICATES DATA IS MISSING.
T  INDICATES TRACE AMOUNT.




$$
