000
CDUS45 KLKN 270043
CLIWMC


CLIMATE REPORT
NATIONAL WEATHER SERVICE ELKO NV
540 PM PDT MON JUN 26 2017


...................................

...THE WINNEMUCCA AIRPORT NV CLIMATE SUMMARY FOR JUNE 26 2017...
VALID TODAY AS OF 0500 PM LOCAL TIME.

CLIMATE NORMAL PERIOD 1981 TO 2010
CLIMATE RECORD PERIOD 1877 TO 2017


WEATHER ITEM   OBSERVED TIME   RECORD YEAR NORMAL DEPARTURE LAST
                VALUE   (LST)  VALUE       VALUE  FROM      YEAR
                                                  NORMAL
..................................................................
TEMPERATURE (F)
 TODAY
  MAXIMUM         97    221 PM 102    1970  87     10       96
                                      1926
  MINIMUM         51    446 AM  32    1975  48      3       38
  AVERAGE         74                        68      6       67

PRECIPITATION (IN)
  TODAY            0.00          1.00 1971   0.01  -0.01     0.00
  MONTH TO DATE    1.22                      0.52   0.70     0.01
  SINCE OCT 1     11.00                      7.37   3.63     8.86
  SINCE JAN 1      6.46                      4.89   1.57     4.58

SNOWFALL (IN)
  TODAY            0.0           0.0  1877   0.0    0.0      0.0
  MONTH TO DATE    0.0                       0.0    0.0      0.0
  SINCE JUN 1      0.0                       0.0    0.0      0.0
  SINCE JUL 1     18.5                      20.9   -2.4     21.1
  SNOW DEPTH       0

DEGREE DAYS
 HEATING
  TODAY            0                         1     -1        0
  MONTH TO DATE   73                       100    -27       54
  SINCE JUN 1     73                       100    -27       54
  SINCE JUL 1   6004                      6300   -296     5686

 COOLING
  TODAY            9                         4      5        2
  MONTH TO DATE  121                        59     62       94
  SINCE JUN 1    121                        59     62       94
  SINCE JAN 1    128                        70     58       94
..................................................................


WIND (MPH)
  HIGHEST WIND SPEED    26   HIGHEST WIND DIRECTION     W (270)
  HIGHEST GUST SPEED    35   HIGHEST GUST DIRECTION     W (270)



WEATHER CONDITIONS
 THE FOLLOWING WEATHER WAS RECORDED TODAY.
  NO SIGNIFICANT WEATHER WAS OBSERVED.


RELATIVE HUMIDITY (PERCENT)
 HIGHEST    64           500 AM
 LOWEST     12           300 PM
 AVERAGE    38

..........................................................


THE WINNEMUCCA AIRPORT NV CLIMATE NORMALS FOR TOMORROW
                         NORMAL    RECORD    YEAR
 MAXIMUM TEMPERATURE (F)   88       104      2015
 MINIMUM TEMPERATURE (F)   49        33      1965


SUNRISE AND SUNSET
JUNE 26 2017..........SUNRISE   521 AM PDT   SUNSET   827 PM PDT
JUNE 27 2017..........SUNRISE   522 AM PDT   SUNSET   827 PM PDT


-  INDICATES NEGATIVE NUMBERS.
R  INDICATES RECORD WAS SET OR TIED.
MM INDICATES DATA IS MISSING.
T  INDICATES TRACE AMOUNT.




$$
