853
CDUS45 KLKN 240950
CLIWMC


CLIMATE REPORT
NATIONAL WEATHER SERVICE ELKO NV
147 AM PST FRI FEB 24 2017


...................................

...THE WINNEMUCCA AIRPORT NV CLIMATE SUMMARY FOR FEBRUARY 23 2017...

CLIMATE NORMAL PERIOD 1981 TO 2010
CLIMATE RECORD PERIOD 1877 TO 2017


WEATHER ITEM   OBSERVED TIME   RECORD YEAR NORMAL DEPARTURE LAST
                VALUE   (LST)  VALUE       VALUE  FROM      YEAR
                                                  NORMAL
..................................................................
TEMPERATURE (F)
 YESTERDAY
  MAXIMUM         35    321 PM  68    1995  50    -15       49
  MINIMUM         18   1134 PM   2    1890  24     -6       21
  AVERAGE         27                        37    -10       35

PRECIPITATION (IN)
  YESTERDAY        T             0.36 1934   0.03  -0.03     0.00
  MONTH TO DATE    0.74                      0.54   0.20     0.21
  SINCE OCT 1      7.09                      3.89   3.20     6.39
  SINCE JAN 1      2.55                      1.41   1.14     2.11

SNOWFALL (IN)
  YESTERDAY        T             4.0  1969   0.1   -0.1      0.0
  MONTH TO DATE    0.7                       2.9   -2.2      1.2
  SINCE DEC 1     15.2                      12.0    3.2     19.1
  SINCE JUL 1     15.8                      15.5    0.3     19.4
  SNOW DEPTH       T

DEGREE DAYS
 HEATING
  YESTERDAY       38                        28     10       30
  MONTH TO DATE  549                       700   -151      623
  SINCE DEC 1   2924                      2885     39     2710
  SINCE JUL 1   4259                      4453   -194     4059

 COOLING
  YESTERDAY        0                         0      0        0
  MONTH TO DATE    0                         0      0        0
  SINCE DEC 1      0                         0      0        0
  SINCE JAN 1      0                         0      0        0
..................................................................


WIND (MPH)
  HIGHEST WIND SPEED    22   HIGHEST WIND DIRECTION    NW (310)
  HIGHEST GUST SPEED    28   HIGHEST GUST DIRECTION    NW (310)
  AVERAGE WIND SPEED     8.2



WEATHER CONDITIONS
 THE FOLLOWING WEATHER WAS RECORDED YESTERDAY.
  LIGHT SNOW


RELATIVE HUMIDITY (PERCENT)
 HIGHEST    MM
 LOWEST     MM
 AVERAGE    MM

..........................................................


THE WINNEMUCCA AIRPORT NV CLIMATE NORMALS FOR TODAY
                         NORMAL    RECORD    YEAR
 MAXIMUM TEMPERATURE (F)   50        71      1986
 MINIMUM TEMPERATURE (F)   24         3      1960


SUNRISE AND SUNSET
FEBRUARY 24 2017......SUNRISE   632 AM PST   SUNSET   537 PM PST
FEBRUARY 25 2017......SUNRISE   631 AM PST   SUNSET   538 PM PST


-  INDICATES NEGATIVE NUMBERS.
R  INDICATES RECORD WAS SET OR TIED.
MM INDICATES DATA IS MISSING.
T  INDICATES TRACE AMOUNT.




$$
