000
CDUS45 KLKN 190931
CLIWMC


CLIMATE REPORT
NATIONAL WEATHER SERVICE ELKO NV
228 AM PDT FRI SEP 19 2014


...................................

...THE WINNEMUCCA AIRPORT NV CLIMATE SUMMARY FOR SEPTEMBER 18 2014...

CLIMATE NORMAL PERIOD 1981 TO 2010
CLIMATE RECORD PERIOD 1877 TO 2014


WEATHER ITEM   OBSERVED TIME   RECORD YEAR NORMAL DEPARTURE LAST
                VALUE   (LST)  VALUE       VALUE  FROM      YEAR
                                                  NORMAL
..................................................................
TEMPERATURE (F)
 YESTERDAY
  MAXIMUM         81    341 PM  93    1984  80      1       68
                                      1979
                                      1898
  MINIMUM         56    946 PM  17    1965  39     17       35
  AVERAGE         69                        59     10       52

PRECIPITATION (IN)
  YESTERDAY        0.01          0.23 1940   0.02  -0.01     0.00
  MONTH TO DATE    0.01                      0.22  -0.21     0.39
  SINCE OCT 1      7.25                      8.06  -0.81     5.21
  SINCE JAN 1      4.59                      5.58  -0.99     2.80

SNOWFALL (IN)
  YESTERDAY        0.0           0.0  1877   0.0    0.0      0.0
  MONTH TO DATE    0.0                       0.0    0.0      0.0
  SINCE SEP 1      0.0                       0.0    0.0      0.0
  SINCE JUL 1      0.0                       0.0    0.0       T
  SNOW DEPTH       0

DEGREE DAYS
 HEATING
  YESTERDAY        0                         6     -6       13
  MONTH TO DATE   15                        71    -56       18
  SINCE SEP 1     15                        71    -56       18
  SINCE JUL 1     34                       101    -67       18

 COOLING
  YESTERDAY        4                         1      3        0
  MONTH TO DATE   32                        28      4       79
  SINCE SEP 1     32                        28      4       79
  SINCE JAN 1    657                       538    119      760
..................................................................


WIND (MPH)
  HIGHEST WIND SPEED    16   HIGHEST WIND DIRECTION     W (280)
  HIGHEST GUST SPEED    20   HIGHEST GUST DIRECTION     W (270)
  AVERAGE WIND SPEED     5.2



WEATHER CONDITIONS
 THE FOLLOWING WEATHER WAS RECORDED YESTERDAY.
  HAZE


RELATIVE HUMIDITY (PERCENT)
 HIGHEST    72           300 AM
 LOWEST     21           300 PM
 AVERAGE    47

..........................................................


THE WINNEMUCCA AIRPORT NV CLIMATE NORMALS FOR TODAY
                         NORMAL    RECORD    YEAR
 MAXIMUM TEMPERATURE (F)   80        97      1939
 MINIMUM TEMPERATURE (F)   38        18      1971


SUNRISE AND SUNSET
SEPTEMBER 19 2014.....SUNRISE   636 AM PDT   SUNSET   653 PM PDT
SEPTEMBER 20 2014.....SUNRISE   637 AM PDT   SUNSET   652 PM PDT


-  INDICATES NEGATIVE NUMBERS.
R  INDICATES RECORD WAS SET OR TIED.
MM INDICATES DATA IS MISSING.
T  INDICATES TRACE AMOUNT.




$$
