000
CDUS45 KLKN 060939
CLIWMC


CLIMATE REPORT
NATIONAL WEATHER SERVICE ELKO NV
231 AM PDT MON JUL 6 2015


...................................

...THE WINNEMUCCA AIRPORT NV CLIMATE SUMMARY FOR JULY 5 2015...

CLIMATE NORMAL PERIOD 1981 TO 2010
CLIMATE RECORD PERIOD 1877 TO 2015


WEATHER ITEM   OBSERVED TIME   RECORD YEAR NORMAL DEPARTURE LAST
                VALUE   (LST)  VALUE       VALUE  FROM      YEAR
                                                  NORMAL
..................................................................
TEMPERATURE (F)
 YESTERDAY
  MAXIMUM         86    304 PM 106    2007  91     -5       97
  MINIMUM         61   1144 PM  29    1955  51     10       52
  AVERAGE         74                        71      3       75

PRECIPITATION (IN)
  YESTERDAY        0.03          0.10 1925   0.01   0.02     0.00
  MONTH TO DATE    0.05                      0.04   0.01     0.00
  SINCE OCT 1      8.29                      7.45   0.84     6.65
  SINCE JAN 1      5.72                      4.97   0.75     3.99

SNOWFALL (IN)
  YESTERDAY        0.0           0.0  1877   0.0    0.0      0.0
  MONTH TO DATE    0.0                       0.0    0.0      0.0
  SINCE JUN 1      0.0                       T      0.0      0.0
  SINCE JUL 1      0.0                       0.0    0.0      0.0
  SNOW DEPTH       0

DEGREE DAYS
 HEATING
  YESTERDAY        0                         1     -1        0
  MONTH TO DATE    0                         5     -5        0
  SINCE JUN 1     22                       110    -88       74
  SINCE JUL 1      0                         5     -5        0

 COOLING
  YESTERDAY        9                         6      3       10
  MONTH TO DATE   78                        29     49       62
  SINCE JUN 1    283                       108    175      136
  SINCE JAN 1    287                       119    168      145
..................................................................


WIND (MPH)
  HIGHEST WIND SPEED    26   HIGHEST WIND DIRECTION     W (280)
  HIGHEST GUST SPEED    34   HIGHEST GUST DIRECTION     W (280)
  AVERAGE WIND SPEED    11.1



WEATHER CONDITIONS
 THE FOLLOWING WEATHER WAS RECORDED YESTERDAY.
  NO SIGNIFICANT WEATHER WAS OBSERVED.


RELATIVE HUMIDITY (PERCENT)
 HIGHEST    84          1200 AM
 LOWEST     25           400 PM
 AVERAGE    55

..........................................................


THE WINNEMUCCA AIRPORT NV CLIMATE NORMALS FOR TODAY
                         NORMAL    RECORD    YEAR
 MAXIMUM TEMPERATURE (F)   91       104      2007
 MINIMUM TEMPERATURE (F)   51        34      1951


SUNRISE AND SUNSET
JULY  6 2015..........SUNRISE   526 AM PDT   SUNSET   826 PM PDT
JULY  7 2015..........SUNRISE   526 AM PDT   SUNSET   825 PM PDT


-  INDICATES NEGATIVE NUMBERS.
R  INDICATES RECORD WAS SET OR TIED.
MM INDICATES DATA IS MISSING.
T  INDICATES TRACE AMOUNT.




$$
