000
CDUS45 KLKN 210934
CLIWMC


CLIMATE REPORT
NATIONAL WEATHER SERVICE ELKO NV
133 AM PST TUE NOV 21 2017


...................................

...THE WINNEMUCCA AIRPORT NV CLIMATE SUMMARY FOR NOVEMBER 20 2017...

CLIMATE NORMAL PERIOD 1981 TO 2010
CLIMATE RECORD PERIOD 1877 TO 2017


WEATHER ITEM   OBSERVED TIME   RECORD YEAR NORMAL DEPARTURE LAST
                VALUE   (LST)  VALUE       VALUE  FROM      YEAR
                                                  NORMAL
..................................................................
TEMPERATURE (F)
 YESTERDAY
  MAXIMUM         60    153 PM  68    1986  49     11       58
  MINIMUM         42    703 AM  -7    1977  21     21       25
  AVERAGE         51                        35     16       42

PRECIPITATION (IN)
  YESTERDAY        0.04          0.69 1950   0.03   0.01      T
  MONTH TO DATE    0.58                      0.57   0.01     0.12
  SINCE OCT 1      0.66                      1.24  -0.58     2.06
  SINCE JAN 1      7.74                      7.04   0.70     6.88

SNOWFALL (IN)
  YESTERDAY        0.0           5.2  2010   0.1   -0.1      0.0
  MONTH TO DATE    T                         1.6   -1.6       T
  SINCE SEP 1      T                         2.1   -2.1       T
  SINCE JUL 1      T                         2.1   -2.1       T
  SNOW DEPTH       0

DEGREE DAYS
 HEATING
  YESTERDAY       14                        30    -16       23
  MONTH TO DATE  441                       527    -86      392
  SINCE SEP 1   1250                      1222     28     1023
  SINCE JUL 1   1250                      1252     -2     1043

 COOLING
  YESTERDAY        0                         0      0        0
  MONTH TO DATE    0                         0      0        0
  SINCE SEP 1    120                        31     89       12
  SINCE JAN 1    927                       541    386      577
..................................................................


WIND (MPH)
  HIGHEST WIND SPEED    21   HIGHEST WIND DIRECTION     S (200)
  HIGHEST GUST SPEED    26   HIGHEST GUST DIRECTION     S (200)
  AVERAGE WIND SPEED    10.3



WEATHER CONDITIONS
 THE FOLLOWING WEATHER WAS RECORDED YESTERDAY.
  LIGHT RAIN


RELATIVE HUMIDITY (PERCENT)
 HIGHEST    83          1000 AM
 LOWEST     40           200 PM
 AVERAGE    62

..........................................................


THE WINNEMUCCA AIRPORT NV CLIMATE NORMALS FOR TODAY
                         NORMAL    RECORD    YEAR
 MAXIMUM TEMPERATURE (F)   49        70      1924
 MINIMUM TEMPERATURE (F)   21        -5      1961


SUNRISE AND SUNSET
NOVEMBER 21 2017......SUNRISE   646 AM PST   SUNSET   428 PM PST
NOVEMBER 22 2017......SUNRISE   647 AM PST   SUNSET   428 PM PST


-  INDICATES NEGATIVE NUMBERS.
R  INDICATES RECORD WAS SET OR TIED.
MM INDICATES DATA IS MISSING.
T  INDICATES TRACE AMOUNT.




$$
