000
CDUS45 KLKN 300939
CLIWMC


CLIMATE REPORT
NATIONAL WEATHER SERVICE ELKO NV
236 AM PDT SAT JUL 30 2016


...................................

...THE WINNEMUCCA AIRPORT NV CLIMATE SUMMARY FOR JULY 29 2016...

CLIMATE NORMAL PERIOD 1981 TO 2010
CLIMATE RECORD PERIOD 1877 TO 2016


WEATHER ITEM   OBSERVED TIME   RECORD YEAR NORMAL DEPARTURE LAST
                VALUE   (LST)  VALUE       VALUE  FROM      YEAR
                                                  NORMAL
..................................................................
TEMPERATURE (F)
 YESTERDAY
  MAXIMUM        104    347 PM 105    1972  95      9       92
  MINIMUM         59    505 AM  40    1916  52      7       46
  AVERAGE         82                        74      8       69

PRECIPITATION (IN)
  YESTERDAY        0.00          0.05 1891   0.01  -0.01     0.00
  MONTH TO DATE    T                         0.23  -0.23     0.66
  SINCE OCT 1      8.86                      7.64   1.22     8.90
  SINCE JAN 1      4.58                      5.16  -0.58     6.33

SNOWFALL (IN)
  YESTERDAY        0.0           0.0  1877   0.0    0.0      0.0
  MONTH TO DATE    0.0                       0.0    0.0      0.0
  SINCE JUN 1      0.0                       T      0.0      0.0
  SINCE JUL 1      0.0                       0.0    0.0      0.0
  SNOW DEPTH       0

DEGREE DAYS
 HEATING
  YESTERDAY        0                         0      0        0
  MONTH TO DATE   17                         6     11        5
  SINCE JUN 1     71                       111    -40       27
  SINCE JUL 1     17                         6     11        5

 COOLING
  YESTERDAY       17                         9      8        4
  MONTH TO DATE  195                       229    -34      185
  SINCE JUN 1    328                       308     20      390
  SINCE JAN 1    328                       319      9      394
..................................................................


WIND (MPH)
  HIGHEST WIND SPEED    18   HIGHEST WIND DIRECTION     N (340)
  HIGHEST GUST SPEED    23   HIGHEST GUST DIRECTION    NW (310)
  AVERAGE WIND SPEED     5.9



WEATHER CONDITIONS
 THE FOLLOWING WEATHER WAS RECORDED YESTERDAY.
  NO SIGNIFICANT WEATHER WAS OBSERVED.


RELATIVE HUMIDITY (PERCENT)
 HIGHEST    40           600 AM
 LOWEST      9           200 PM
 AVERAGE    25

..........................................................


THE WINNEMUCCA AIRPORT NV CLIMATE NORMALS FOR TODAY
                         NORMAL    RECORD    YEAR
 MAXIMUM TEMPERATURE (F)   95       104      2003
                                             2000
                                             1971
 MINIMUM TEMPERATURE (F)   52        40      1975
                                             1956


SUNRISE AND SUNSET
JULY 30 2016..........SUNRISE   546 AM PDT   SUNSET   809 PM PDT
JULY 31 2016..........SUNRISE   547 AM PDT   SUNSET   807 PM PDT


-  INDICATES NEGATIVE NUMBERS.
R  INDICATES RECORD WAS SET OR TIED.
MM INDICATES DATA IS MISSING.
T  INDICATES TRACE AMOUNT.




$$
