000
CDUS41 KALY 220625
CLIWRK


CLIMATE REPORT
NATIONAL WEATHER SERVICE ALBANY NY
225 AM EDT TUE JUL 22 2014


...................................

...THE POUGHKEEPSIE NY CLIMATE SUMMARY FOR JULY 21 2014...

CLIMATE NORMAL PERIOD 1981 TO 2010
CLIMATE RECORD PERIOD 1949 TO 2014


WEATHER ITEM   OBSERVED TIME   RECORD YEAR NORMAL DEPARTURE LAST
                VALUE   (LST)  VALUE       VALUE  FROM      YEAR
                                                  NORMAL
..................................................................
TEMPERATURE (F)
 YESTERDAY
  MAXIMUM         85    440 PM 100    1977  85      0       88
  MINIMUM         58    518 AM  45    1965  61     -3       68
  AVERAGE         72                        73     -1       78

PRECIPITATION (IN)
  YESTERDAY        0.00          0.95 2009   0.15  -0.15     0.02
  MONTH TO DATE    4.15                      3.02   1.13     1.37
  SINCE JUN 1      6.44                      7.45  -1.01    11.19
  SINCE JAN 1     20.47                     24.95  -4.48    21.84

DEGREE DAYS
 HEATING
  YESTERDAY        0                         0      0        0
  MONTH TO DATE    0                         0      0        0
  SINCE JUN 1      7                        49    -42       31
  SINCE JUL 1      0                         0      0        0

 COOLING
  YESTERDAY        7                         8     -1       13
  MONTH TO DATE  194                       160     34      317
  SINCE JUN 1    332                       287     45      471
  SINCE JAN 1    365                       323     42      524
..................................................................


WIND (MPH)
  HIGHEST WIND SPEED     8   HIGHEST WIND DIRECTION    SW (240)
  HIGHEST GUST SPEED    10   HIGHEST GUST DIRECTION     W (290)
  AVERAGE WIND SPEED     1.8


SKY COVER
  AVERAGE SKY COVER 0.2



RELATIVE HUMIDITY (PERCENT)
 HIGHEST    93          1200 AM
 LOWEST     44           100 PM
 AVERAGE    69

..........................................................


THE POUGHKEEPSIE NY CLIMATE NORMALS FOR TODAY
                         NORMAL    RECORD    YEAR
 MAXIMUM TEMPERATURE (F)   85       102      2011
 MINIMUM TEMPERATURE (F)   61        48      1950


SUNRISE AND SUNSET
JULY 22 2014..........SUNRISE   540 AM EDT   SUNSET   823 PM EDT
JULY 23 2014..........SUNRISE   541 AM EDT   SUNSET   822 PM EDT


-  INDICATES NEGATIVE NUMBERS.
R  INDICATES RECORD WAS SET OR TIED.
MM INDICATES DATA IS MISSING.
T  INDICATES TRACE AMOUNT.




$$
