000
CDUS45 KRIW 200730
CLIWRL


CLIMATE REPORT
NATIONAL WEATHER SERVICE RIVERTON WY
130 AM MDT SUN AUG 20 2017


...................................

...THE WORLAND WY CLIMATE SUMMARY FOR AUGUST 19 2017...

CLIMATE NORMAL PERIOD 1981 TO 2010
CLIMATE RECORD PERIOD 1947 TO 2017


WEATHER ITEM   OBSERVED TIME   RECORD YEAR NORMAL DEPARTURE LAST
                VALUE   (LST)  VALUE       VALUE  FROM      YEAR
                                                  NORMAL
..................................................................
TEMPERATURE (F)
 YESTERDAY
  MAXIMUM         92    339 PM  98    1988  87      5       68
  MINIMUM         50    516 AM  41    2015  52     -2       45
  AVERAGE         71                        70      1       57

PRECIPITATION (IN)
  YESTERDAY        0.00          0.12 2007   0.01  -0.01     0.01
  MONTH TO DATE    0.18                      0.27  -0.09     0.27
  SINCE JUN 1      0.70                      2.13  -1.43     0.71
  SINCE JAN 1      5.50                      5.29   0.21     4.47

DEGREE DAYS
 HEATING
  YESTERDAY        0                         1     -1        8
  MONTH TO DATE    1                         3     -2        8
  SINCE JUN 1     47                       109    -62       18
  SINCE JUL 1      1                        16    -15       12

 COOLING
  YESTERDAY        6                         5      1        0
  MONTH TO DATE   64                       132    -68      151
  SINCE JUN 1    465                       445     20      615
  SINCE JAN 1    465                       457      8      617
..................................................................


WIND (MPH)
  HIGHEST WIND SPEED    17   HIGHEST WIND DIRECTION     N (360)
  HIGHEST GUST SPEED    25   HIGHEST GUST DIRECTION     N (10)
  AVERAGE WIND SPEED     5.9


SKY COVER
  POSSIBLE SUNSHINE  MM
  AVERAGE SKY COVER 0.0


WEATHER CONDITIONS
 THE FOLLOWING WEATHER WAS RECORDED YESTERDAY.
  NO SIGNIFICANT WEATHER WAS OBSERVED.


RELATIVE HUMIDITY (PERCENT)
 HIGHEST    68           500 AM
 LOWEST     11           200 PM
 AVERAGE    40

..........................................................


THE WORLAND WY CLIMATE NORMALS FOR TODAY
                         NORMAL    RECORD    YEAR
 MAXIMUM TEMPERATURE (F)   87       102      1973
 MINIMUM TEMPERATURE (F)   52        41      2016


SUNRISE AND SUNSET
AUGUST 20 2017........SUNRISE   622 AM MDT   SUNSET   808 PM MDT
AUGUST 21 2017........SUNRISE   623 AM MDT   SUNSET   806 PM MDT


-  INDICATES NEGATIVE NUMBERS.
R  INDICATES RECORD WAS SET OR TIED.
MM INDICATES DATA IS MISSING.
T  INDICATES TRACE AMOUNT.




$$
