000
CDUS45 KRIW 010737
CLIWRL


CLIMATE REPORT
NATIONAL WEATHER SERVICE RIVERTON WY
1234 AM MST SUN FEB 1 2015


...................................

...THE WORLAND WY CLIMATE SUMMARY FOR JANUARY 31 2015...

CLIMATE NORMAL PERIOD 1981 TO 2010
CLIMATE RECORD PERIOD 1947 TO 2015


WEATHER ITEM   OBSERVED TIME   RECORD YEAR NORMAL DEPARTURE LAST
                VALUE   (LST)  VALUE       VALUE  FROM      YEAR
                                                  NORMAL
..................................................................
TEMPERATURE (F)
 YESTERDAY
  MAXIMUM         32    259 PM  54    1999  32      0       18
  MINIMUM         17    424 AM -34    1996   6     11       -2
  AVERAGE         25                        19      6        8

PRECIPITATION (IN)
  YESTERDAY        0.00          0.13 1998   0.01  -0.01     0.00
  MONTH TO DATE    0.23                      0.23   0.00     0.25
  SINCE DEC 1      0.93                      0.46   0.47     0.37
  SINCE JAN 1      0.23                      0.23   0.00     0.25

DEGREE DAYS
 HEATING
  YESTERDAY       40                        46     -6       57
  MONTH TO DATE 1545                      1485     60     1491
  SINCE DEC 1   2999                      2956     43     3053
  SINCE JUL 1   4915                      4848     67     4909

 COOLING
  YESTERDAY        0                         0      0        0
  MONTH TO DATE    0                         0      0        0
  SINCE DEC 1      0                         0      0        0
  SINCE JAN 1      0                         0      0        0
..................................................................


WIND (MPH)
  HIGHEST WIND SPEED    25   HIGHEST WIND DIRECTION    NW (320)
  HIGHEST GUST SPEED    31   HIGHEST GUST DIRECTION    NW (330)
  AVERAGE WIND SPEED     6.0


SKY COVER
  POSSIBLE SUNSHINE  MM
  AVERAGE SKY COVER 0.7


WEATHER CONDITIONS
 THE FOLLOWING WEATHER WAS RECORDED YESTERDAY.
  FOG
  FOG W/VISIBILITY <= 1/4 MILE
  HAZE


RELATIVE HUMIDITY (PERCENT)
 HIGHEST    92          1200 AM
 LOWEST     68           800 PM
 AVERAGE    80

..........................................................


THE WORLAND WY CLIMATE NORMALS FOR TODAY
                         NORMAL    RECORD    YEAR
 MAXIMUM TEMPERATURE (F)   33        53      1992
 MINIMUM TEMPERATURE (F)    6       -34      1985


SUNRISE AND SUNSET
FEBRUARY  1 2015......SUNRISE   729 AM MST   SUNSET   522 PM MST
FEBRUARY  2 2015......SUNRISE   728 AM MST   SUNSET   523 PM MST


-  INDICATES NEGATIVE NUMBERS.
R  INDICATES RECORD WAS SET OR TIED.
MM INDICATES DATA IS MISSING.
T  INDICATES TRACE AMOUNT.




$$
