000
CDUS45 KRIW 230734
CLIWRL


CLIMATE REPORT
NATIONAL WEATHER SERVICE RIVERTON WY
128 AM MDT WED JUL 23 2014


...................................

...THE WORLAND WY CLIMATE SUMMARY FOR JULY 22 2014...

CLIMATE NORMAL PERIOD 1981 TO 2010
CLIMATE RECORD PERIOD 1947 TO 2014


WEATHER ITEM   OBSERVED TIME   RECORD YEAR NORMAL DEPARTURE LAST
                VALUE   (LST)  VALUE       VALUE  FROM      YEAR
                                                  NORMAL
..................................................................
TEMPERATURE (F)
 YESTERDAY
  MAXIMUM         98    431 PM 103    1982  90      8      100
  MINIMUM         56    505 AM  45    1978  56      0       56
  AVERAGE         77                        73      4       78

PRECIPITATION (IN)
  YESTERDAY        0.00          0.96 1973   0.02  -0.02     0.00
  MONTH TO DATE    0.08                      0.50  -0.42     0.20
  SINCE JUN 1      1.70                      1.65   0.05     0.29
  SINCE JAN 1      3.91                      4.81  -0.90     2.98

DEGREE DAYS
 HEATING
  YESTERDAY        0                         0      0        0
  MONTH TO DATE    1                        10     -9        0
  SINCE JUN 1     91                       103    -12       45
  SINCE JUL 1      1                        10     -9        0

 COOLING
  YESTERDAY       12                         8      4       13
  MONTH TO DATE  203                       156     47      257
  SINCE JUN 1    232                       240     -8      390
  SINCE JAN 1    262                       252     10      407
..................................................................


WIND (MPH)
  HIGHEST WIND SPEED    14   HIGHEST WIND DIRECTION     S (200)
  HIGHEST GUST SPEED    30   HIGHEST GUST DIRECTION     N (340)
  AVERAGE WIND SPEED     5.0


SKY COVER
  POSSIBLE SUNSHINE  MM
  AVERAGE SKY COVER 0.0


WEATHER CONDITIONS
 THE FOLLOWING WEATHER WAS RECORDED YESTERDAY.
  NO SIGNIFICANT WEATHER WAS OBSERVED.


RELATIVE HUMIDITY (PERCENT)
 HIGHEST    77           500 AM
 LOWEST     11           200 PM
 AVERAGE    44

..........................................................


THE WORLAND WY CLIMATE NORMALS FOR TODAY
                         NORMAL    RECORD    YEAR
 MAXIMUM TEMPERATURE (F)   90       104      2007
 MINIMUM TEMPERATURE (F)   56        44      1972


SUNRISE AND SUNSET
JULY 23 2014..........SUNRISE   551 AM MDT   SUNSET   845 PM MDT
JULY 24 2014..........SUNRISE   552 AM MDT   SUNSET   844 PM MDT


-  INDICATES NEGATIVE NUMBERS.
R  INDICATES RECORD WAS SET OR TIED.
MM INDICATES DATA IS MISSING.
T  INDICATES TRACE AMOUNT.




$$
