000
CDUS45 KRIW 240731
CLIWRL


CLIMATE REPORT
NATIONAL WEATHER SERVICE RIVERTON WY
128 AM MDT WED MAY 24 2017


...................................

...THE WORLAND WY CLIMATE SUMMARY FOR MAY 23 2017...

CLIMATE NORMAL PERIOD 1981 TO 2010
CLIMATE RECORD PERIOD 1947 TO 2017


WEATHER ITEM   OBSERVED TIME   RECORD YEAR NORMAL DEPARTURE LAST
                VALUE   (LST)  VALUE       VALUE  FROM      YEAR
                                                  NORMAL
..................................................................
TEMPERATURE (F)
 YESTERDAY
  MAXIMUM         71    512 PM  91    1967  72     -1       69
  MINIMUM         35    439 AM  30    1966  43     -8       32
  AVERAGE         53                        58     -5       51

PRECIPITATION (IN)
  YESTERDAY        0.00          0.90 1996   0.04  -0.04     0.00
  MONTH TO DATE    0.84                      1.03  -0.19     1.00
  SINCE MAR 1      4.32                      2.35   1.97     3.31
  SINCE JAN 1      4.72                      2.77   1.95     3.34

DEGREE DAYS
 HEATING
  YESTERDAY       12                         8      4       14
  MONTH TO DATE  241                       255    -14      251
  SINCE MAR 1   1480                      1721   -241     1544
  SINCE JUL 1   7355                      7722   -367     6929

 COOLING
  YESTERDAY        0                         0      0        0
  MONTH TO DATE    0                         0      0        2
  SINCE MAR 1      0                         1     -1        2
  SINCE JAN 1      0                         1     -1        2
..................................................................


WIND (MPH)
  HIGHEST WIND SPEED    14   HIGHEST WIND DIRECTION    SE (130)
  HIGHEST GUST SPEED    16   HIGHEST GUST DIRECTION    SE (120)
  AVERAGE WIND SPEED     5.0


SKY COVER
  POSSIBLE SUNSHINE  MM
  AVERAGE SKY COVER 0.1


WEATHER CONDITIONS
 THE FOLLOWING WEATHER WAS RECORDED YESTERDAY.
  NO SIGNIFICANT WEATHER WAS OBSERVED.


RELATIVE HUMIDITY (PERCENT)
 HIGHEST   100          1200 AM
 LOWEST     18           300 PM
 AVERAGE    59

..........................................................


THE WORLAND WY CLIMATE NORMALS FOR TODAY
                         NORMAL    RECORD    YEAR
 MAXIMUM TEMPERATURE (F)   72        91      1969
 MINIMUM TEMPERATURE (F)   43        30      2002


SUNRISE AND SUNSET
MAY 24 2017...........SUNRISE   537 AM MDT   SUNSET   841 PM MDT
MAY 25 2017...........SUNRISE   536 AM MDT   SUNSET   842 PM MDT


-  INDICATES NEGATIVE NUMBERS.
R  INDICATES RECORD WAS SET OR TIED.
MM INDICATES DATA IS MISSING.
T  INDICATES TRACE AMOUNT.




$$
