000
CDUS45 KRIW 230049
CLIWRL


CLIMATE REPORT
NATIONAL WEATHER SERVICE RIVERTON WY
546 PM MST MON DEC 22 2014


...................................

...THE WORLAND WY CLIMATE SUMMARY FOR DECEMBER 22 2014...
VALID TODAY AS OF 0500 PM LOCAL TIME.

CLIMATE NORMAL PERIOD 1981 TO 2010
CLIMATE RECORD PERIOD 1947 TO 2014


WEATHER ITEM   OBSERVED TIME   RECORD YEAR NORMAL DEPARTURE LAST
                VALUE   (LST)  VALUE       VALUE  FROM      YEAR
                                                  NORMAL
..................................................................
TEMPERATURE (F)
 TODAY
  MAXIMUM         35        MM  55    1964  29      6       22
  MINIMUM         21        MM -45    1990   3     18        3
  AVERAGE         28                        16     12       13

PRECIPITATION (IN)
  TODAY            0.03          0.29 1979   0.00   0.03     0.06
  MONTH TO DATE    0.42                      0.16   0.26     0.09
  SINCE DEC 1      0.42                      0.16   0.26     0.09
  SINCE JAN 1      7.98                      7.50   0.48     7.83

DEGREE DAYS
 HEATING
  TODAY           37                        49    -12       52
  MONTH TO DATE  902                      1029   -127     1138
  SINCE DEC 1    902                      1029   -127     1138
  SINCE JUL 1   2818                      2921   -103     2994

 COOLING
  TODAY            0                         0      0        0
  MONTH TO DATE    0                         0      0        0
  SINCE DEC 1      0                         0      0        0
  SINCE JAN 1    543                       535      8      852
..................................................................


WIND (MPH)
  HIGHEST WIND SPEED    13   HIGHEST WIND DIRECTION    NW (320)
  HIGHEST GUST SPEED    MM   HIGHEST GUST DIRECTION    MM
  AVERAGE WIND SPEED     9.8


SKY COVER
  POSSIBLE SUNSHINE  MM
  AVERAGE SKY COVER 0.7


WEATHER CONDITIONS
 THE FOLLOWING WEATHER WAS RECORDED TODAY.
  SNOW
  LIGHT SNOW
  FOG


RELATIVE HUMIDITY (PERCENT)
 HIGHEST    92           300 AM
 LOWEST     69           500 AM
 AVERAGE    81

..........................................................


THE WORLAND WY CLIMATE NORMALS FOR TOMORROW
                         NORMAL    RECORD    YEAR
 MAXIMUM TEMPERATURE (F)   29        55      1964
 MINIMUM TEMPERATURE (F)    3       -40      1983


SUNRISE AND SUNSET
DECEMBER 22 2014......SUNRISE   744 AM MST   SUNSET   437 PM MST
DECEMBER 23 2014......SUNRISE   744 AM MST   SUNSET   438 PM MST


-  INDICATES NEGATIVE NUMBERS.
R  INDICATES RECORD WAS SET OR TIED.
MM INDICATES DATA IS MISSING.
T  INDICATES TRACE AMOUNT.




$$
