000
CDUS45 KRIW 070732
CLIWRL


CLIMATE REPORT
NATIONAL WEATHER SERVICE RIVERTON WY
1230 AM MST WED DEC 7 2016


...................................

...THE WORLAND WY CLIMATE SUMMARY FOR DECEMBER 6 2016...

CLIMATE NORMAL PERIOD 1981 TO 2010
CLIMATE RECORD PERIOD 1947 TO 2016


WEATHER ITEM   OBSERVED TIME   RECORD YEAR NORMAL DEPARTURE LAST
                VALUE   (LST)  VALUE       VALUE  FROM      YEAR
                                                  NORMAL
..................................................................
TEMPERATURE (F)
 YESTERDAY
  MAXIMUM         16    105 PM  55    2003  32    -16       44
                                      1987
  MINIMUM         -2    604 AM -32    1972   7     -9        4
  AVERAGE          7                        20    -13       24

PRECIPITATION (IN)
  YESTERDAY        T             0.27 1989   0.01  -0.01     0.00
  MONTH TO DATE    0.02                      0.05  -0.03      T
  SINCE DEC 1      0.02                      0.05  -0.03      T
  SINCE JAN 1      9.77                      7.39   2.38     7.26

DEGREE DAYS
 HEATING
  YESTERDAY       58                        45     13       41
  MONTH TO DATE  249                       266    -17      288
  SINCE DEC 1    249                       266    -17      288
  SINCE JUL 1   1788                      2158   -370     1872

 COOLING
  YESTERDAY        0                         0      0        0
  MONTH TO DATE    0                         0      0        0
  SINCE DEC 1      0                         0      0        0
  SINCE JAN 1    690                       535    155      631
..................................................................


WIND (MPH)
  HIGHEST WIND SPEED    13   HIGHEST WIND DIRECTION     N (360)
  HIGHEST GUST SPEED    16   HIGHEST GUST DIRECTION     N (360)
  AVERAGE WIND SPEED     5.1


SKY COVER
  POSSIBLE SUNSHINE  MM
  AVERAGE SKY COVER 0.2


WEATHER CONDITIONS
 THE FOLLOWING WEATHER WAS RECORDED YESTERDAY.
  LIGHT SNOW


RELATIVE HUMIDITY (PERCENT)
 HIGHEST    88           600 PM
 LOWEST     70          1100 AM
 AVERAGE    79

..........................................................


THE WORLAND WY CLIMATE NORMALS FOR TODAY
                         NORMAL    RECORD    YEAR
 MAXIMUM TEMPERATURE (F)   32        54      1987
 MINIMUM TEMPERATURE (F)    6       -26      1978


SUNRISE AND SUNSET
DECEMBER  7 2016......SUNRISE   733 AM MST   SUNSET   434 PM MST
DECEMBER  8 2016......SUNRISE   734 AM MST   SUNSET   434 PM MST


-  INDICATES NEGATIVE NUMBERS.
R  INDICATES RECORD WAS SET OR TIED.
MM INDICATES DATA IS MISSING.
T  INDICATES TRACE AMOUNT.




$$
