000
CDUS45 KRIW 270030
CLIWRL


CLIMATE REPORT
NATIONAL WEATHER SERVICE RIVERTON WY
629 PM MDT MON JUN 26 2017


...................................

...THE WORLAND WY CLIMATE SUMMARY FOR JUNE 26 2017...
VALID TODAY AS OF 0500 PM LOCAL TIME.

CLIMATE NORMAL PERIOD 1981 TO 2010
CLIMATE RECORD PERIOD 1947 TO 2017


WEATHER ITEM   OBSERVED TIME   RECORD YEAR NORMAL DEPARTURE LAST
                VALUE   (LST)  VALUE       VALUE  FROM      YEAR
                                                  NORMAL
..................................................................
TEMPERATURE (F)
 TODAY
  MAXIMUM         95        MM 104    1988  84     11       88
  MINIMUM         48        MM  42    1972  52     -4       46
  AVERAGE         72                        68      4       67

PRECIPITATION (IN)
  TODAY            0.00          0.48 1969   0.02  -0.02     0.00
  MONTH TO DATE    0.25                      1.05  -0.80     0.26
  SINCE JUN 1      0.25                      1.05  -0.80     0.26
  SINCE JAN 1      5.05                      4.21   0.84     4.02

DEGREE DAYS
 HEATING
  TODAY            0                         1     -1        0
  MONTH TO DATE   32                        88    -56        6
  SINCE JUN 1     32                        88    -56        6
  SINCE JUL 1   7441                      7864   -423     6997

 COOLING
  TODAY            7                         4      3        2
  MONTH TO DATE   86                        63     23      160
  SINCE JUN 1     86                        63     23      160
  SINCE JAN 1     86                        75     11      162
..................................................................


WIND (MPH)
  HIGHEST WIND SPEED    10   HIGHEST WIND DIRECTION    SW (240)
  HIGHEST GUST SPEED    MM   HIGHEST GUST DIRECTION    MM
  AVERAGE WIND SPEED     5.6


SKY COVER
  POSSIBLE SUNSHINE  MM
  AVERAGE SKY COVER 0.0


WEATHER CONDITIONS
 THE FOLLOWING WEATHER WAS RECORDED TODAY.
  NO SIGNIFICANT WEATHER WAS OBSERVED.


RELATIVE HUMIDITY (PERCENT)
 HIGHEST    61           300 AM
 LOWEST      6           400 PM
 AVERAGE    34

..........................................................


THE WORLAND WY CLIMATE NORMALS FOR TOMORROW
                         NORMAL    RECORD    YEAR
 MAXIMUM TEMPERATURE (F)   85       107      1970
 MINIMUM TEMPERATURE (F)   52        39      1969


SUNRISE AND SUNSET
JUNE 26 2017..........SUNRISE   531 AM MDT   SUNSET   859 PM MDT
JUNE 27 2017..........SUNRISE   531 AM MDT   SUNSET   859 PM MDT


-  INDICATES NEGATIVE NUMBERS.
R  INDICATES RECORD WAS SET OR TIED.
MM INDICATES DATA IS MISSING.
T  INDICATES TRACE AMOUNT.




$$
