000
CDUS45 KRIW 290743
CLIWRL


CLIMATE REPORT
NATIONAL WEATHER SERVICE RIVERTON WY
143 AM MDT WED JUL 29 2015


...................................

...THE WORLAND WY CLIMATE SUMMARY FOR JULY 28 2015...

CLIMATE NORMAL PERIOD 1981 TO 2010
CLIMATE RECORD PERIOD 1947 TO 2015


WEATHER ITEM   OBSERVED TIME   RECORD YEAR NORMAL DEPARTURE LAST
                VALUE   (LST)  VALUE       VALUE  FROM      YEAR
                                                  NORMAL
..................................................................
TEMPERATURE (F)
 YESTERDAY
  MAXIMUM         76    415 PM 106    1975  90    -14       96
  MINIMUM         43R   511 AM  47    1993  56    -13       55
  AVERAGE         60                        73    -13       76

PRECIPITATION (IN)
  YESTERDAY        0.00          0.45 1982   0.02  -0.02     0.00
  MONTH TO DATE    0.44                      0.64  -0.20     0.08
  SINCE JUN 1      1.50                      1.79  -0.29     1.70
  SINCE JAN 1      5.68                      4.95   0.73     3.91

DEGREE DAYS
 HEATING
  YESTERDAY        5                         0      5        0
  MONTH TO DATE    5                        10     -5        1
  SINCE JUN 1      9                       103    -94       91
  SINCE JUL 1      5                        10     -5        1

 COOLING
  YESTERDAY        0                         8     -8       11
  MONTH TO DATE  186                       204    -18      267
  SINCE JUN 1    365                       288     77      296
  SINCE JAN 1    367                       300     67      326
..................................................................


WIND (MPH)
  HIGHEST WIND SPEED    18   HIGHEST WIND DIRECTION    NW (300)
  HIGHEST GUST SPEED    23   HIGHEST GUST DIRECTION    NW (320)
  AVERAGE WIND SPEED     6.2


SKY COVER
  POSSIBLE SUNSHINE  MM
  AVERAGE SKY COVER 0.0


WEATHER CONDITIONS
 THE FOLLOWING WEATHER WAS RECORDED YESTERDAY.
  NO SIGNIFICANT WEATHER WAS OBSERVED.


RELATIVE HUMIDITY (PERCENT)
 HIGHEST    89           300 AM
 LOWEST     17           100 PM
 AVERAGE    53

..........................................................


THE WORLAND WY CLIMATE NORMALS FOR TODAY
                         NORMAL    RECORD    YEAR
 MAXIMUM TEMPERATURE (F)   90       105      2006
 MINIMUM TEMPERATURE (F)   56        49      2009


SUNRISE AND SUNSET
JULY 29 2015..........SUNRISE   557 AM MDT   SUNSET   839 PM MDT
JULY 30 2015..........SUNRISE   558 AM MDT   SUNSET   838 PM MDT


-  INDICATES NEGATIVE NUMBERS.
R  INDICATES RECORD WAS SET OR TIED.
MM INDICATES DATA IS MISSING.
T  INDICATES TRACE AMOUNT.




$$
