000
CDAK47 PAYA 160917
CLIYAK

CLIMATE REPORT
NATIONAL WEATHER SERVICE YAKUTAT, AK
117 AM AKDT TUE SEP 16 2014

...................................
...THE YAKUTAT AP CLIMATE SUMMARY FOR SEPTEMBER 15 2014...

CLIMATE NORMAL PERIOD  1981 TO  2010
CLIMATE RECORD PERIOD  1948 TO  2014

WEATHER ITEM   OBSERVED TIME    RECORD YEAR NORMAL DEPARTURE LAST
               VALUE    (LST)   VALUE       VALUE  FROM      YEAR
                                                   NORMAL
...................................................................
TEMPERATURE
YESTERDAY
 MAXIMUM            61  1251 PM    73  2010     56       5     59
 MINIMUM            52  1159 PM    28  1948     41      11     47
 AVERAGE            57                          49       8     53

PRECIPITATION
(INCHES)
 YESTERDAY        0.60           2.61  1984   0.70   -0.10   0.01
 MONTH TO DATE   11.29                        9.52    1.77  12.53
 SINCE SEP 1     11.29                        9.52    1.77  12.53
 SINCE JAN 1     90.09                       90.82   -0.73  90.16

SNOWFALL
(INCHES)
 YESTERDAY         0.0            0.8  1992    0.0     0.0    0.0
 MONTH TO DATE     0.0                         0.0     0.0    0.0
 SINCE SEP 1       0.0                         0.0     0.0    0.0
 SINCE JUL 1       0.0                         0.0     0.0    0.0
 SNOW DEPTH (IN)     0                                          0

DEGREE DAYS
 HEATING
  YESTERDAY          8                          17      -9     12
  MONTH TO DATE    164                         228     -64    166
  SINCE SEP 1      164                         228     -64    166
  SINCE JUL 1      791                         906    -115    730

 COOLING
  YESTERDAY          0                           0       0      0
  MONTH TO DATE      0                           0       0      0
  SINCE SEP 1        0                           0       0      0
  SINCE JAN 1        0                           0       0      0
...................................................................

WIND (MPH)
 HIGHEST WIND SPEED    13     HIGHEST WIND DIRECTION    100
 HIGHEST GUST SPEED    22     HIGHEST GUST DIRECTION     90
 AVERAGE WIND SPEED   5.0

SKY COVER
  POSSIBLE SUNSHINE    MM          AVERAGE SKY COVER     MM

WEATHER CONDITIONS
 THE FOLLOWING WEATHER WAS RECORDED YESTERDAY.
  FOG
RAIN


RELATIVE HUMIDITY
 HIGHEST RH     MM PERCENT       MM
 LOWEST  RH     MM PERCENT       MM
 AVERAGE RH     MM PERCENT       MM
...................................................................

THE YAKUTAT CLIMATE NORMALS FOR TODAY
                           NORMAL    RECORD   YEAR
 MAXIMUM TEMPERATURE (F)     56        74     2010
 MINIMUM TEMPERATURE (F)     41        25     2003

SUNRISE AND SUNSET
 SEP 16 2014..........SUNRISE  6:50 AM      SUNSET  7:36 PM
 SEP 17 2014..........SUNRISE  6:53 AM      SUNSET  7:33 PM

-  INDICATES NEGATIVE NUMBERS.
R  INDICATES RECORD HAS BEEN SET OR TIED.
MM INDICATES DATA IS MISSING.
T  INDICATES TRACE OF PRECIPITATION.

&&
-------------------------------------------------------------------

AMOUNT OF DAYLIGHT TODAY  (HOUR:MIN)........12 HOURS 46 MINUTES
GAIN/LOSS SINCE YESTERDAY (HOUR:MIN:SEC)....-0:05:17

$$
*** SEP 14
