000
CDAK47 PAYA 010906
CLIYAK

CLIMATE REPORT
NATIONAL WEATHER SERVICE YAKUTAT, AK
106 AM AKDT TUE SEP 1 2015

...................................
...THE YAKUTAT AP CLIMATE SUMMARY FOR AUGUST 31 2015...

CLIMATE NORMAL PERIOD  1981 TO  2010
CLIMATE RECORD PERIOD  1948 TO  2015

WEATHER ITEM   OBSERVED TIME    RECORD YEAR NORMAL DEPARTURE LAST
               VALUE    (LST)   VALUE       VALUE  FROM      YEAR
                                                   NORMAL
...................................................................
TEMPERATURE
YESTERDAY
 MAXIMUM            60  0100 PM    75  1963     59       1     54
 MINIMUM            41  0638 AM    33  1922     44      -3     49
 AVERAGE            51                          51       0     52

PRECIPITATION
(INCHES)
 YESTERDAY        0.00           4.13  1952   0.54   -0.54   0.70
 MONTH TO DATE   13.91                       14.07   -0.16  23.17
 SINCE JUN 1     34.37                       28.34    6.03  39.69
 SINCE JAN 1     84.95                       81.30    3.65  78.80

SNOWFALL
(INCHES)
 YESTERDAY         0.0            0.0  2015    0.0     0.0    0.0
 MONTH TO DATE     0.0                         0.0     0.0    0.0
 SINCE JUN 1       0.0                         0.0     0.0    0.0
 SINCE JUL 1       0.0                         0.0     0.0    0.0
 SNOW DEPTH (IN)     0                                          0

DEGREE DAYS
 HEATING
  YESTERDAY         14                          14       0     13
  MONTH TO DATE    300                         346     -46    314
  SINCE JUN 1      902                        1104    -202   1073
  SINCE JUL 1      568                         678    -110    627

 COOLING
  YESTERDAY          0                           0       0      0
  MONTH TO DATE      0                           0       0      0
  SINCE JUN 1        0                           0       0      0
  SINCE JAN 1        0                           0       0      0
...................................................................

WIND (MPH)
 HIGHEST WIND SPEED    10     HIGHEST WIND DIRECTION    110
 HIGHEST GUST SPEED    17     HIGHEST GUST DIRECTION     90
 AVERAGE WIND SPEED   2.7

SKY COVER
  POSSIBLE SUNSHINE    MM          AVERAGE SKY COVER     MM

WEATHER CONDITIONS
 THE FOLLOWING WEATHER WAS RECORDED YESTERDAY.
  NO SIGNIFICANT WEATHER WAS OBSERVED.

RELATIVE HUMIDITY
 HIGHEST RH     MM PERCENT       MM
 LOWEST  RH     MM PERCENT       MM
 AVERAGE RH     MM PERCENT       MM
...................................................................

THE YAKUTAT CLIMATE NORMALS FOR TODAY
                           NORMAL    RECORD   YEAR
 MAXIMUM TEMPERATURE (F)     59        67     1981
 MINIMUM TEMPERATURE (F)     44        30     1922

SUNRISE AND SUNSET
 SEP 1 2015..........SUNRISE  6:15 AM      SUNSET  8:21 PM
 SEP 2 2015..........SUNRISE  6:18 AM      SUNSET  8:19 PM

-  INDICATES NEGATIVE NUMBERS.
R  INDICATES RECORD HAS BEEN SET OR TIED.
MM INDICATES DATA IS MISSING.
T  INDICATES TRACE OF PRECIPITATION.

&&
-------------------------------------------------------------------

AMOUNT OF DAYLIGHT TODAY  (HOUR:MIN)........14 HOURS 6 MINUTES
GAIN/LOSS SINCE YESTERDAY (HOUR:MIN:SEC)....-0:05:14

$$
DC SEP 15
