000
CDAK47 PAYA 270909
CLIYAK

CLIMATE REPORT
NATIONAL WEATHER SERVICE YAKUTAT, AK
1209 AM AKST TUE JAN 27 2015

...................................
...THE YAKUTAT AP CLIMATE SUMMARY FOR JANUARY 26 2015...

CLIMATE NORMAL PERIOD  1981 TO  2010
CLIMATE RECORD PERIOD  1948 TO  2015

WEATHER ITEM   OBSERVED TIME    RECORD YEAR NORMAL DEPARTURE LAST
               VALUE    (LST)   VALUE       VALUE  FROM      YEAR
                                                   NORMAL
...................................................................
TEMPERATURE
YESTERDAY
 MAXIMUM            32  1200 PM    46  2014     34      -2     46
 MINIMUM            27  1159 PM   -13  1972     22       5     29
 AVERAGE            30                          28       2     38

PRECIPITATION
(INCHES)
 YESTERDAY           T           2.88  1986   0.42   -0.42   0.00
 MONTH TO DATE   13.71                       11.64    2.07  24.81
 SINCE DEC 1     25.76                       27.92   -2.16  34.49
 SINCE JAN 1     13.71                       11.64    2.07  24.81

SNOWFALL
(INCHES)
 YESTERDAY           T           15.3  1971    1.1    -1.1    0.0
 MONTH TO DATE     1.3                        26.0   -24.7   21.4
 SINCE DEC 1       3.1                        49.2   -46.1   58.1
 SINCE JUL 1       8.4                        69.9   -61.5   67.3
 SNOW DEPTH (IN)     1                                          0

DEGREE DAYS
 HEATING
  YESTERDAY         35                          37      -2     27
  MONTH TO DATE    736                         961    -225    741
  SINCE DEC 1     1701                        2057    -356   1901
  SINCE JUL 1     4381                        4955    -574   4511

 COOLING
  YESTERDAY          0                           0       0      0
  MONTH TO DATE      0                           0       0      0
  SINCE DEC 1        0                           0       0      0
  SINCE JAN 1        0                           0       0      0
...................................................................

WIND (MPH)
 HIGHEST WIND SPEED     7     HIGHEST WIND DIRECTION    360
 HIGHEST GUST SPEED    10     HIGHEST GUST DIRECTION    360
 AVERAGE WIND SPEED   0.9

SKY COVER
  POSSIBLE SUNSHINE    MM          AVERAGE SKY COVER     MM

WEATHER CONDITIONS
 THE FOLLOWING WEATHER WAS RECORDED YESTERDAY.
  FOG
SNOW


RELATIVE HUMIDITY
 HIGHEST RH     MM PERCENT       MM
 LOWEST  RH     MM PERCENT       MM
 AVERAGE RH     MM PERCENT       MM
...................................................................

THE YAKUTAT CLIMATE NORMALS FOR TODAY
                           NORMAL    RECORD   YEAR
 MAXIMUM TEMPERATURE (F)     34        48     2014
 MINIMUM TEMPERATURE (F)     22       -10     1996

SUNRISE AND SUNSET
 JAN 27 2015..........SUNRISE  8:41 AM      SUNSET  4:23 PM
 JAN 28 2015..........SUNRISE  8:39 AM      SUNSET  4:26 PM

-  INDICATES NEGATIVE NUMBERS.
R  INDICATES RECORD HAS BEEN SET OR TIED.
MM INDICATES DATA IS MISSING.
T  INDICATES TRACE OF PRECIPITATION.

&&
-------------------------------------------------------------------

AMOUNT OF DAYLIGHT TODAY  (HOUR:MIN)........7 HOURS 42 MINUTES
GAIN/LOSS SINCE YESTERDAY (HOUR:MIN:SEC)....+0:04:35

$$
*** JAN 15
