120
CDAK47 PAJK 231227
CLIYAK
CLIMATE REPORT
NATIONAL WEATHER SERVICE JUNEAU, AK
327 AM AKST TUE JAN 23 2018


...................................

...THE YAKUTAT CLIMATE SUMMARY FOR JANUARY 22 2018...

CLIMATE NORMAL PERIOD 1981 TO 2010
CLIMATE RECORD PERIOD 1917 TO 2018


WEATHER ITEM   OBSERVED RECORD YEAR NORMAL DEPARTURE LAST
                VALUE   VALUE       VALUE  FROM      YEAR
                                           NORMAL
...........................................................
TEMPERATURE (F)
 YESTERDAY
  MAXIMUM         32     52    1930  34     -2       33
  MINIMUM         30    -22    1952  22      8        6
  AVERAGE         31                 28      3       20

PRECIPITATION (IN)
  YESTERDAY        0.00   3.36 2014   0.44  -0.44     0.38
  MONTH TO DATE   10.30               9.92   0.38     8.10
  SINCE JAN 1     10.30               9.92   0.38     8.10

SNOWFALL (IN)
  YESTERDAY        0.0    9.3  1984   1.1   -1.1      2.8
  MONTH TO DATE    1.8               22.2  -20.4     11.9
  SINCE JUL 1     39.9               66.1  -26.2     38.5
  SNOW DEPTH      MM

DEGREE DAYS
 HEATING
  YESTERDAY       34                 37     -3       45
  MONTH TO DATE  628                813   -185      878
...........................................................


WIND (MPH)
  HIGHEST WIND SPEED     5   HIGHEST WIND DIRECTION     E (110)
  HIGHEST GUST SPEED    MM   HIGHEST GUST DIRECTION    MM
  AVERAGE WIND SPEED     2.0


SKY COVER
  AVERAGE SKY COVER 1.0


WEATHER CONDITIONS
 THE FOLLOWING WEATHER WAS RECORDED YESTERDAY.
  NO SIGNIFICANT WEATHER WAS OBSERVED.


..........................................................


THE YAKUTAT CLIMATE NORMALS FOR TODAY
                         NORMAL    RECORD    YEAR
 MAXIMUM TEMPERATURE (F)   34        55      1930
 MINIMUM TEMPERATURE (F)   22       -18      1952


SUNRISE AND SUNSET
JANUARY 23 2018.......SUNRISE   848 AM AKST  SUNSET   414 PM AKST
JANUARY 24 2018.......SUNRISE   846 AM AKST  SUNSET   416 PM AKST


-  INDICATES NEGATIVE NUMBERS.
R  INDICATES RECORD WAS SET OR TIED.
MM INDICATES DATA IS MISSING.
T  INDICATES TRACE AMOUNT.




$$
--------------------------------------------------------------

AMOUNT OF DAYLIGHT TODAY (HOUR:MIN)......... 7 HOURS 25 MINUTES
GAIN/LOSS SINCE YESTERDAY (HOUR:MIN:SEC).... +0:04:20

$$
