000
CDAK47 PAYA 250904
CLIYAK

CLIMATE REPORT
NATIONAL WEATHER SERVICE YAKUTAT, AK
104 AM AKDT FRI JUL 25 2014

...................................
...THE YAKUTAT AP CLIMATE SUMMARY FOR JULY 24 2014...

CLIMATE NORMAL PERIOD  1981 TO  2010
CLIMATE RECORD PERIOD  1948 TO  2014

WEATHER ITEM   OBSERVED TIME    RECORD YEAR NORMAL DEPARTURE LAST
               VALUE    (LST)   VALUE       VALUE  FROM      YEAR
                                                   NORMAL
...................................................................
TEMPERATURE
YESTERDAY
 MAXIMUM            60  0426 PM    71  1972     61      -1     65
 MINIMUM            50  0229 AM    37  1959     50       0     52
 AVERAGE            55                          55       0     59

PRECIPITATION
(INCHES)
 YESTERDAY        0.14           3.44  2008   0.29   -0.15   0.00
 MONTH TO DATE    4.74                        5.62   -0.88   6.02
 SINCE JUN 1     14.84                       12.01    2.83   9.40
 SINCE JAN 1     53.95                       64.97  -11.02  67.59

SNOWFALL
(INCHES)
 YESTERDAY         0.0            0.0  2014    0.0     0.0    0.0
 MONTH TO DATE     0.0                         0.0     0.0    0.0
 SINCE JUN 1       0.0                         0.0     0.0    0.0
 SINCE JUL 1       0.0                         0.0     0.0    0.0
 SNOW DEPTH (IN)     0                                          0

DEGREE DAYS
 HEATING
  YESTERDAY         10                          10       0      6
  MONTH TO DATE    246                         262     -16    245
  SINCE JUN 1      692                         688       4    587
  SINCE JUL 1      246                         262     -16    245

 COOLING
  YESTERDAY          0                           0       0      0
  MONTH TO DATE      0                           0       0      0
  SINCE JUN 1        0                           0       0      0
  SINCE JAN 1        0                           0       0      0
...................................................................

WIND (MPH)
 HIGHEST WIND SPEED     6     HIGHEST WIND DIRECTION    130
 HIGHEST GUST SPEED     9     HIGHEST GUST DIRECTION    140
 AVERAGE WIND SPEED   2.4

SKY COVER
  POSSIBLE SUNSHINE    MM          AVERAGE SKY COVER     MM

WEATHER CONDITIONS
 THE FOLLOWING WEATHER WAS RECORDED YESTERDAY.
  RAIN


RELATIVE HUMIDITY
 HIGHEST RH     MM PERCENT       MM
 LOWEST  RH     MM PERCENT       MM
 AVERAGE RH     MM PERCENT       MM
...................................................................

THE YAKUTAT CLIMATE NORMALS FOR TODAY
                           NORMAL    RECORD   YEAR
 MAXIMUM TEMPERATURE (F)     61        76     1994
 MINIMUM TEMPERATURE (F)     50        38     1957

SUNRISE AND SUNSET
 JUL 25 2014..........SUNRISE  4:48 AM      SUNSET 10:02 PM
 JUL 26 2014..........SUNRISE  4:50 AM      SUNSET 10:00 PM

-  INDICATES NEGATIVE NUMBERS.
R  INDICATES RECORD HAS BEEN SET OR TIED.
MM INDICATES DATA IS MISSING.
T  INDICATES TRACE OF PRECIPITATION.

&&
-------------------------------------------------------------------

AMOUNT OF DAYLIGHT TODAY  (HOUR:MIN)........17 HOURS 14 MINUTES
GAIN/LOSS SINCE YESTERDAY (HOUR:MIN:SEC)....-0:04:19

$$
DC JUL 14
