000
CDAK47 PAYA 270916
CLIYAK

CLIMATE REPORT
NATIONAL WEATHER SERVICE YAKUTAT, AK
1216 AM AKST FRI FEB 27 2015

...................................
...THE YAKUTAT AP CLIMATE SUMMARY FOR FEBRUARY 26 2015...

CLIMATE NORMAL PERIOD  1981 TO  2010
CLIMATE RECORD PERIOD  1948 TO  2015

WEATHER ITEM   OBSERVED TIME    RECORD YEAR NORMAL DEPARTURE LAST
               VALUE    (LST)   VALUE       VALUE  FROM      YEAR
                                                   NORMAL
...................................................................
TEMPERATURE
YESTERDAY
 MAXIMUM            47  0214 PM    50  1992     38       9     48
 MINIMUM            24  0740 AM    -9  1971     23       1     19
 AVERAGE            36                          30       6     34

PRECIPITATION
(INCHES)
 YESTERDAY        0.00           4.55  1992   0.40   -0.40   0.00
 MONTH TO DATE   10.35                       10.04    0.31   2.08
 SINCE DEC 1     36.42                       39.98   -3.56  36.74
 SINCE JAN 1     24.37                       23.70    0.67  27.06

SNOWFALL
(INCHES)
 YESTERDAY         0.0           10.1  1961    0.9    -0.9    0.0
 MONTH TO DATE     4.0                        25.4   -21.4   28.1
 SINCE DEC 1       7.5                        79.7   -72.2   86.2
 SINCE JUL 1      12.8                       100.4   -87.6   95.4
 SNOW DEPTH (IN)     0                                         13

DEGREE DAYS
 HEATING
  YESTERDAY         29                          35      -6     31
  MONTH TO DATE    815                         921    -106   1081
  SINCE DEC 1     2691                        3162    -471   3132
  SINCE JUL 1     5371                        6060    -689   5742

 COOLING
  YESTERDAY          0                           0       0      0
  MONTH TO DATE      0                           0       0      0
  SINCE DEC 1        0                           0       0      0
  SINCE JAN 1        0                           0       0      0
...................................................................

WIND (MPH)
 HIGHEST WIND SPEED     7     HIGHEST WIND DIRECTION    330
 HIGHEST GUST SPEED     8     HIGHEST GUST DIRECTION    350
 AVERAGE WIND SPEED   1.6

SKY COVER
  POSSIBLE SUNSHINE    MM          AVERAGE SKY COVER     MM

WEATHER CONDITIONS
 THE FOLLOWING WEATHER WAS RECORDED YESTERDAY.
  FOG


RELATIVE HUMIDITY
 HIGHEST RH     MM PERCENT       MM
 LOWEST  RH     MM PERCENT       MM
 AVERAGE RH     MM PERCENT       MM
...................................................................

THE YAKUTAT CLIMATE NORMALS FOR TODAY
                           NORMAL    RECORD   YEAR
 MAXIMUM TEMPERATURE (F)     38        51     1992
 MINIMUM TEMPERATURE (F)     23        -9     1972

SUNRISE AND SUNSET
 FEB 27 2015..........SUNRISE  7:22 AM      SUNSET  5:43 PM
 FEB 28 2015..........SUNRISE  7:20 AM      SUNSET  5:45 PM

-  INDICATES NEGATIVE NUMBERS.
R  INDICATES RECORD HAS BEEN SET OR TIED.
MM INDICATES DATA IS MISSING.
T  INDICATES TRACE OF PRECIPITATION.

&&
-------------------------------------------------------------------

AMOUNT OF DAYLIGHT TODAY  (HOUR:MIN)........10 HOURS 21 MINUTES
GAIN/LOSS SINCE YESTERDAY (HOUR:MIN:SEC)....+0:05:20

$$
*** FEB 15
