000
CDAK47 PAYA 020908
CLIYAK

CLIMATE REPORT
NATIONAL WEATHER SERVICE YAKUTAT, AK
108 AM AKDT TUE JUN 2 2015

...................................
...THE YAKUTAT AP CLIMATE SUMMARY FOR JUNE 1 2015...

CLIMATE NORMAL PERIOD  1981 TO  2010
CLIMATE RECORD PERIOD  1948 TO  2015

WEATHER ITEM   OBSERVED TIME    RECORD YEAR NORMAL DEPARTURE LAST
               VALUE    (LST)   VALUE       VALUE  FROM      YEAR
                                                   NORMAL
...................................................................
TEMPERATURE
YESTERDAY
 MAXIMUM            53  1240 PM    69  1982     55      -2     53
 MINIMUM            48  1112 PM    31  1956     42       6     39
 AVERAGE            51                          48       3     46

PRECIPITATION
(INCHES)
 YESTERDAY           T           3.83  1992   0.23   -0.23   0.14
 MONTH TO DATE       T                        0.23   -0.23   0.14
 SINCE JUN 1      0.00                        0.23   -0.23   0.14
 SINCE JAN 1     50.58                       53.19   -2.61  39.25

SNOWFALL
(INCHES)
 YESTERDAY         0.0            0.0  2015    0.0     0.0    0.0
 MONTH TO DATE     0.0                         0.0     0.0    0.0
 SINCE JUN 1       0.0                         0.0     0.0    0.0
 SINCE JUL 1      47.1                       140.0   -92.9  109.0
 SNOW DEPTH (IN)     0                                          0

DEGREE DAYS
 HEATING
  YESTERDAY         14                          17      -3     19
  MONTH TO DATE     14                          17      -3     19
  SINCE JUN 1       14                          17      -3     19
  SINCE JUL 1     7676                        8612    -936   8283

 COOLING
  YESTERDAY          0                           0       0      0
  MONTH TO DATE      0                           0       0      0
  SINCE JUN 1        0                           0       0      0
  SINCE JAN 1        0                           0       0      0
...................................................................

WIND (MPH)
 HIGHEST WIND SPEED    12     HIGHEST WIND DIRECTION    170
 HIGHEST GUST SPEED    17     HIGHEST GUST DIRECTION    170
 AVERAGE WIND SPEED   4.6

SKY COVER
  POSSIBLE SUNSHINE    MM          AVERAGE SKY COVER     MM

WEATHER CONDITIONS
 THE FOLLOWING WEATHER WAS RECORDED YESTERDAY.
  FOG
RAIN


RELATIVE HUMIDITY
 HIGHEST RH     MM PERCENT       MM
 LOWEST  RH     MM PERCENT       MM
 AVERAGE RH     MM PERCENT       MM
...................................................................

THE YAKUTAT CLIMATE NORMALS FOR TODAY
                           NORMAL    RECORD   YEAR
 MAXIMUM TEMPERATURE (F)     55        77     1953
 MINIMUM TEMPERATURE (F)     42        30     1969

SUNRISE AND SUNSET
 JUN 2 2015..........SUNRISE  4:12 AM      SUNSET 10:24 PM
 JUN 3 2015..........SUNRISE  4:10 AM      SUNSET 10:25 PM

-  INDICATES NEGATIVE NUMBERS.
R  INDICATES RECORD HAS BEEN SET OR TIED.
MM INDICATES DATA IS MISSING.
T  INDICATES TRACE OF PRECIPITATION.

&&
-------------------------------------------------------------------

AMOUNT OF DAYLIGHT TODAY  (HOUR:MIN)........18 HOURS 12 MINUTES
GAIN/LOSS SINCE YESTERDAY (HOUR:MIN:SEC)....+0:03:00

$$
*** JUN 15
