000
CDUS46 KPDT 300904 RRA
CLIYKM

CLIMATE REPORT
NATIONAL WEATHER SERVICE PENDLETON OR
204 AM PDT SAT APR 30 2016


...................................

...THE YAKIMA WA CLIMATE SUMMARY FOR APRIL 29 2016...

CLIMATE NORMAL PERIOD 1981 TO 2010
CLIMATE RECORD PERIOD 1946 TO 2016


WEATHER ITEM   OBSERVED TIME   RECORD YEAR NORMAL DEPARTURE LAST
                VALUE   (LST)  VALUE       VALUE  FROM      YEAR
                                                  NORMAL
..................................................................
TEMPERATURE (F)
 YESTERDAY
  MAXIMUM         69    306 PM  87    1957  67      2       72
  MINIMUM         44    523 AM  24    1952  37      7       42
  AVERAGE         57                        52      5       57

PRECIPITATION (IN)
  YESTERDAY        T             0.15 1955   0.02  -0.02     0.00
  MONTH TO DATE    0.27                      0.53  -0.26      T
  SINCE OCT 1      9.46                      6.19   3.27     4.52
  SINCE JAN 1      4.81                      3.07   1.74     2.42

SNOWFALL (IN)
  YESTERDAY        0.0           0.0  2002   0.0    0.0      0.0
                                      2001
                                      2000
  MONTH TO DATE    0.0                       0.0    0.0      0.0
  SINCE JAN 1     12.5                       8.6    3.9      1.6
  SINCE JUL 1     31.4                      21.6    9.8      1.6
  SNOW DEPTH       0

DEGREE DAYS
 HEATING
  YESTERDAY        8                        13     -5        8
  MONTH TO DATE  195                       464   -269      374
  SINCE MAR 1    754                      1141   -387      828
  SINCE JUL 1   4504                      5668  -1164     4410

 COOLING
  YESTERDAY        0                         0      0        0
  MONTH TO DATE    6                         0      6        0
  SINCE MAR 1      6                         0      6        0
  SINCE JAN 1      6                         0      6        0
..................................................................


WIND (MPH)
  HIGHEST WIND SPEED    28   HIGHEST WIND DIRECTION    NW (320)
  HIGHEST GUST SPEED    35   HIGHEST GUST DIRECTION    NW (320)
  AVERAGE WIND SPEED    12.9


SKY COVER
  POSSIBLE SUNSHINE  MM
  AVERAGE SKY COVER 0.4


WEATHER CONDITIONS
 THE FOLLOWING WEATHER WAS RECORDED YESTERDAY.
  LIGHT RAIN


RELATIVE HUMIDITY (PERCENT)
 HIGHEST    65           500 AM
 LOWEST     29           400 PM
 AVERAGE    47

..........................................................


THE YAKIMA WA CLIMATE NORMALS FOR TODAY
                         NORMAL    RECORD    YEAR
 MAXIMUM TEMPERATURE (F)   68        87      1998
                                             1981
                                             1957
 MINIMUM TEMPERATURE (F)   37        25      1986


SUNRISE AND SUNSET
APRIL 30 2016.........SUNRISE   548 AM PDT   SUNSET   811 PM PDT
MAY  1 2016...........SUNRISE   547 AM PDT   SUNSET   812 PM PDT


-  INDICATES NEGATIVE NUMBERS.
R  INDICATES RECORD WAS SET OR TIED.
MM INDICATES DATA IS MISSING.
T  INDICATES TRACE AMOUNT.




$$
