000
CDUS46 KPDT 260831
CLIYKM

CLIMATE REPORT
NATIONAL WEATHER SERVICE PENDLETON OR
1227 AM PST MON JAN 26 2015


...................................

...THE YAKIMA WA CLIMATE SUMMARY FOR JANUARY 25 2015...

CLIMATE NORMAL PERIOD 1981 TO 2010
CLIMATE RECORD PERIOD 1946 TO 2015


WEATHER ITEM   OBSERVED TIME   RECORD YEAR NORMAL DEPARTURE LAST
                VALUE   (LST)  VALUE       VALUE  FROM      YEAR
                                                  NORMAL
..................................................................
TEMPERATURE (F)
 YESTERDAY
  MAXIMUM         45    246 PM  60    1962  41      4       32
  MINIMUM         31    348 AM -13    1957  24      7       29
  AVERAGE         38                        33      5       31

PRECIPITATION (IN)
  YESTERDAY        0.00          0.72 1975   0.04  -0.04     0.00
  MONTH TO DATE    0.70                      0.96  -0.26     0.10
  SINCE OCT 1      2.80                      4.08  -1.28     0.93
  SINCE JAN 1      0.70                      0.96  -0.26     0.10

SNOWFALL (IN)
  YESTERDAY        0.0           3.6  1969   0.1   -0.1      0.0
  MONTH TO DATE    1.6                       4.6   -3.0      0.5
  SINCE JAN 1      1.6                       4.6   -3.0      0.5
  SINCE JUL 1      1.6                      17.6  -16.0      0.5
  SNOW DEPTH       0

DEGREE DAYS
 HEATING
  YESTERDAY       27                        32     -5       34
  MONTH TO DATE  759                       866   -107      750
  SINCE DEC 1   1653                      1996   -343     1905
  SINCE JUL 1   2837                      3529   -692     3321

 COOLING
  YESTERDAY        0                         0      0        0
  MONTH TO DATE    0                         0      0        0
  SINCE DEC 1      0                         0      0        0
  SINCE JAN 1      0                         0      0        0
..................................................................


WIND (MPH)
  HIGHEST WIND SPEED    10   HIGHEST WIND DIRECTION     E (70)
  HIGHEST GUST SPEED    12   HIGHEST GUST DIRECTION     E (80)
  AVERAGE WIND SPEED     2.9


SKY COVER
  POSSIBLE SUNSHINE  MM
  AVERAGE SKY COVER  MM


WEATHER CONDITIONS
 THE FOLLOWING WEATHER WAS RECORDED YESTERDAY.
  FOG W/VISIBILITY <= 1/4 MILE
  HAZE


RELATIVE HUMIDITY (PERCENT)
 HIGHEST    MM
 LOWEST     MM
 AVERAGE    MM

..........................................................


THE YAKIMA WA CLIMATE NORMALS FOR TODAY
                         NORMAL    RECORD    YEAR
 MAXIMUM TEMPERATURE (F)   41        58      2003
                                             1971
 MINIMUM TEMPERATURE (F)   25       -19      1957


SUNRISE AND SUNSET
JANUARY 26 2015.......SUNRISE   733 AM PST   SUNSET   457 PM PST
JANUARY 27 2015.......SUNRISE   732 AM PST   SUNSET   458 PM PST


-  INDICATES NEGATIVE NUMBERS.
R  INDICATES RECORD WAS SET OR TIED.
MM INDICATES DATA IS MISSING.
T  INDICATES TRACE AMOUNT.




$$
