000
CDUS46 KPDT 310839
CLIYKM

CLIMATE REPORT
NATIONAL WEATHER SERVICE PENDLETON OR
139 AM PDT FRI OCT 31 2014


...................................

...THE YAKIMA WA CLIMATE SUMMARY FOR OCTOBER 30 2014...

CLIMATE NORMAL PERIOD 1981 TO 2010
CLIMATE RECORD PERIOD 1946 TO 2014


WEATHER ITEM   OBSERVED TIME   RECORD YEAR NORMAL DEPARTURE LAST
                VALUE   (LST)  VALUE       VALUE  FROM      YEAR
                                                  NORMAL
..................................................................
TEMPERATURE (F)
 YESTERDAY
  MAXIMUM         59    253 PM  70    1967  57      2       56
  MINIMUM         50    238 AM   9    2002  31     19       21
  AVERAGE         55                        44     11       39

PRECIPITATION (IN)
  YESTERDAY        0.20          0.74 1997   0.02   0.18     0.00
  MONTH TO DATE    0.67                      0.51   0.16     0.13
  SINCE OCT 1      0.67                      0.51   0.16     0.13
  SINCE JAN 1      5.09                      5.64  -0.55     4.79

SNOWFALL (IN)
  YESTERDAY        0.0           1.1  1971   0.0    0.0      0.0
  MONTH TO DATE    0.0                       0.1   -0.1      0.0
  SINCE JAN 1     19.9                       8.7   11.2      1.1
  SINCE JUL 1      0.0                       0.1   -0.1      0.0
  SNOW DEPTH       0

DEGREE DAYS
 HEATING
  YESTERDAY       10                        21    -11       26
  MONTH TO DATE  278                       474   -196      476
  SINCE SEP 1    348                       634   -286      601
  SINCE JUL 1    354                       682   -328      601

 COOLING
  YESTERDAY        0                         0      0        0
  MONTH TO DATE    8                         0      8        0
  SINCE SEP 1     44                        32     12      135
  SINCE JAN 1    871                       472    399      970
..................................................................


WIND (MPH)
  HIGHEST WIND SPEED     9   HIGHEST WIND DIRECTION    SW (220)
  HIGHEST GUST SPEED    11   HIGHEST GUST DIRECTION    SW (220)
  AVERAGE WIND SPEED     4.5


SKY COVER
  POSSIBLE SUNSHINE  MM
  AVERAGE SKY COVER 0.8


WEATHER CONDITIONS
 THE FOLLOWING WEATHER WAS RECORDED YESTERDAY.
  LIGHT RAIN
  FOG


RELATIVE HUMIDITY (PERCENT)
 HIGHEST   100          1100 PM
 LOWEST     72           300 PM
 AVERAGE    86

..........................................................


THE YAKIMA WA CLIMATE NORMALS FOR TODAY
                         NORMAL    RECORD    YEAR
 MAXIMUM TEMPERATURE (F)   56        74      1967
 MINIMUM TEMPERATURE (F)   30         4      2002


SUNRISE AND SUNSET
OCTOBER 31 2014.......SUNRISE   743 AM PDT   SUNSET   548 PM PDT
NOVEMBER  1 2014......SUNRISE   744 AM PDT   SUNSET   547 PM PDT


-  INDICATES NEGATIVE NUMBERS.
R  INDICATES RECORD WAS SET OR TIED.
MM INDICATES DATA IS MISSING.
T  INDICATES TRACE AMOUNT.




$$
