000
CDUS46 KPDT 280928
CLIYKM

CLIMATE REPORT
NATIONAL WEATHER SERVICE PENDLETON OR
128 AM PST SAT FEB 28 2015


...................................

...THE YAKIMA WA CLIMATE SUMMARY FOR FEBRUARY 27 2015...

CLIMATE NORMAL PERIOD 1981 TO 2010
CLIMATE RECORD PERIOD 1946 TO 2015


WEATHER ITEM   OBSERVED TIME   RECORD YEAR NORMAL DEPARTURE LAST
                VALUE   (LST)  VALUE       VALUE  FROM      YEAR
                                                  NORMAL
..................................................................
TEMPERATURE (F)
 YESTERDAY
  MAXIMUM         54    258 PM  65    1972  50      4       46
  MINIMUM         40    808 AM   7    1960  27     13       31
  AVERAGE         47                        39      8       39

PRECIPITATION (IN)
  YESTERDAY        0.54R         0.40 1976   0.02   0.52      T
  MONTH TO DATE    0.99                      0.75   0.24     1.43
  SINCE OCT 1      3.79                      5.01  -1.22     2.56
  SINCE JAN 1      1.69                      1.89  -0.20     1.73

SNOWFALL (IN)
  YESTERDAY        0.0           4.0  1976   0.0    0.0      0.0
  MONTH TO DATE    0.0                       2.5   -2.5     17.7
  SINCE JAN 1      1.6                       7.8   -6.2     18.2
  SINCE JUL 1      1.6                      20.8  -19.2     18.2
  SNOW DEPTH       0

DEGREE DAYS
 HEATING
  YESTERDAY       18                        26     -8       26
  MONTH TO DATE  550                       783   -233      870
  SINCE DEC 1   2374                      2968   -594     2960
  SINCE JUL 1   3558                      4501   -943     4376

 COOLING
  YESTERDAY        0                         0      0        0
  MONTH TO DATE    0                         0      0        0
  SINCE DEC 1      0                         0      0        0
  SINCE JAN 1      0                         0      0        0
..................................................................


WIND (MPH)
  HIGHEST WIND SPEED    17   HIGHEST WIND DIRECTION     N (20)
  HIGHEST GUST SPEED    22   HIGHEST GUST DIRECTION     N (20)
  AVERAGE WIND SPEED     6.5


SKY COVER
  POSSIBLE SUNSHINE  MM
  AVERAGE SKY COVER 0.9


WEATHER CONDITIONS
THE FOLLOWING WEATHER WAS RECORDED YESTERDAY.
  RAIN
  LIGHT RAIN
  FOG


RELATIVE HUMIDITY (PERCENT)
 HIGHEST    92           800 AM
 LOWEST     42          1100 PM
 AVERAGE    67

..........................................................


THE YAKIMA WA CLIMATE NORMALS FOR TODAY
                         NORMAL    RECORD    YEAR
 MAXIMUM TEMPERATURE (F)   51        65      1988
                                             1972
 MINIMUM TEMPERATURE (F)   27        10      1993
                                             1960


SUNRISE AND SUNSET
FEBRUARY 28 2015......SUNRISE   644 AM PST   SUNSET   546 PM PST
MARCH  1 2015.........SUNRISE   642 AM PST   SUNSET   548 PM PST


-  INDICATES NEGATIVE NUMBERS.
R  INDICATES RECORD WAS SET OR TIED.
MM INDICATES DATA IS MISSING.
T  INDICATES TRACE AMOUNT.

$$
