000
CDUS46 KPDT 280835
CLIYKM

CLIMATE REPORT
NATIONAL WEATHER SERVICE PENDLETON OR
125 AM PDT WED JUN 28 2017


...................................

...THE YAKIMA WA CLIMATE SUMMARY FOR JUNE 27 2017...

CLIMATE NORMAL PERIOD 1981 TO 2010
CLIMATE RECORD PERIOD 1946 TO 2017


WEATHER ITEM   OBSERVED TIME   RECORD YEAR NORMAL DEPARTURE LAST
                VALUE   (LST)  VALUE       VALUE  FROM      YEAR
                                                  NORMAL
..................................................................
TEMPERATURE (F)
 YESTERDAY
  MAXIMUM         90    458 PM 108    2015  83      7       97
  MINIMUM         64    456 AM  38    2012  50     14       54
                                      1964
                                      1949
  AVERAGE         77                        66     11       76

PRECIPITATION (IN)
  YESTERDAY        0.00          0.61 2001   0.02  -0.02     0.00
  MONTH TO DATE    0.19                      0.58  -0.39     0.22
  SINCE OCT 1     11.49                      7.37   4.12    10.32
  SINCE JAN 1      7.57                      4.25   3.32     5.67

SNOWFALL (IN)
  YESTERDAY        0.0           0.0  2002   0.0    0.0      0.0
                                      2001
                                      2000
  MONTH TO DATE    0.0                       0.0    0.0      0.0
  SINCE JAN 1     29.1                       8.6   20.5     12.5
  SINCE JUL 1     36.5                      21.6   14.9     31.4
  SNOW DEPTH       0

DEGREE DAYS
 HEATING
  YESTERDAY        0                         2     -2        0
  MONTH TO DATE   51                        92    -41       68
  SINCE JUN 1     51                        92    -41       68
  SINCE JUL 1   5671                      6036   -365     4656

 COOLING
  YESTERDAY       12                         3      9       11
  MONTH TO DATE  119                        51     68      127
  SINCE JUN 1    119                        51     68      127
  SINCE JAN 1    176                        71    105      166
..................................................................


WIND (MPH)
  HIGHEST WIND SPEED    23   HIGHEST WIND DIRECTION    NW (320)
  HIGHEST GUST SPEED    28   HIGHEST GUST DIRECTION    NW (330)
  AVERAGE WIND SPEED     8.4


SKY COVER
  POSSIBLE SUNSHINE  MM
  AVERAGE SKY COVER 0.0


WEATHER CONDITIONS
 THE FOLLOWING WEATHER WAS RECORDED YESTERDAY.
  NO SIGNIFICANT WEATHER WAS OBSERVED.


RELATIVE HUMIDITY (PERCENT)
 HIGHEST    40           500 AM
 LOWEST     13           100 PM
 AVERAGE    27

..........................................................


THE YAKIMA WA CLIMATE NORMALS FOR TODAY
                         NORMAL    RECORD    YEAR
 MAXIMUM TEMPERATURE (F)   83       108      2015
 MINIMUM TEMPERATURE (F)   50        33      1975


SUNRISE AND SUNSET
JUNE 28 2017..........SUNRISE   512 AM PDT   SUNSET   859 PM PDT
JUNE 29 2017..........SUNRISE   512 AM PDT   SUNSET   859 PM PDT


-  INDICATES NEGATIVE NUMBERS.
R  INDICATES RECORD WAS SET OR TIED.
MM INDICATES DATA IS MISSING.
T  INDICATES TRACE AMOUNT.




$$
CDUS46 KPDT 280120
CLIYKM

CLIMATE REPORT
NATIONAL WEATHER SERVICE PENDLETON OR
600 PM PDT TUE JUN 27 2017


...................................

...THE YAKIMA WA CLIMATE SUMMARY FOR JUNE 27 2017...
VALID TODAY AS OF 0500 PM LOCAL TIME.

CLIMATE NORMAL PERIOD 1981 TO 2010
CLIMATE RECORD PERIOD 1946 TO 2017


WEATHER ITEM   OBSERVED TIME   RECORD YEAR NORMAL DEPARTURE LAST
                VALUE   (LST)  VALUE       VALUE  FROM      YEAR
                                                  NORMAL
..................................................................
TEMPERATURE (F)
 TODAY
  MAXIMUM         90    346 PM 108    2015  83      7       97
  MINIMUM         64    456 AM  38    2012  50     14       54
                                      1964
                                      1949
  AVERAGE         77                        66     11       76

PRECIPITATION (IN)
  TODAY            0.00          0.61 2001   0.02  -0.02     0.00
  MONTH TO DATE    0.19                      0.58  -0.39     0.22
  SINCE OCT 1     11.49                      7.37   4.12    10.32
  SINCE JAN 1      7.57                      4.25   3.32     5.67

SNOWFALL (IN)
  TODAY            0.0           0.0  2002   0.0    0.0      0.0
                                      2001
                                      2000
  MONTH TO DATE    0.0                       0.0    0.0      0.0
  SINCE JAN 1     29.1                       8.6   20.5     12.5
  SINCE JUL 1     36.5                      21.6   14.9     31.4
  SNOW DEPTH       0

DEGREE DAYS
 HEATING
  TODAY            0                         2     -2        0
  MONTH TO DATE   51                        92    -41       68
  SINCE JUN 1     51                        92    -41       68
  SINCE JUL 1   5671                      6036   -365     4656

 COOLING
  TODAY           12                         3      9       11
  MONTH TO DATE  119                        51     68      127
  SINCE JUN 1    119                        51     68      127
  SINCE JAN 1    176                        71    105      166
..................................................................


WIND (MPH)
  HIGHEST WIND SPEED    20   HIGHEST WIND DIRECTION     N (350)
  HIGHEST GUST SPEED    24   HIGHEST GUST DIRECTION    NW (320)
  AVERAGE WIND SPEED     7.5


SKY COVER
  POSSIBLE SUNSHINE  MM
  AVERAGE SKY COVER 0.0


WEATHER CONDITIONS
THE FOLLOWING WEATHER WAS RECORDED TODAY.
  NO SIGNIFICANT WEATHER WAS OBSERVED.


RELATIVE HUMIDITY (PERCENT)
 HIGHEST    40           500 AM
 LOWEST     13           100 PM
 AVERAGE    27

..........................................................


THE YAKIMA WA CLIMATE NORMALS FOR TOMORROW
                         NORMAL    RECORD    YEAR
 MAXIMUM TEMPERATURE (F)   83       108      2015
 MINIMUM TEMPERATURE (F)   50        33      1975


SUNRISE AND SUNSET
JUNE 27 2017..........SUNRISE   511 AM PDT   SUNSET   859 PM PDT
JUNE 28 2017..........SUNRISE   512 AM PDT   SUNSET   859 PM PDT


-  INDICATES NEGATIVE NUMBERS.
R  INDICATES RECORD WAS SET OR TIED.
MM INDICATES DATA IS MISSING.
T  INDICATES TRACE AMOUNT.




$$
