000
CDUS46 KPDT 300843 RRA
CLIYKM

CLIMATE REPORT
NATIONAL WEATHER SERVICE PENDLETON OR
143 AM PDT SUN AUG 30 2015


...................................

...THE YAKIMA WA CLIMATE SUMMARY FOR AUGUST 29 2015...

CLIMATE NORMAL PERIOD 1981 TO 2010
CLIMATE RECORD PERIOD 1946 TO 2015


WEATHER ITEM   OBSERVED TIME   RECORD YEAR NORMAL DEPARTURE LAST
                VALUE   (LST)  VALUE       VALUE  FROM      YEAR
                                                  NORMAL
..................................................................
TEMPERATURE (F)
 YESTERDAY
  MAXIMUM         78   1129 AM  98    1998  84     -6       85
                                      1972
  MINIMUM         63    604 AM  36    1980  49     14       52
  AVERAGE         71                        66      5       69

PRECIPITATION (IN)
  YESTERDAY        T             0.27 1983   0.01  -0.01     0.00
  MONTH TO DATE    T                         0.24  -0.24     0.90
  SINCE OCT 1      6.39                      7.87  -1.48     4.79
  SINCE JAN 1      4.29                      4.75  -0.46     3.96

SNOWFALL (IN)
  YESTERDAY        0.0           0.0  2002   0.0    0.0      0.0
                                      2001
                                      1999
  MONTH TO DATE    0.0                       0.0    0.0      0.0
  SINCE JAN 1      1.6                       8.6   -7.0     19.9
  SINCE JUL 1      0.0                       0.0    0.0      0.0
  SNOW DEPTH       0

DEGREE DAYS
 HEATING
  YESTERDAY        0                         2     -2        0
  MONTH TO DATE    1                        24    -23        0
  SINCE JUN 1      4                       143   -139       35
  SINCE JUL 1      1                        45    -44        5

 COOLING
  YESTERDAY        6                         3      3        4
  MONTH TO DATE  276                       153    123      293
  SINCE JUN 1    965                       413    552      803
  SINCE JAN 1   1057                       433    624      826
..................................................................


WIND (MPH)
  HIGHEST WIND SPEED    30   HIGHEST WIND DIRECTION     S (200)
  HIGHEST GUST SPEED    43   HIGHEST GUST DIRECTION    SW (230)
  AVERAGE WIND SPEED    14.1


SKY COVER
  POSSIBLE SUNSHINE  MM
  AVERAGE SKY COVER 0.3


WEATHER CONDITIONS
 THE FOLLOWING WEATHER WAS RECORDED YESTERDAY.
  LIGHT RAIN
  HAZE
  SANDSTORM


RELATIVE HUMIDITY (PERCENT)
 HIGHEST    67           500 AM
 LOWEST     31          1000 AM
 AVERAGE    49

..........................................................


THE YAKIMA WA CLIMATE NORMALS FOR TODAY
                         NORMAL    RECORD    YEAR
 MAXIMUM TEMPERATURE (F)   83        98      1967
 MINIMUM TEMPERATURE (F)   49        38      1964


SUNRISE AND SUNSET
AUGUST 30 2015........SUNRISE   619 AM PDT   SUNSET   745 PM PDT
AUGUST 31 2015........SUNRISE   621 AM PDT   SUNSET   743 PM PDT


-  INDICATES NEGATIVE NUMBERS.
R  INDICATES RECORD WAS SET OR TIED.
MM INDICATES DATA IS MISSING.
T  INDICATES TRACE AMOUNT.


$$
