000
CDUS46 KPDT 200839 RRB
CLIYKM

CLIMATE REPORT
NATIONAL WEATHER SERVICE PENDLETON OR
138 AM PDT SUN AUG 20 2017


...................................

...THE YAKIMA WA CLIMATE SUMMARY FOR AUGUST 19 2017...

CLIMATE NORMAL PERIOD 1981 TO 2010
CLIMATE RECORD PERIOD 1946 TO 2017


WEATHER ITEM   OBSERVED TIME   RECORD YEAR NORMAL DEPARTURE LAST
                VALUE   (LST)  VALUE       VALUE  FROM      YEAR
                                                  NORMAL
..................................................................
TEMPERATURE (F)
 YESTERDAY
  MAXIMUM         89    357 PM  99    1967  86      3       92
  MINIMUM         61    555 AM  38    1947  51     10       58
  AVERAGE         75                        69      6       75

PRECIPITATION (IN)
  YESTERDAY        0.00          0.23 1953   0.01  -0.01     0.00
  MONTH TO DATE    0.12                      0.15  -0.03      T
  SINCE OCT 1     11.61                      7.78   3.83    10.54
  SINCE JAN 1      7.69                      4.66   3.03     5.89

SNOWFALL (IN)
  YESTERDAY        0.0           0.0  2002   0.0    0.0      0.0
                                      2001
                                      1999
  MONTH TO DATE    0.0                       0.0    0.0      0.0
  SINCE JAN 1     29.1                       8.6   20.5     12.5
  SINCE JUL 1      0.0                       0.0    0.0      0.0
  SNOW DEPTH       0

DEGREE DAYS
 HEATING
  YESTERDAY        0                         1     -1        0
  MONTH TO DATE    0                        12    -12        3
  SINCE JUN 1     51                       131    -80       71
  SINCE JUL 1      0                        33    -33        3

 COOLING
  YESTERDAY       10                         5      5       10
  MONTH TO DATE  255                       118    137      176
  SINCE JUN 1    779                       378    401      635
  SINCE JAN 1    836                       398    438      674
..................................................................


WIND (MPH)
  HIGHEST WIND SPEED    21   HIGHEST WIND DIRECTION    NW (320)
  HIGHEST GUST SPEED    25   HIGHEST GUST DIRECTION    NW (330)
  AVERAGE WIND SPEED     9.3


SKY COVER
  POSSIBLE SUNSHINE  MM
  AVERAGE SKY COVER 0.0


WEATHER CONDITIONS
 THE FOLLOWING WEATHER WAS RECORDED YESTERDAY.
  NO SIGNIFICANT WEATHER WAS OBSERVED.


RELATIVE HUMIDITY (PERCENT)
 HIGHEST    69           100 AM
 LOWEST     16           400 PM
 AVERAGE    43

..........................................................


THE YAKIMA WA CLIMATE NORMALS FOR TODAY
                         NORMAL    RECORD    YEAR
 MAXIMUM TEMPERATURE (F)   86       101      2009
 MINIMUM TEMPERATURE (F)   51        41      2000


SUNRISE AND SUNSET
AUGUST 20 2017........SUNRISE   607 AM PDT   SUNSET   803 PM PDT
AUGUST 21 2017........SUNRISE   609 AM PDT   SUNSET   801 PM PDT


-  INDICATES NEGATIVE NUMBERS.
R  INDICATES RECORD WAS SET OR TIED.
MM INDICATES DATA IS MISSING.
T  INDICATES TRACE AMOUNT.

$$
