000
CDUS46 KPDT 280827
CLIYKM

CLIMATE REPORT
NATIONAL WEATHER SERVICE PENDLETON OR
1225 AM PST SUN DEC 28 2014


...................................

...THE YAKIMA WA CLIMATE SUMMARY FOR DECEMBER 27 2014...

CLIMATE NORMAL PERIOD 1981 TO 2010
CLIMATE RECORD PERIOD 1946 TO 2014


WEATHER ITEM   OBSERVED TIME   RECORD YEAR NORMAL DEPARTURE LAST
                VALUE   (LST)  VALUE       VALUE  FROM      YEAR
                                                  NORMAL
..................................................................
TEMPERATURE (F)
 YESTERDAY
  MAXIMUM         47   1049 PM  62    1980  34     13       35
  MINIMUM         24   1211 AM  -2    1948  21      3       13
  AVERAGE         36                        28      8       24

PRECIPITATION (IN)
  YESTERDAY        0.00          0.74 1965   0.05  -0.05     0.00
  MONTH TO DATE    0.87                      1.35  -0.48     0.32
  SINCE OCT 1      2.05                      2.94  -0.89     0.83
  SINCE JAN 1      6.47                      8.07  -1.60     5.49

SNOWFALL (IN)
  YESTERDAY        0.0           9.3  1973   0.4   -0.4      0.0
  MONTH TO DATE    0.0                       8.3   -8.3       T
  SINCE JAN 1     19.9                      20.5   -0.6      1.1
  SINCE JUL 1      T                        11.9  -11.9       T
  SNOW DEPTH       0

DEGREE DAYS
 HEATING
  YESTERDAY       29                        37     -8       41
  MONTH TO DATE  739                       980   -241     1015
  SINCE DEC 1    739                       980   -241     1015
  SINCE JUL 1   1923                      2513   -590     2431

 COOLING
  YESTERDAY        0                         0      0        0
  MONTH TO DATE    0                         0      0        0
  SINCE DEC 1      0                         0      0        0
  SINCE JAN 1    871                       472    399      970
..................................................................


WIND (MPH)
  HIGHEST WIND SPEED    26   HIGHEST WIND DIRECTION     W (280)
  HIGHEST GUST SPEED    35   HIGHEST GUST DIRECTION     W (280)
  AVERAGE WIND SPEED     2.4


SKY COVER
  POSSIBLE SUNSHINE  MM
  AVERAGE SKY COVER 0.4


WEATHER CONDITIONS
THE FOLLOWING WEATHER WAS RECORDED YESTERDAY.
  NO SIGNIFICANT WEATHER WAS OBSERVED.


RELATIVE HUMIDITY (PERCENT)
 HIGHEST    88          1200 AM
 LOWEST     45          1100 PM
 AVERAGE    67

..........................................................


THE YAKIMA WA CLIMATE NORMALS FOR TODAY
                         NORMAL    RECORD    YEAR
 MAXIMUM TEMPERATURE (F)   35        57      1949
 MINIMUM TEMPERATURE (F)   21        -7      1996


SUNRISE AND SUNSET
DECEMBER 28 2014......SUNRISE   746 AM PST   SUNSET   422 PM PST
DECEMBER 29 2014......SUNRISE   746 AM PST   SUNSET   423 PM PST


-  INDICATES NEGATIVE NUMBERS.
R  INDICATES RECORD WAS SET OR TIED.
MM INDICATES DATA IS MISSING.
T  INDICATES TRACE AMOUNT.




$$
