000
CDUS46 KPDT 020832
CLIYKM

CLIMATE REPORT
NATIONAL WEATHER SERVICE PENDLETON OR
130 AM PDT THU OCT 2 2014


...................................

...THE YAKIMA WA CLIMATE SUMMARY FOR OCTOBER 1 2014...

CLIMATE NORMAL PERIOD 1981 TO 2010
CLIMATE RECORD PERIOD 1946 TO 2014


WEATHER ITEM   OBSERVED TIME   RECORD YEAR NORMAL DEPARTURE LAST
                VALUE   (LST)  VALUE       VALUE  FROM      YEAR
                                                  NORMAL
..................................................................
TEMPERATURE (F)
 YESTERDAY
  MAXIMUM         71    331 PM  88    1992  72     -1       61
  MINIMUM         38    538 AM  23    1950  39     -1       34
  AVERAGE         55                        55      0       48

PRECIPITATION (IN)
  YESTERDAY        0.00          0.16 1951   0.01  -0.01     0.00
  MONTH TO DATE    0.00                      0.01  -0.01     0.00
  SINCE OCT 1      0.00                      0.01  -0.01     0.00
  SINCE JAN 1      4.42                      5.14  -0.72     4.66

SNOWFALL (IN)
  YESTERDAY        0.0           0.0  2002   0.0    0.0      0.0
                                      2001
                                      1999
  MONTH TO DATE    0.0                       0.0    0.0      0.0
  SINCE JAN 1     19.9                       8.6   11.3      1.1
  SINCE JUL 1      0.0                       0.0    0.0      0.0
  SNOW DEPTH       0

DEGREE DAYS
 HEATING
  YESTERDAY       10                        10      0       17
  MONTH TO DATE   10                        10      0       17
  SINCE SEP 1     80                       170    -90      142
  SINCE JUL 1     86                       218   -132      142

 COOLING
  YESTERDAY        0                         0      0        0
  MONTH TO DATE    0                         0      0        0
  SINCE SEP 1     36                        32      4      135
  SINCE JAN 1    863                       472    391      970
..................................................................


WIND (MPH)
  HIGHEST WIND SPEED    16   HIGHEST WIND DIRECTION    NW (330)
  HIGHEST GUST SPEED    19   HIGHEST GUST DIRECTION    NW (320)
  AVERAGE WIND SPEED     5.4


SKY COVER
  POSSIBLE SUNSHINE  MM
  AVERAGE SKY COVER 0.0


WEATHER CONDITIONS
 THE FOLLOWING WEATHER WAS RECORDED YESTERDAY.
  NO SIGNIFICANT WEATHER WAS OBSERVED.


RELATIVE HUMIDITY (PERCENT)
 HIGHEST    86           200 AM
 LOWEST     31           200 PM
 AVERAGE    59

..........................................................


THE YAKIMA WA CLIMATE NORMALS FOR TODAY
                         NORMAL    RECORD    YEAR
 MAXIMUM TEMPERATURE (F)   71        85      2003
                                             1988
 MINIMUM TEMPERATURE (F)   38        28      1954
                                             1953


SUNRISE AND SUNSET
OCTOBER  2 2014.......SUNRISE   702 AM PDT   SUNSET   640 PM PDT
OCTOBER  3 2014.......SUNRISE   704 AM PDT   SUNSET   638 PM PDT


-  INDICATES NEGATIVE NUMBERS.
R  INDICATES RECORD WAS SET OR TIED.
MM INDICATES DATA IS MISSING.
T  INDICATES TRACE AMOUNT.




$$
