148
CDUS46 KPDT 270837 RRA
CLIYKM

CLIMATE REPORT
NATIONAL WEATHER SERVICE PENDLETON OR
137 AM PDT MON MAR 27 2017


...................................

...THE YAKIMA WA CLIMATE SUMMARY FOR MARCH 26 2017...

CLIMATE NORMAL PERIOD 1981 TO 2010
CLIMATE RECORD PERIOD 1946 TO 2017


WEATHER ITEM   OBSERVED TIME   RECORD YEAR NORMAL DEPARTURE LAST
                VALUE   (LST)  VALUE       VALUE  FROM      YEAR
                                                  NORMAL
..................................................................
TEMPERATURE (F)
 YESTERDAY
  MAXIMUM         49    249 PM  74    2015  59    -10       61
  MINIMUM         33    345 AM  22    1990  32      1       32
                                      1985
                                      1975
  AVERAGE         41                        46     -5       47

PRECIPITATION (IN)
  YESTERDAY        0.11          0.31 1985   0.01   0.10     0.02
  MONTH TO DATE    0.93                      0.54   0.39     1.82
  SINCE OCT 1      9.41                      5.58   3.83     9.19
  SINCE JAN 1      5.49                      2.46   3.03     4.54

SNOWFALL (IN)
  YESTERDAY        0.0           2.0  1971   0.0    0.0      0.0
  MONTH TO DATE    T                         0.7   -0.7      0.0
  SINCE JAN 1     29.1                       8.6   20.5     12.5
  SINCE JUL 1     36.5                      21.6   14.9     31.4
  SNOW DEPTH       0

DEGREE DAYS
 HEATING
  YESTERDAY       24                        19      5       18
  MONTH TO DATE  517                       581    -64      489
  SINCE MAR 1    517                       581    -64      489
  SINCE JUL 1   4946                      5108   -162     4239

 COOLING
  YESTERDAY        0                         0      0        0
  MONTH TO DATE    0                         0      0        0
  SINCE MAR 1      0                         0      0        0
  SINCE JAN 1      0                         0      0        0
..................................................................


WIND (MPH)
  HIGHEST WIND SPEED     8   HIGHEST WIND DIRECTION     S (180)
  HIGHEST GUST SPEED     9   HIGHEST GUST DIRECTION     S (180)
  AVERAGE WIND SPEED     2.4


SKY COVER
  POSSIBLE SUNSHINE  MM
  AVERAGE SKY COVER 0.7


WEATHER CONDITIONS
 THE FOLLOWING WEATHER WAS RECORDED YESTERDAY.
  LIGHT RAIN
  FOG


RELATIVE HUMIDITY (PERCENT)
 HIGHEST    93           800 PM
 LOWEST     70           100 AM
 AVERAGE    82

..........................................................


THE YAKIMA WA CLIMATE NORMALS FOR TODAY
                         NORMAL    RECORD    YEAR
 MAXIMUM TEMPERATURE (F)   60        80      2015
 MINIMUM TEMPERATURE (F)   32        19      1975


SUNRISE AND SUNSET
MARCH 27 2017.........SUNRISE   651 AM PDT   SUNSET   725 PM PDT
MARCH 28 2017.........SUNRISE   649 AM PDT   SUNSET   726 PM PDT


-  INDICATES NEGATIVE NUMBERS.
R  INDICATES RECORD WAS SET OR TIED.
MM INDICATES DATA IS MISSING.
T  INDICATES TRACE AMOUNT.


$$
