000
CDUS41 KCLE 060526
CLIYNG


CLIMATE REPORT
NATIONAL WEATHER SERVICE CLEVELAND OH
1225 AM EST FRI MAR 6 2015


...................................

...THE YOUNGSTOWN OH CLIMATE SUMMARY FOR MARCH 5 2015...

CLIMATE NORMAL PERIOD 1981 TO 2010
CLIMATE RECORD PERIOD 1897 TO 2015


WEATHER ITEM   OBSERVED TIME   RECORD YEAR NORMAL DEPARTURE LAST
                VALUE   (LST)  VALUE       VALUE  FROM      YEAR
                                                  NORMAL
..................................................................
TEMPERATURE (F)
 YESTERDAY
  MAXIMUM         25   1204 AM  78    1983  41    -16       24
  MINIMUM         -1R  1159 PM   7    1948  24    -25       14
  AVERAGE         12                        33    -21       19

PRECIPITATION (IN)
  YESTERDAY        T                         0.08  -0.08     0.00
  MONTH TO DATE    0.75                      0.42   0.33     0.09
  SINCE MAR 1      0.75                      0.42   0.33     0.09
  SINCE JAN 1      5.98                      5.12   0.86     4.78

SNOWFALL (IN)
  YESTERDAY        T                         0.4   -0.4      0.0
  MONTH TO DATE    8.0                       2.2    5.8      1.9
  SINCE MAR 1      8.0                       2.2    5.8      1.9
  SINCE JUL 1     77.5                      51.0   26.5     82.9
  SNOW DEPTH      10

DEGREE DAYS
 HEATING
  YESTERDAY       53                        32     21       46
  MONTH TO DATE  205                       164     41      242
  SINCE MAR 1    205                       164     41      242
  SINCE JUL 1   5323                      4812    511     5310

 COOLING
  YESTERDAY        0                         0      0        0
  MONTH TO DATE    0                         0      0        0
  SINCE MAR 1      0                         0      0        0
  SINCE JAN 1      0                         0      0        0
..................................................................


WIND (MPH)
  HIGHEST WIND SPEED    24   HIGHEST WIND DIRECTION    NW (320)
  HIGHEST GUST SPEED    31   HIGHEST GUST DIRECTION    NW (320)
  AVERAGE WIND SPEED    11.3


SKY COVER
  POSSIBLE SUNSHINE  MM
  AVERAGE SKY COVER 0.7


WEATHER CONDITIONS
 THE FOLLOWING WEATHER WAS RECORDED YESTERDAY.
  LIGHT SNOW


RELATIVE HUMIDITY (PERCENT)
 HIGHEST    79          1000 PM
 LOWEST     53          1200 PM
 AVERAGE    66

..........................................................


THE YOUNGSTOWN OH CLIMATE NORMALS FOR TODAY
                         NORMAL    RECORD    YEAR
 MAXIMUM TEMPERATURE (F)   42        69      1935
 MINIMUM TEMPERATURE (F)   25         4      1978


SUNRISE AND SUNSET
MARCH  6 2015.........SUNRISE   650 AM EST   SUNSET   619 PM EST
MARCH  7 2015.........SUNRISE   648 AM EST   SUNSET   620 PM EST


-  INDICATES NEGATIVE NUMBERS.
R  INDICATES RECORD WAS SET OR TIED.
MM INDICATES DATA IS MISSING.
T  INDICATES TRACE AMOUNT.




$$
