000
CDUS41 KPBZ 010702
CLIZZV


CLIMATE REPORT
NATIONAL WEATHER SERVICE PITTSBURGH PA
301 AM EDT SAT AUG 1 2015


...................................

...THE ZANESVILLE OH CLIMATE SUMMARY FOR JULY 31 2015...

CLIMATE NORMAL PERIOD 1981 TO 2010
CLIMATE RECORD PERIOD 1946 TO 2015


WEATHER ITEM   OBSERVED TIME   RECORD YEAR NORMAL DEPARTURE LAST
                VALUE   (LST)  VALUE       VALUE  FROM      YEAR
                                                  NORMAL
..................................................................
TEMPERATURE (F)
 YESTERDAY
  MAXIMUM         87    343 PM 100    1999  83      4       80
  MINIMUM         58    559 AM  50    1965  62     -4       58
  AVERAGE         73                        73      0       69

PRECIPITATION (IN)
  YESTERDAY        0.01         MM      MM   0.10  -0.09     0.00
  MONTH TO DATE    2.57                      3.79  -1.22     3.61
  SINCE JUN 1      9.91                      7.83   2.08    10.35
  SINCE JAN 1     25.81                     23.29   2.52    24.68

DEGREE DAYS
 HEATING
  YESTERDAY        0                         0      0        0
  MONTH TO DATE    0                         0      0       12
  SINCE JUN 1     24                        35    -11       22
  SINCE JUL 1      0                         3     -3       12

 COOLING
  YESTERDAY        8                         8      0        4
  MONTH TO DATE  228                       249    -21      163
  SINCE JUN 1    415                       407      8      359
  SINCE JAN 1    532                       461     71      441
..................................................................


WIND (MPH)
  HIGHEST WIND SPEED    16   HIGHEST WIND DIRECTION     W (290)
  HIGHEST GUST SPEED    24   HIGHEST GUST DIRECTION     W (280)
  AVERAGE WIND SPEED     5.4


SKY COVER
  POSSIBLE SUNSHINE  MM
  AVERAGE SKY COVER 0.3


WEATHER CONDITIONS
 THE FOLLOWING WEATHER WAS RECORDED YESTERDAY.
  LIGHT RAIN


RELATIVE HUMIDITY (PERCENT)
 HIGHEST    93           600 AM
 LOWEST     34          1200 PM
 AVERAGE    64

..........................................................


THE ZANESVILLE OH CLIMATE NORMALS FOR TODAY
                         NORMAL    RECORD    YEAR
 MAXIMUM TEMPERATURE (F)   83        94      2002
 MINIMUM TEMPERATURE (F)   62        47      1952


SUNRISE AND SUNSET
AUGUST  1 2015........SUNRISE   626 AM EDT   SUNSET   841 PM EDT
AUGUST  2 2015........SUNRISE   627 AM EDT   SUNSET   840 PM EDT


-  INDICATES NEGATIVE NUMBERS.
R  INDICATES RECORD WAS SET OR TIED.
MM INDICATES DATA IS MISSING.
T  INDICATES TRACE AMOUNT.




$$
