000
CDUS41 KPBZ 222138
CLIZZV


CLIMATE REPORT
NATIONAL WEATHER SERVICE PITTSBURGH PA
537 PM EDT THU JUN 22 2017


...................................

...THE ZANESVILLE OH CLIMATE SUMMARY FOR JUNE 22 2017...
VALID TODAY AS OF 0500 PM LOCAL TIME.

CLIMATE NORMAL PERIOD 1981 TO 2010
CLIMATE RECORD PERIOD 1895 TO 2017


WEATHER ITEM   OBSERVED TIME   RECORD YEAR NORMAL DEPARTURE LAST
                VALUE   (LST)  VALUE       VALUE  FROM      YEAR
                                                  NORMAL
..................................................................
TEMPERATURE (F)
 TODAY
  MAXIMUM         85   1218 PM  99    1988  82      3       81
  MINIMUM         69    516 AM  38    1992  60      9       58
  AVERAGE         77                        71      6       70

PRECIPITATION (IN)
  TODAY            0.00          1.68 2006   0.14  -0.14      T
  MONTH TO DATE    2.01                      2.94  -0.93     0.54
  SINCE JUN 1      2.01                      2.94  -0.93     0.54
  SINCE JAN 1     20.13                     18.40   1.73    15.52

DEGREE DAYS
 HEATING
  TODAY            0                         0      0        0
  MONTH TO DATE   15                        30    -15        4
  SINCE JUN 1     15                        30    -15        4
  SINCE JUL 1   4442                      5569  -1127     4320

 COOLING
  TODAY           12                         6      6        5
  MONTH TO DATE  148                       101     47      202
  SINCE JUN 1    148                       101     47      202
  SINCE JAN 1    235                       155     80      296
..................................................................


WIND (MPH)
  HIGHEST WIND SPEED    14   HIGHEST WIND DIRECTION     S (200)
  HIGHEST GUST SPEED    18   HIGHEST GUST DIRECTION    SW (220)
  AVERAGE WIND SPEED     6.9


SKY COVER
  POSSIBLE SUNSHINE  MM
  AVERAGE SKY COVER 0.1


WEATHER CONDITIONS
 THE FOLLOWING WEATHER WAS RECORDED TODAY.
  NO SIGNIFICANT WEATHER WAS OBSERVED.


RELATIVE HUMIDITY (PERCENT)
 HIGHEST    90           100 AM
 LOWEST     55          1200 PM
 AVERAGE    73

..........................................................


THE ZANESVILLE OH CLIMATE NORMALS FOR TOMORROW
                         NORMAL    RECORD    YEAR
 MAXIMUM TEMPERATURE (F)   82        96      1899
 MINIMUM TEMPERATURE (F)   60        42      1918


SUNRISE AND SUNSET
JUNE 22 2017..........SUNRISE   559 AM EDT   SUNSET   900 PM EDT
JUNE 23 2017..........SUNRISE   600 AM EDT   SUNSET   900 PM EDT


-  INDICATES NEGATIVE NUMBERS.
R  INDICATES RECORD WAS SET OR TIED.
MM INDICATES DATA IS MISSING.
T  INDICATES TRACE AMOUNT.




$$
