000
CDUS41 KPBZ 282120
CLIZZV


CLIMATE REPORT
NATIONAL WEATHER SERVICE PITTSBURGH PA
518 PM EDT THU JUL 28 2016


...................................

...THE ZANESVILLE OH CLIMATE SUMMARY FOR JULY 28 2016...
VALID TODAY AS OF 0500 PM LOCAL TIME.

CLIMATE NORMAL PERIOD 1981 TO 2010
CLIMATE RECORD PERIOD 1946 TO 2016


WEATHER ITEM   OBSERVED TIME   RECORD YEAR NORMAL DEPARTURE LAST
                VALUE   (LST)  VALUE       VALUE  FROM      YEAR
                                                  NORMAL
..................................................................
TEMPERATURE (F)
 TODAY
  MAXIMUM         77   1002 AM  95    1952  84     -7       90
  MINIMUM         73   1143 AM  45    1962  62     11       67
  AVERAGE         75                        73      2       79

PRECIPITATION (IN)
  TODAY            1.10         MM      MM   0.11   0.99     0.00
  MONTH TO DATE    2.69                      3.49  -0.80     2.56
  SINCE JUN 1      5.13                      7.53  -2.40     9.90
  SINCE JAN 1     20.11                     22.99  -2.88    25.80

DEGREE DAYS
 HEATING
  TODAY            0                         0      0        0
  MONTH TO DATE    0                         0      0        0
  SINCE JUN 1      4                        32    -28       24
  SINCE JUL 1      0                         0      0        0

 COOLING
  TODAY           10                         8      2       14
  MONTH TO DATE  357                       224    133      196
  SINCE JUN 1    637                       382    255      383
  SINCE JAN 1    731                       436    295      500
..................................................................


WIND (MPH)
  HIGHEST WIND SPEED    13   HIGHEST WIND DIRECTION    SE (150)
  HIGHEST GUST SPEED    14   HIGHEST GUST DIRECTION     S (160)
  AVERAGE WIND SPEED     3.5


SKY COVER
  POSSIBLE SUNSHINE  MM
  AVERAGE SKY COVER 0.8


WEATHER CONDITIONS
 THE FOLLOWING WEATHER WAS RECORDED TODAY.
  THUNDERSTORM
  HEAVY RAIN
  RAIN
  LIGHT RAIN
  FOG


RELATIVE HUMIDITY (PERCENT)
 HIGHEST    87           500 AM
 LOWEST     76          1200 AM
 AVERAGE    82

..........................................................


THE ZANESVILLE OH CLIMATE NORMALS FOR TOMORROW
                         NORMAL    RECORD    YEAR
 MAXIMUM TEMPERATURE (F)   84        93      1988
 MINIMUM TEMPERATURE (F)   62        50      1989


SUNRISE AND SUNSET
JULY 28 2016..........SUNRISE   623 AM EDT   SUNSET   845 PM EDT
JULY 29 2016..........SUNRISE   624 AM EDT   SUNSET   844 PM EDT


-  INDICATES NEGATIVE NUMBERS.
R  INDICATES RECORD WAS SET OR TIED.
MM INDICATES DATA IS MISSING.
T  INDICATES TRACE AMOUNT.




$$
