000
CDUS41 KPBZ 212115
CLIZZV


CLIMATE REPORT
NATIONAL WEATHER SERVICE PITTSBURGH PA
514 PM EDT SAT OCT 21 2017


...................................

...THE ZANESVILLE OH CLIMATE SUMMARY FOR OCTOBER 21 2017...
VALID TODAY AS OF 0500 PM LOCAL TIME.

CLIMATE NORMAL PERIOD 1981 TO 2010
CLIMATE RECORD PERIOD 1895 TO 2017


WEATHER ITEM   OBSERVED TIME   RECORD YEAR NORMAL DEPARTURE LAST
                VALUE   (LST)  VALUE       VALUE  FROM      YEAR
                                                  NORMAL
..................................................................
TEMPERATURE (F)
 TODAY
  MAXIMUM         73    318 PM  85    1920  63     10       57
  MINIMUM         42    719 AM  15    1952  40      2       45
  AVERAGE         58                        51      7       51

PRECIPITATION (IN)
  TODAY            0.00          1.07 2016   0.08  -0.08     1.07
  MONTH TO DATE    2.74                      1.79   0.95     1.73
  SINCE JUN 1     16.20                     15.86   0.34    12.32
  SINCE JAN 1     34.32                     31.32   3.00    27.30

DEGREE DAYS
 HEATING
  TODAY            7                        14     -7       14
  MONTH TO DATE   89                       226   -137      123
  SINCE SEP 1    154                       324   -170      139
  SINCE JUL 1    158                       335   -177      139

 COOLING
  TODAY            0                         0      0        0
  MONTH TO DATE   35                         7     28       25
  SINCE SEP 1    147                        89     58      202
  SINCE JAN 1    875                       766    109     1353
..................................................................


WIND (MPH)
  HIGHEST WIND SPEED     8   HIGHEST WIND DIRECTION     S (170)
  HIGHEST GUST SPEED    10   HIGHEST GUST DIRECTION     S (160)
  AVERAGE WIND SPEED     2.7


SKY COVER
  POSSIBLE SUNSHINE  MM
  AVERAGE SKY COVER 0.0


WEATHER CONDITIONS
 THE FOLLOWING WEATHER WAS RECORDED TODAY.
  NO SIGNIFICANT WEATHER WAS OBSERVED.


RELATIVE HUMIDITY (PERCENT)
 HIGHEST    86           800 AM
 LOWEST     46           300 PM
 AVERAGE    66

..........................................................


THE ZANESVILLE OH CLIMATE NORMALS FOR TOMORROW
                         NORMAL    RECORD    YEAR
 MAXIMUM TEMPERATURE (F)   63        82      1979
                                             1947
                                             1920
 MINIMUM TEMPERATURE (F)   40        19      1930


SUNRISE AND SUNSET
OCTOBER 21 2017.......SUNRISE   745 AM EDT   SUNSET   639 PM EDT
OCTOBER 22 2017.......SUNRISE   746 AM EDT   SUNSET   638 PM EDT


-  INDICATES NEGATIVE NUMBERS.
R  INDICATES RECORD WAS SET OR TIED.
MM INDICATES DATA IS MISSING.
T  INDICATES TRACE AMOUNT.




$$
