957
CDUS41 KPBZ 062229
CLIZZV


CLIMATE REPORT
NATIONAL WEATHER SERVICE PITTSBURGH PA
529 PM EST SAT FEB 6 2016


...................................

...THE ZANESVILLE OH CLIMATE SUMMARY FOR FEBRUARY 6 2016...
VALID TODAY AS OF 0500 PM LOCAL TIME.

CLIMATE NORMAL PERIOD 1981 TO 2010
CLIMATE RECORD PERIOD 1946 TO 2016


WEATHER ITEM   OBSERVED TIME   RECORD YEAR NORMAL DEPARTURE LAST
                VALUE   (LST)  VALUE       VALUE  FROM      YEAR
                                                  NORMAL
..................................................................
TEMPERATURE (F)
 TODAY
  MAXIMUM         45    344 PM  65    2008  39      6       28
  MINIMUM         28    805 AM -10    1979  21      7        3
  AVERAGE         37                        30      7       16

PRECIPITATION (IN)
  TODAY            0.00         MM      MM   0.07  -0.07     0.00
  MONTH TO DATE    0.77                      0.47   0.30     0.55
  SINCE JUN 1     24.02                     25.53  -1.51    25.41
  SINCE JAN 1      1.69                      3.13  -1.44     3.00

DEGREE DAYS
 HEATING
  TODAY           28                        35     -7       49
  MONTH TO DATE  143                       210    -67      242
  SINCE DEC 1   1823                      2336   -513     2349
  SINCE JUL 1   2665                      3477   -812     3656

 COOLING
  TODAY            0                         0      0        0
  MONTH TO DATE    0                         0      0        0
  SINCE DEC 1      0                         0      0        0
  SINCE JAN 1      0                         0      0        0
..................................................................


WIND (MPH)
  HIGHEST WIND SPEED    15   HIGHEST WIND DIRECTION     W (260)
  HIGHEST GUST SPEED    18   HIGHEST GUST DIRECTION     W (260)
  AVERAGE WIND SPEED     7.2


SKY COVER
  POSSIBLE SUNSHINE  MM
  AVERAGE SKY COVER 0.2


WEATHER CONDITIONS
 THE FOLLOWING WEATHER WAS RECORDED TODAY.
  NO SIGNIFICANT WEATHER WAS OBSERVED.


RELATIVE HUMIDITY (PERCENT)
 HIGHEST    58           800 AM
 LOWEST     25           500 PM
 AVERAGE    42

..........................................................


THE ZANESVILLE OH CLIMATE NORMALS FOR TOMORROW
                         NORMAL    RECORD    YEAR
 MAXIMUM TEMPERATURE (F)   39        58      2005
 MINIMUM TEMPERATURE (F)   22        -5      1977


SUNRISE AND SUNSET
FEBRUARY  6 2016......SUNRISE   731 AM EST   SUNSET   552 PM EST
FEBRUARY  7 2016......SUNRISE   730 AM EST   SUNSET   553 PM EST


-  INDICATES NEGATIVE NUMBERS.
R  INDICATES RECORD WAS SET OR TIED.
MM INDICATES DATA IS MISSING.
T  INDICATES TRACE AMOUNT.




$$
