000
CDUS41 KPBZ 131321
CLIZZV


CLIMATE REPORT
NATIONAL WEATHER SERVICE PITTSBURGH PA
821 AM EST WED DEC 13 2017


...................................

...THE ZANESVILLE OH CLIMATE SUMMARY FOR DECEMBER 13 2017...
VALID AS OF 0800 AM LOCAL TIME.

CLIMATE NORMAL PERIOD 1981 TO 2010
CLIMATE RECORD PERIOD 1895 TO 2017


WEATHER ITEM   OBSERVED TIME   RECORD YEAR NORMAL DEPARTURE LAST
                VALUE   (LST)  VALUE       VALUE  FROM      YEAR
                                                  NORMAL
..................................................................
TEMPERATURE (F)
 TODAY
  MAXIMUM         20    659 AM  66    2015
                                      1901
  MINIMUM         19    511 AM  -7    1962  25     -6       24

PRECIPITATION (IN)
  TODAY            T             0.98 1931   0.08  -0.08     0.25
  MONTH TO DATE    0.28                      1.14  -0.86     1.64
  SINCE JUN 1     21.80                     20.96   0.84    16.00
  SINCE JAN 1     39.92                     36.42   3.50    30.98

DEGREE DAYS
 HEATING
  TODAY           45

 COOLING
  TODAY            0
..................................................................







THE ZANESVILLE OH CLIMATE NORMALS FOR TOMORROW
                         NORMAL    RECORD    YEAR
 MAXIMUM TEMPERATURE (F)   41        65      2015
                                             1975
 MINIMUM TEMPERATURE (F)   25        -1      1898


SUNRISE AND SUNSET
DECEMBER 13 2017......SUNRISE   741 AM EST   SUNSET   503 PM EST
DECEMBER 14 2017......SUNRISE   742 AM EST   SUNSET   503 PM EST


-  INDICATES NEGATIVE NUMBERS.
R  INDICATES RECORD WAS SET OR TIED.
MM INDICATES DATA IS MISSING.
T  INDICATES TRACE AMOUNT.




$$
