000
CXUS51 KPHI 011250
CLMABE


CLIMATE REPORT
NATIONAL WEATHER SERVICE MOUNT HOLLY NJ
850 AM EDT MON SEP 1 2014

...................................

...THE ALLENTOWN CLIMATE SUMMARY FOR THE MONTH OF AUGUST 2014...

CLIMATE NORMAL PERIOD 1981 TO 2010
CLIMATE RECORD PERIOD 1922 TO 2014

WEATHER         OBSERVED          NORMAL  DEPART  LAST YEAR`S
                 VALUE   DATE(S)  VALUE   FROM    VALUE  DATE(S)
                                          NORMAL
................................................................
TEMPERATURE (F)
RECORD
 HIGH             105   08/07/1918
 LOW               41   08/30/1986
                        08/31/1934
HIGHEST            89                92      -3       88
LOWEST             50                49       1       49
AVG. MAXIMUM     82.0              82.4    -0.4     80.3
AVG. MINIMUM     59.5              60.9    -1.4     60.9
MEAN             70.8              71.7    -0.9     70.6
DAYS MAX >= 90      0               3.0    -3.0        0
DAYS MAX <= 32      0               0.0     0.0        0
DAYS MIN <= 32      0               0.0     0.0        0
DAYS MIN <= 0       0               0.0     0.0        0

PRECIPITATION (INCHES)
RECORD
 MAXIMUM        13.47   2011
 MINIMUM         0.76   1995
TOTALS           1.97              3.69   -1.72    10.29
DAILY AVG.       0.06              0.12   -0.06     0.33
DAYS >= .01         9               9.5    -0.5       12
DAYS >= .10         6               6.2    -0.2       10
DAYS >= .50         0               2.2    -2.2        8
DAYS >= 1.00        0               1.0    -1.0        4
GREATEST
 24 HR. TOTAL    0.78   08/12 TO 08/13              2.91

SNOWFALL (INCHES)
RECORDS
 TOTAL             MM   5
 24 HR TOTAL       MM
TOTALS            0.0               0.0     0.0      0.0
SINCE 7/1         0.0               0.0     0.0      0.0
SNOWDEPTH AVG.      0                MM      MM        0
DAYS >= 1.0         0               0.0     0.0        0
GREATEST
 SNOW DEPTH         0   MM                             0  MM
 24 HR TOTAL      0.0   08/31 TO 08/31               0.0

DEGREE_DAYS
HEATING TOTAL       4                 8      -4        4
 SINCE 7/1          4                11      -7        4
COOLING TOTAL     187               214     -27      182
 SINCE 1/1        687               679       8      825
.................................................................

WIND (MPH)
AVERAGE WIND SPEED              4.6
HIGHEST WIND SPEED/DIRECTION    22/280    DATE  08/13
HIGHEST GUST SPEED/DIRECTION    31/300    DATE  08/13

SKY COVER
POSSIBLE SUNSHINE (PERCENT)   MM
AVERAGE SKY COVER           0.40
NUMBER OF DAYS FAIR           15
NUMBER OF DAYS PC             10
NUMBER OF DAYS CLOUDY          6

AVERAGE RH (PERCENT)     68

WEATHER CONDITIONS. NUMBER OF DAYS WITH
THUNDERSTORM              0     MIXED PRECIP               0
HEAVY RAIN                3     RAIN                       6
LIGHT RAIN               12     FREEZING RAIN              0
LT FREEZING RAIN          0     HEAVY SNOW                 0
SNOW                      0     LIGHT SNOW                 0
SLEET                     0     FOG                       17
FOG W/VIS <= 1/4 MILE     1     HAZE                       8

-  INDICATES NEGATIVE NUMBERS.
R  INDICATES RECORD WAS SET OR TIED.
MM INDICATES DATA IS MISSING.
T  INDICATES TRACE AMOUNT.

$$
