000
CXUS54 KSJT 011409
CLMABI


CLIMATE REPORT
NATIONAL WEATHER SERVICE SAN ANGELO TX
906 AM CDT FRI SEP 1 2017

...................................

...THE ABILENE CLIMATE SUMMARY FOR THE MONTH OF AUGUST 2017...

CLIMATE NORMAL PERIOD 1981 TO 2010
CLIMATE RECORD PERIOD 1886 TO 2017

WEATHER         OBSERVED          NORMAL  DEPART  LAST YEAR`S
                 VALUE   DATE(S)  VALUE   FROM    VALUE  DATE(S)
                                          NORMAL
................................................................
TEMPERATURE (F)
RECORD
 HIGH             111   08/03/1943
 LOW               50   08/28/1992
HIGHEST            99   08/06        MM      MM      103  08/11
                        08/05
LOWEST             57   08/30        MM      MM       63  08/16
AVG. MAXIMUM     90.4              94.0    -3.6     93.3
AVG. MINIMUM     68.7              71.6    -2.9     72.3
MEAN             79.6              82.8    -3.2     82.8
DAYS MAX >= 90     17              24.3    -7.3       21
DAYS MAX <= 32      0               0.0     0.0        0
DAYS MIN <= 32      0               0.0     0.0        0
DAYS MIN <= 0       0               0.0     0.0        0

PRECIPITATION (INCHES)
RECORD
 MAXIMUM        15.70   1914
 MINIMUM         0.00   2000
TOTALS           3.86              2.59    1.27     5.54
DAILY AVG.       0.12              0.08    0.04     0.18
DAYS >= .01        12               5.9     6.1       10
DAYS >= .10         8               3.8     4.2        8
DAYS >= .50         2               1.7     0.3        3
DAYS >= 1.00        1               0.6     0.4        1
GREATEST
 24 HR. TOTAL    2.13   08/14 TO 08/14

SNOWFALL (INCHES)
RECORDS
 TOTAL
TOTALS            0.0               0.0     0.0      0.0
SINCE 7/1         0.0               0.0     0.0      0.0
SNOWDEPTH AVG.      0                MM      MM        0
DAYS >= 1.0         0               0.0     0.0        0
GREATEST
 SNOW DEPTH         0   MM                             0  MM
 24 HR TOTAL      0.0   08/31 TO 08/31

DEGREE_DAYS
HEATING TOTAL       0                 0       0        0
 SINCE 7/1          0                 0       0        0
COOLING TOTAL     462               552     -90      559
 SINCE 1/1       1916              1945     -29     1999
.................................................................

WIND (MPH)
AVERAGE WIND SPEED              7.9
HIGHEST WIND SPEED/DIRECTION    37/340    DATE  08/14
HIGHEST GUST SPEED/DIRECTION    44/320    DATE  08/14

SKY COVER
AVERAGE SKY COVER           0.30

AVERAGE RH (PERCENT)     68

WEATHER CONDITIONS. NUMBER OF DAYS WITH
THUNDERSTORM              8     MIXED PRECIP               0
HEAVY RAIN                3     RAIN                       5
LIGHT RAIN               15     FREEZING RAIN              0
LT FREEZING RAIN          0     HAIL                       0
HEAVY SNOW                0     SNOW                       0
LIGHT SNOW                0     SLEET                      0
FOG                      12     FOG W/VIS <= 1/4 MILE      2
HAZE                      1

-  INDICATES NEGATIVE NUMBERS.
R  INDICATES RECORD WAS SET OR TIED.
MM INDICATES DATA IS MISSING.
T  INDICATES TRACE AMOUNT.

$$
