000
CXUS54 KSJT 012019
CLMABI


CLIMATE REPORT
NATIONAL WEATHER SERVICE SAN ANGELO TX
258 PM CDT SAT APR 1 2017

...................................

...THE ABILENE CLIMATE SUMMARY FOR THE MONTH OF MARCH 2017...

CLIMATE NORMAL PERIOD 1981 TO 2010
CLIMATE RECORD PERIOD 1886 TO 2017

WEATHER         OBSERVED          NORMAL  DEPART  LAST YEAR`S
                 VALUE   DATE(S)  VALUE   FROM    VALUE  DATE(S)
                                          NORMAL
................................................................
TEMPERATURE (F)
RECORD
 HIGH              98   03/21/1916
 LOW                9   03/11/1948
HIGHEST            92   03/21        MM      MM       85  03/23
LOWEST             30   03/02        MM      MM       31  03/20
AVG. MAXIMUM     75.8              68.6     7.2     71.4
AVG. MINIMUM     49.6              44.1     5.5     47.2
MEAN             62.7              56.4     6.3     59.3
DAYS MAX >= 90      1               0.6     0.4        0
DAYS MAX <= 32      0               0.1    -0.1        0
DAYS MIN <= 32      1               3.6    -2.6        1
DAYS MIN <= 0       0               0.0     0.0        0

PRECIPITATION (INCHES)
RECORD
 MAXIMUM         5.16   1979
 MINIMUM         0.00   1904
TOTALS           0.42              1.74   -1.32     2.31
DAILY AVG.       0.01              0.06   -0.05     0.07
DAYS >= .01         3               6.0    -3.0        4
DAYS >= .10         1               3.4    -2.4        2
DAYS >= .50         0               1.2    -1.2        2
DAYS >= 1.00        0               0.4    -0.4        1
GREATEST
 24 HR. TOTAL    0.35   03/28 TO 03/28

SNOWFALL (INCHES)
RECORDS
 TOTAL             MM   5
TOTALS            0.0               0.3    -0.3      0.0
SINCE 7/1           T               4.4    -4.4      5.1
SNOWDEPTH AVG.      0                MM      MM        0
DAYS >= 1.0         0               0.1    -0.1        0
GREATEST
 SNOW DEPTH         0   MM                             0  MM
 24 HR TOTAL      0.0   03/31 TO 03/31

DEGREE_DAYS
HEATING TOTAL     146               298    -152      187
 SINCE 7/1       1727              2431    -704     1941
COOLING TOTAL      84                29      55       18
 SINCE 1/1        115                34      81       32
.................................................................

WIND (MPH)
AVERAGE WIND SPEED              13.0
HIGHEST WIND SPEED/DIRECTION    39/160    DATE  03/23
HIGHEST GUST SPEED/DIRECTION    51/170    DATE  03/23

SKY COVER
AVERAGE SKY COVER           0.20

AVERAGE RH (PERCENT)     61

WEATHER CONDITIONS. NUMBER OF DAYS WITH
THUNDERSTORM              0     MIXED PRECIP               0
HEAVY RAIN                0     RAIN                       3
LIGHT RAIN                3     FREEZING RAIN              0
LT FREEZING RAIN          0     HAIL                       0
HEAVY SNOW                0     SNOW                       0
LIGHT SNOW                0     SLEET                      0
FOG                       7     FOG W/VIS <= 1/4 MILE      1
HAZE                      4

-  INDICATES NEGATIVE NUMBERS.
R  INDICATES RECORD WAS SET OR TIED.
MM INDICATES DATA IS MISSING.
T  INDICATES TRACE AMOUNT.

$$
