000
CXUS53 KABR 011617
CLMABR


CLIMATE REPORT
NATIONAL WEATHER SERVICE ABERDEEN SD
1003 AM CST THU DEC 1 2016

...................................

...THE ABERDEEN SD CLIMATE SUMMARY FOR THE MONTH OF NOVEMBER 2016...

CLIMATE NORMAL PERIOD 1981 TO 2010
CLIMATE RECORD PERIOD 1893 TO 2016

WEATHER         OBSERVED          NORMAL  DEPART  LAST YEAR`S
                 VALUE   DATE(S)  VALUE   FROM    VALUE  DATE(S)
                                          NORMAL
................................................................
TEMPERATURE (F)
RECORD
 HIGH              79   11/05/1904
 LOW              -27   11/30/1964
HIGHEST            76   11/05        MM      MM       70  11/02
LOWEST             13   11/19        MM      MM        1  11/27
AVG. MAXIMUM     51.9              39.6    12.3     48.7
AVG. MINIMUM     29.1              18.9    10.2     25.4
MEAN             40.5              29.3    11.2     37.0
DAYS MAX >= 90      0               0.0     0.0        0
DAYS MAX <= 32      1               8.7    -7.7        3
DAYS MIN <= 32     22              27.6    -5.6       23
DAYS MIN <= 0       0               1.9    -1.9        0

PRECIPITATION (INCHES)
RECORD
 MAXIMUM         6.92   1896
 MINIMUM            T   1999
TOTALS           1.71              0.73    0.98     1.21
DAYS >= .01         9               6.8     2.2        5
DAYS >= .10         7               2.2     4.8        3
DAYS >= .50         1               0.3     0.7        0
DAYS >= 1.00        0               0.0     0.0        0

SNOWFALL (INCHES)
RECORDS
 TOTAL           32.8   1896


 SNOW DEPTH        23   11/27/1993
TOTALS            5.2               7.0    -1.8      3.6
SINCE 7/1         5.2               7.7    -2.5      3.6
SNOWDEPTH AVG.      0                MM      MM        0
DAYS >= TRACE       6               4.7     1.3        5
DAYS >= 1.0         2               1.9     0.1        1
GREATEST
 SNOW DEPTH         3   11/18

DEGREE_DAYS
HEATING TOTAL     730              1072    -342      831
 SINCE 7/1       1350              1963    -613     1412
COOLING TOTAL       0                 0       0        0
 SINCE 1/1        722               525     197      677

FREEZE DATES
RECORD
 EARLIEST     MM
 LATEST       MM
EARLIEST                        MM
LATEST                          MM
.................................................................

WIND (MPH)
AVERAGE WIND SPEED              9.9
RESULTANT WIND SPEED/DIRECTION   1/258
HIGHEST WIND SPEED/DIRECTION    37/350    DATE  11/18
HIGHEST GUST SPEED/DIRECTION    46/360    DATE  11/18

SKY COVER
POSSIBLE SUNSHINE (PERCENT)   MM
AVERAGE SKY COVER           0.30
NUMBER OF DAYS FAIR           21
NUMBER OF DAYS PC              2
NUMBER OF DAYS CLOUDY          7

AVERAGE RH (PERCENT)     72

WEATHER CONDITIONS. NUMBER OF DAYS WITH
THUNDERSTORM              0     MIXED PRECIP               0
HEAVY RAIN                0     RAIN                       2
LIGHT RAIN                5     FREEZING RAIN              0
LT FREEZING RAIN          0     HAIL                       0
HEAVY SNOW                0     SNOW                       1
LIGHT SNOW                6     SLEET                      0
FOG                      14     FOG W/VIS <= 1/4 MILE      3
HAZE                      5

-  INDICATES NEGATIVE NUMBERS.
R  INDICATES RECORD WAS SET OR TIED.
MM INDICATES DATA IS MISSING.
T  INDICATES TRACE AMOUNT.

$$
