000
CXUS54 KFWD 010834
CLMACT


CLIMATE REPORT
NATIONAL WEATHER SERVICE FORT WORTH TX
233 AM CST SUN JAN 1 2017

...................................

...THE WACO CLIMATE SUMMARY FOR THE MONTH OF DECEMBER 2016...

CLIMATE NORMAL PERIOD 1981 TO 2010
CLIMATE RECORD PERIOD 1901 TO 2016

WEATHER         OBSERVED          NORMAL  DEPART  LAST YEAR`S
                 VALUE   DATE(S)  VALUE   FROM    VALUE  DATE(S)
                                          NORMAL
................................................................
TEMPERATURE (F)
RECORD
 HIGH              91   12/24/1955
 LOW               -4   12/23/1989
HIGHEST            84   12/26        78       6       78  12/26
                                                          12/23
                                                          12/10
LOWEST             18   12/19        22      -4       29  12/17
AVG. MAXIMUM     60.9              59.0     1.9     64.7
AVG. MINIMUM     41.8              37.5     4.3     40.4
MEAN             51.4              48.3     3.1     52.6
DAYS MAX >= 90      0               0.0     0.0        0
DAYS MAX <= 32      0               0.6    -0.6        0
DAYS MAX >= 100     0                                  0
DAYS MIN <= 32      8               9.6    -1.6        5
DAYS MIN <= 0       0               0.0     0.0        0
DAYS MIN >= 80      0                                  0

PRECIPITATION (INCHES)
RECORD
 MAXIMUM        11.76   1913
 MINIMUM            T   1922
                        1917
                        1916
TOTALS           1.27              2.75   -1.48     3.62
DAILY AVG.       0.04              0.09   -0.05     0.12
DAYS >= .01         7               7.1    -0.1        5
DAYS >= .10         2               4.0    -2.0        3
DAYS >= .50         1               1.6    -0.6        2
DAYS >= 1.00        0               0.7    -0.7        2
GREATEST
 24 HR. TOTAL    0.85   12/02 TO 12/03              2.30

SNOWFALL (INCHES)
RECORDS
 TOTAL           13.0   1929
 24 HR TOTAL     13.0   12/20/1929 TO 12/21/1929
TOTALS              T                 T     0.0      0.0
SINCE 7/1           T               0.1    -0.1      0.0
SNOWDEPTH AVG.      0                MM      MM        0
DAYS >= TRACE       1                                  0
DAYS >= 1.0         0               0.0     0.0        0
GREATEST
 SNOW DEPTH         0   MM                             0  MM
 24 HR TOTAL        T   12/17 TO 12/17               0.0

DEGREE_DAYS
HEATING TOTAL     440               524     -84      384
 SINCE 7/1        583               852    -269      619
COOLING TOTAL      23                 5      18        5
 SINCE 1/1       3064              2797     267     3055
.................................................................

WIND (MPH)
AVERAGE WIND SPEED              9.7
HIGHEST WIND SPEED/DIRECTION    36/350    DATE  12/17
HIGHEST GUST SPEED/DIRECTION    45/350    DATE  12/17

SKY COVER
POSSIBLE SUNSHINE (PERCENT)   MM
AVERAGE SKY COVER           0.60
NUMBER OF DAYS FAIR            9
NUMBER OF DAYS PC             10
NUMBER OF DAYS CLOUDY         12

AVERAGE RH (PERCENT)     71

WEATHER CONDITIONS. NUMBER OF DAYS WITH
THUNDERSTORM              0     MIXED PRECIP               0
HEAVY RAIN                2     RAIN                       3
LIGHT RAIN               11     FREEZING RAIN              0
LT FREEZING RAIN          0     HAIL                       0
HEAVY SNOW                0     SNOW                       0
LIGHT SNOW                1     SLEET                      0
FOG                      15     FOG W/VIS <= 1/4 MILE      4
HAZE                      4

-  INDICATES NEGATIVE NUMBERS.
R  INDICATES RECORD WAS SET OR TIED.
MM INDICATES DATA IS MISSING.
T  INDICATES TRACE AMOUNT.

$$
