000
CXAK58 PADQ 011450
CLMADQ


CLIMATE REPORT
NATIONAL WEATHER SERVICE ANCHORAGE, AK
650 AM AKDT TUE AUG 1 2017

...................................

...THE KODIAK CLIMATE SUMMARY FOR THE MONTH OF JULY 2017...

CLIMATE NORMAL PERIOD 1981 TO 2010
CLIMATE RECORD PERIOD 1913 TO 2017

WEATHER         OBSERVED          NORMAL  DEPART  LAST YEAR`S
                 VALUE   DATE(S)  VALUE   FROM    VALUE  DATE(S)
                                          NORMAL
................................................................
TEMPERATURE (F)
RECORD
 HIGH              82   MM
 LOW               45   07/22/2017
                        07/05/2017
                        07/19/2012
HIGHEST            77                MM      MM       80
LOWEST             45R               MM      MM       48
AVG. MAXIMUM     60.8              59.8     1.0     66.2
AVG. MINIMUM     50.7              49.2     1.5     54.1
MEAN             55.7              54.5     1.2     60.2
DAYS MAX >= 90      0               0.0     0.0        0
DAYS MAX <= 32      0               0.0     0.0        0
DAYS MIN <= 32      0               0.0     0.0        0
DAYS MIN <= 0       0               0.0     0.0        0

PRECIPITATION (INCHES)
RECORD
 MAXIMUM           MM   MM
 MINIMUM           MM   MM
TOTALS           3.75              4.93   -1.18     2.46
DAILY AVG.       0.12              0.16   -0.04     0.08
DAYS >= .01        17              14.8     2.2       14
DAYS >= .10         8               9.0    -1.0        9
DAYS >= .50         3               3.1    -0.1        1
DAYS >= 1.00        1               1.4    -0.4        0
GREATEST
 24 HR. TOTAL    1.18   07/20 TO 07/20           07/27 TO 07/27
                                                          07/31 TO 07/31
                                                          07/31 TO 07/31
 STORM TOTAL       MM                                 MM
 (MM/DD(HH))            MM                    07/27(00) TO 07/27(00)
                                                 07/31(00) TO 07/31(00)1
                                                 07/31(00) TO 07/31(00)1

SNOWFALL (INCHES)
RECORDS
 TOTAL             MM   MM
 24 HR TOTAL       MM
 SNOW DEPTH        MM   MM
TOTALS            0.0               0.0     0.0      0.0
SINCE 7/1         0.0               0.0     0.0      0.0
SNOWDEPTH AVG.      0                MM      MM        0
DAYS >= TRACE       0               0.0     0.0        0
DAYS >= 1.0         0               0.0     0.0
GREATEST
 SNOW DEPTH         0   MM                             0  MM
 24 HR TOTAL      0.0   07/31 TO 07/31           07/31 TO 07/31
                                                          07/31 TO 07/31
                                                          07/31 TO 07/31
 STORM TOTAL       MM                                 MM
 (MM/DD(HH))            MM

DEGREE_DAYS
HEATING TOTAL     279               327     -48      154
 SINCE 7/1        279               327     -48      154
COOLING TOTAL       0                 1      -1       20
 SINCE 1/1          0                 1      -1       20

FREEZE DATES
RECORD
 EARLIEST     MM
 LATEST       MM
EARLIEST                        MM
LATEST                          MM
..................................................

WIND (MPH)
AVERAGE WIND SPEED              6.5
RESULTANT WIND SPEED/DIRECTION   3/044
HIGHEST WIND SPEED/DIRECTION    27/020    DATE  07/20
HIGHEST GUST SPEED/DIRECTION    40/040    DATE  07/20

SKY COVER
POSSIBLE SUNSHINE (PERCENT)   MM
AVERAGE SKY COVER           0.80
NUMBER OF DAYS FAIR            3
NUMBER OF DAYS PC              7
NUMBER OF DAYS CLOUDY         21

AVERAGE RH (PERCENT)     87

WEATHER CONDITIONS. NUMBER OF DAYS WITH
THUNDERSTORM              0     MIXED PRECIP               0
HEAVY RAIN                0     RAIN                       4
LIGHT RAIN               19     FREEZING RAIN              0
LT FREEZING RAIN          0     HAIL                       0
HEAVY SNOW                0     SNOW                       0
LIGHT SNOW                0     SLEET                      0
FOG                      20     FOG W/VIS <= 1/4 MILE      5
HAZE                      1

-  INDICATES NEGATIVE NUMBERS.
R  INDICATES RECORD WAS SET OR TIED.
MM INDICATES DATA IS MISSING.
T  INDICATES TRACE AMOUNT.

$$
