000
CXUS52 KCAE 041304
CLMAGS
CLIMATE REPORT
NATIONAL WEATHER SERVICE COLUMBIA SC
804 AM EST MON MAR 04 2024
...................................
...THE AUGUSTA BUSH FIELD GA CLIMATE SUMMARY FOR THE MONTH OF FEBRUARY 2024...
CLIMATE NORMAL PERIOD: 1991 TO 2020
CLIMATE RECORD PERIOD: 1873 TO 2024
WEATHER OBSERVED NORMAL DEPART LAST YEAR`S
VALUE DATE(S) VALUE FROM VALUE
NORMAL
..............................................................
TEMPERATURE (F)
RECORD
HIGH 88 02/28/2021
LOW 3 02/14/1899
HIGHEST 77 02/28 MM MM
LOWEST 26 02/08 MM MM
02/20
AVG. MAXIMUM 64.0 63.5 0.5
AVG. MINIMUM 36.9 38.1 -1.2
MEAN 50.4 50.8 -0.4
DAYS MAX >= 90 0 0.0 0.0
DAYS MAX <= 32 0 0.0 0.0
DAYS MIN <= 32 11 10.4 0.6
DAYS MIN <= 0 0 0.0 0.0
PRECIPITATION (INCHES)
RECORD
MAXIMUM 10.03 1899
MINIMUM 0.52 1938
TOTALS 3.48 3.67 -0.19
DAILY AVG. 0.12 NAN NAN
DAYS >= .01 6 9.1 -3.1
DAYS >= .10 5 6.0 -1.0
DAYS >= .50 2 2.8 -0.8
DAYS >= 1.00 1 1.1 -0.1
GREATEST
24 HR. TOTAL 2.28 02/11 TO 02/12
STORM TOTAL 1.95
(MM/DD(HH))
SNOWFALL (INCHES)
RECORDS
TOTAL MM MM
TOTALS 0.0 0.3 -0.3
SINCE 7/1 0.0 0.8 -0.8
DAYS >= TRACE 0 0.1 -0.1
DAYS >= 1.0 0 0.1 -0.1
GREATEST
SNOW DEPTH 0
DEGREE DAYS
HEATING TOTAL 416 403 13
SINCE 7/1 1888 1845 43
COOLING TOTAL 0 6 -6
SINCE 1/1 8 10 -2
FREEZE DATES
RECORD
EARLIEST MM
LATEST MM
EARLIEST 11/01
LATEST 03/21
..............................................................
WIND (MPH)
AVERAGE WIND SPEED 5.3
RESULTANT WIND SPEED/DIRECTION 1/260
HIGHEST WIND SPEED/DIRECTION 30/280 DATE 02/13
HIGHEST GUST SPEED/DIRECTION 45/310 DATE 02/24
SKY COVER
POSSIBLE SUNSHINE (PERCENT) MM
AVERAGE SKY COVER 0.20
NUMBER OF DAYS FAIR 21
NUMBER OF DAYS PC 4
NUMBER OF DAYS CLOUDY 3
AVERAGE RH (PERCENT) 63
WEATHER CONDITIONS. NUMBER OF DAYS WITH
THUNDERSTORM 1 MIXED PRECIP 0
HEAVY RAIN 5 RAIN 5
LIGHT RAIN 7 FREEZING RAIN 0
LT FREEZING RAIN 0 HAIL 0
HEAVY SNOW 0 SNOW 0
LIGHT SNOW 0 SLEET 0
FOG 19 FOG W/VIS <= 1/4 MILE 4
HAZE 15
- INDICATES NEGATIVE NUMBERS.
R INDICATES RECORD WAS SET OR TIED.
MM INDICATES DATA IS MISSING.
T INDICATES TRACE AMOUNT.
$$