000
CXUS55 KCYS 022121
CLMAIA


CLIMATE REPORT
NATIONAL WEATHER SERVICE CHEYENNE WY
221 PM MST WED MAR 2 2016

...................................

...THE ALLIANCE NE AIRPORT CLIMATE SUMMARY FOR THE MONTH OF FEBRUARY 2016...

CLIMATE NORMAL PERIOD 1981 TO 2010
CLIMATE RECORD PERIOD 1896 TO 2016

WEATHER         OBSERVED          NORMAL  DEPART  LAST YEAR`S
                 VALUE   DATE(S)  VALUE   FROM    VALUE
                                          NORMAL
.............................................................
TEMPERATURE (F)
RECORD
 HIGH              77   02/11/1962
 LOW              -40   02/11/2006
                        02/11/1899
                        02/04/1899
HIGHEST            73   02/27        MM      MM       68
                        02/18
LOWEST                  02/03        MM      MM      -10
AVG. MAXIMUM     46.7              41.4     5.3     42.2
AVG. MINIMUM     19.0              12.9     6.1     15.3
MEAN             32.8              27.1     5.7     28.8
DAYS MAX >= 90      0               0.0                0
DAYS MAX <= 32      4               6.9               10
DAYS MIN <= 32     29              27.6               28
DAYS MIN <= 0       1               3.7                4

PRECIPITATION (INCHES)
RECORD
 MAXIMUM         1.36   1986
 MINIMUM         0.00   1994
TOTALS           0.61              0.38    0.23     0.50
DAYS >= .01         4                MM      MM        5
DAYS >= .10         3                MM      MM        1
DAYS >= .50         0                MM      MM        0
DAYS >= 1.00        0                MM      MM        0
GREATEST
 24 HR. TOTAL    0.43   02/01 TO 02/02

DEGREE_DAYS
HEATING TOTAL     924              1059    -135     1008
 SINCE 7/1       5075              5438    -363     5227
COOLING TOTAL       0                 0       0        0
 SINCE 1/1          0                 0       0        0
..............................................................

WIND (MPH)
AVERAGE WIND SPEED              13.2
HIGHEST WIND SPEED/DIRECTION    53/270    DATE  02/18
HIGHEST GUST SPEED/DIRECTION    65/270    DATE  02/18

SKY COVER
POSSIBLE SUNSHINE (PERCENT)   MM
AVERAGE SKY COVER           0.30
NUMBER OF DAYS FAIR           18
NUMBER OF DAYS PC              9
NUMBER OF DAYS CLOUDY          2

AVERAGE RH (PERCENT)     66

WEATHER CONDITIONS. NUMBER OF DAYS WITH
THUNDERSTORM              0     MIXED PRECIP               0
HEAVY RAIN                0     RAIN                       1
LIGHT RAIN                2     FREEZING RAIN              0
LT FREEZING RAIN          0     HAIL                       0
HEAVY SNOW                0     SNOW                       3
LIGHT SNOW                5     SLEET                      0
FOG                       8     FOG W/VIS <= 1/4 MILE      1
HAZE                      0

-  INDICATES NEGATIVE NUMBERS.
R  INDICATES RECORD WAS SET OR TIED.
MM INDICATES DATA IS MISSING.
T  INDICATES TRACE AMOUNT.

$$
