000
CXAK57 PAJK 012302 CCA
CLMAJK

CLIMATE REPORT...CORRECTED
NATIONAL WEATHER SERVICE JUNEAU, AK
302 PM AKDT SAT AUG 1 2015

...................................

...THE JUNEAU CLIMATE SUMMARY FOR THE MONTH OF JULY 2015...

CLIMATE NORMAL PERIOD 1981 TO 2010
CLIMATE RECORD PERIOD 1936 TO 2015

WEATHER         OBSERVED          NORMAL  DEPART  LAST YEAR`S
                 VALUE   DATE(S)  VALUE   FROM    VALUE  DATE(S)
                                          NORMAL
................................................................
TEMPERATURE (F)
RECORD
 HIGH              90   7/7/1975

 LOW               36   7/8/1950
HIGHEST            84   07/06        78       6       72  07/06
LOWEST             44   07/04        43       1       45  07/31
AVG. MAXIMUM     63.5              63.9    -0.4     63.3
AVG. MINIMUM     51.6              50.0     1.6     51.5
MEAN             57.6              56.9     0.7     57.4
DAYS MAX >= 90      0               0.0     0.0        0
DAYS MAX <= 32      0               0.0     0.0        0
DAYS MIN <= 32      0               0.0     0.0        0
DAYS MIN <= 0       0               0.0     0.0        0

PRECIPITATION (INCHES)
RECORD
 MAXIMUM        10.36   1997
 MINIMUM         1.15   1972
TOTALS          10.40R             4.60    5.80     8.26
DAILY AVG.       0.34              0.15    0.19     0.27
DAYS >= .01        24              17.7     6.3       21
DAYS >= .10        18              10.9     7.1       19
DAYS >= .50         7               2.9     4.1        7
DAYS >= 1.00        2               0.6     1.4        1
GREATEST
 24 HR. TOTAL    2.07   07/23 TO 07/24

SNOWFALL (INCHES)
RECORDS
 TOTAL            0.0
 24 HR TOTAL      0.0
 SNOW DEPTH         0
TOTALS            0.0               0.0     0.0      0.0
SINCE 7/1         0.0               0.0     0.0      0.0
SNOWDEPTH AVG.      0               0.0     0.0        0
DAYS >= TRACE       0               0.0     0.0        0
DAYS >= 1.0         0               0.0     0.0        0
GREATEST
 SNOW DEPTH         0                                  0
 24 HR TOTAL      0.0

DEGREE_DAYS
HEATING TOTAL     228               251     -23      230
 SINCE 7/1        228               251     -23      230
COOLING TOTAL       5                 1       4        0
 SINCE 1/1          7                 2       5        0

FREEZE DATES
RECORD
 EARLIEST     08/24/1969
 LATEST       06/13/1965
EARLIEST                        09/30
LATEST                          05/12
..................................................

WIND (MPH)
AVERAGE WIND SPEED              7.7
RESULTANT WIND SPEED/DIRECTION   5/103
HIGHEST WIND SPEED/DIRECTION    30/110    DATE  07/02
HIGHEST GUST SPEED/DIRECTION    42/120    DATE  07/02

SKY COVER
AVERAGE SKY COVER           0.90
NUMBER OF DAYS FAIR            0
NUMBER OF DAYS PC              4
NUMBER OF DAYS CLOUDY         24

AVERAGE RH (PERCENT)     83

WEATHER CONDITIONS. NUMBER OF DAYS WITH
THUNDERSTORM              0     MIXED PRECIP               0
HEAVY RAIN                2     RAIN                       9
LIGHT RAIN               26     FREEZING RAIN              0
LT FREEZING RAIN          0     HAIL                       0
HEAVY SNOW                0     SNOW                       0
LIGHT SNOW                0     SLEET                      0
FOG                      29     FOG W/VIS <= 1/4 MILE      3
HAZE                      0

-  INDICATES NEGATIVE NUMBERS.
R  INDICATES RECORD WAS SET OR TIED.
MM INDICATES DATA IS MISSING.
T  INDICATES TRACE AMOUNT.

&&

...JULY WAS VERY SOGGY IN JUNEAU...

LEAVING A WETTER THAN NORMAL JUNE BEHIND...THE HOPES FOR WARM AND
DRY JULY IN JUNEAU HAD MIXED RESULTS. RAIN AT THE START OF THE
MONTH GAVE WAY TO A 4 DAY STRETCH OF WARM AND DRY CONDITIONS THAT
BEGAN ON THE INDEPENDENCE HOLIDAY BEFORE THE RAINS RETURNED. THOSE
4 DAYS WERE THE MAJORITY OF DRY DAYS IN THE MONTH AS IT PROCEEDED
TO RAIN 21 OF THE NEXT 24 DAYS. MEASURABLE RAIN FELL ON 24 OF THE
31 DAYS DURING THE MONTH WITH 7 DAYS REPORTING MORE THAN 1/2 INCH
OF RAIN. NORMALLY...ONLY 3 DAYS IN JULY SEE 1/2 INCH OF RAIN OR
MORE.

THIS PAST JULY WAS THE WETTEST ON RECORD FOR JUNEAU WITH 10.40
INCHES OF RAIN RECORDED AT THE AIRPORT. THIS TOPS THE OLD RECORD
FROM 1997 BY 0.04 INCHES. IN SPITE OF THE RECORD MONTHLY
RAINFALL...ONLY ONE DAILY RECORD FOR RAIN WAS BROKEN DURING THE
MONTH. ON JULY 23 THE OLD RECORD OF 1.14 INCHES WAS SHATTERED WHEN
2.00 INCHES WAS RECORDED AT THE AIRPORT.

THE AVERAGE TEMPERATURE WAS JUST AROUND A DEGREE WARMER THAN
NORMAL WHICH RANKED IT IN THE TOP 15 WARMEST ON RECORD FOR THE
MONTH. THE ABOVE NORMAL AVERAGE TEMPERATURE WAS A RESULT OF THE
WARM LOW TEMPERATURES DURING THE MONTH THAT RANKED THE 3RD WARMEST
ON RECORD. THE DAYTIME HIGHS WERE HAMPERED BY SIGNIFICANT CLOUD
COVER DURING THE MONTH. HOWEVER...OF THE 7 DRY DAYS...5 OF THEM
SAW DAYTIME HIGHS OVER 70 DEGREES...INCLUDING A TOASTY 84 DEGREES
ON THE 6TH.

$$

BEZENEK
