000
CXAK57 PAJK 012000 CCA
CLMAJK

CLIMATE REPORT...CORRECTED
NATIONAL WEATHER SERVICE JUNEAU, AK
1153 AM AKDT TUE JUL 1 2014

...................................

...THE JUNEAU CLIMATE SUMMARY FOR THE MONTH OF JUNE 2014...

CLIMATE NORMAL PERIOD 1981 TO 2010
CLIMATE RECORD PERIOD 1943 TO 2014

WEATHER         OBSERVED          NORMAL  DEPART  LAST YEAR`S
                 VALUE   DATE(S)  VALUE   FROM    VALUE  DATE(S)
                                          NORMAL
................................................................
TEMPERATURE (F)
RECORD
 HIGH              86   06/13/1969
 LOW               13   06/13/2014
HIGHEST            71   06/27        77      -6       85  06/16
LOWEST             39   06/06        38       1       37  06/03
AVG. MAXIMUM     59.7              62.2    -2.5     67.4
AVG. MINIMUM     45.8              46.9    -1.1     47.9
MEAN             52.8              54.6    -1.8     57.7
DAYS MAX >= 90      0               0.0     0.0        0
DAYS MAX <= 32      0               0.0     0.0        0
DAYS MIN <= 32      0               0.0     0.0        0
DAYS MIN <= 0       0               0.0     0.0        0

PRECIPITATION (INCHES)
RECORD
 MAXIMUM         7.48   2014
 MINIMUM         1.08   1946
TOTALS           7.48              3.24    4.24     3.19
DAILY AVG.       0.26              0.11    0.15     0.11
DAYS >= .01        15              15.8    -0.8       17
DAYS >= .10        14               8.0     6.0        6
DAYS >= .50         6               2.0     4.0        2
DAYS >= 1.00        3               0.2     2.8        0
GREATEST
 24 HR. TOTAL    1.54   06/08 TO 06/08           06/05 TO 06/05
                                                 06/29 TO 06/29

SNOWFALL (INCHES)
RECORDS
 TOTAL            0.0   2002
 24 HR TOTAL      0.0   MM
 SNOW DEPTH         0   MM
TOTALS            0.0               0.0     0.0      0.0
SINCE 7/1        97.1              86.7    10.4     83.8
SNOWDEPTH AVG.      0                MM      MM        0
DAYS >= TRACE       0               0.0     0.0        0
DAYS >= 1.0         0               0.0     0.0        0
GREATEST
 SNOW DEPTH         0   MM                             0  MM
 24 HR TOTAL      0.0   06/30 TO 06/30           06/29 TO 06/29

DEGREE_DAYS
HEATING TOTAL     325               315      10      214
 SINCE 7/1       8097              8351    -254     8750
COOLING TOTAL       0                 1      -1        7
 SINCE 1/1          0                 1      -1        7

FREEZE DATES
RECORD
 EARLIEST     08/24/1969
 LATEST       06/13/1965
EARLIEST      10/06             09/30
LATEST        04/27             05/12
..........................................................

WIND (MPH)
AVERAGE WIND SPEED              7.3
RESULTANT WIND SPEED/DIRECTION   3/126
HIGHEST WIND SPEED/DIRECTION    31/130    DATE  06/17
HIGHEST GUST SPEED/DIRECTION    39/110    DATE  06/17

SKY COVER
POSSIBLE SUNSHINE (PERCENT)   MM
AVERAGE SKY COVER           0.90
NUMBER OF DAYS FAIR            0
NUMBER OF DAYS PC              4
NUMBER OF DAYS CLOUDY         25

AVERAGE RH (PERCENT)     77

WEATHER CONDITIONS. NUMBER OF DAYS WITH
THUNDERSTORM              0     MIXED PRECIP               0
HEAVY RAIN                4     RAIN                       9
LIGHT RAIN               24     FREEZING RAIN              0
LT FREEZING RAIN          0     HAIL                       0
HEAVY SNOW                0     SNOW                       0
LIGHT SNOW                0     SLEET                      0
FOG                      21     FOG W/VIS <= 1/4 MILE      2
HAZE                      0

-  INDICATES NEGATIVE NUMBERS.
R  INDICATES RECORD WAS SET OR TIED.
MM INDICATES DATA IS MISSING.
T  INDICATES TRACE AMOUNT.


...WETTEST JUNE ON RECORD...

IT WAS THE WETTEST JUNE ON RECORD AT THE JUNEAU INTERNATIONAL AIRPORT
WITH 7.48 INCHES AND TOPPED 2012 OF 6.69 INCHES. THE AIRPORT WAS 4.22
INCHES ABOVE NORMAL AND THAT WAS 230 PERCENT OF NORMAL. THERE WERE THREE
DAYS THAT EXCEEDED 1 INCH OF RAIN WITH 3 DAILY RAINFALL RECORDS ON 8TH,
9TH, AND 20TH. THE 8TH WAS THE WETTEST DAY WITH THE AIRPORT RECEIVING
1.54 INCHES. THERE WERE ONLY 5 DAYS OUT OF THE ENTIRE MONTH THAT NO
PRECIPITATION FELL AT THE AIRPORT.

TEMPERATURES WERE BELOW NORMAL FOR THE MONTH WITH THE SOGGY WEATHER. THE
AVERAGE MEAN TEMPERATURE OF 53.2 DEGREES WAS BELOW NORMAL BY 1.4 DEGREES.
THE AVERAGE HIGH TEMPERATURE FOR THE MONTH WAS 60.0 DEGREES WHICH WAS 2.2
DEGREES BELOW NORMAL. THE MERCURY TOPPED OUT AT 71 DEGREES ON THE 27TH
MAKING IT THE WARMEST DAY FOR THE MONTH OF JUNE. THE COLDEST OVERNIGHT
TEMPERATURE WAS ON THE 6TH...WHEN THE TEMPERATURE DROPPED DOWN TO 39
DEGREES.

THERE WERE A FEW STRONG WEATHER SYSTEMS THAT MOVED ACROSS THE AREA ON THE
7TH, 8TH AND 17TH WITH PEAK WIND SPEEDS FROM 35, 33 AND 39 MPH
RESPECTIVELY. THE WIND DIRECTION WAS GENERALLY OUT OF THE SOUTHEAST WITH
A FEW DAYS OUT OF SOUTHWEST AS A AFTERNOON SEA BREEZE SET UP. THE
WINDIEST DAY AT THE JUNEAU FEDERAL BUILD WAS ON THE 17TH WITH A PEAK
SOUTH WIND OF 43 MPH.

$$
