000
CXUS55 KPUB 012329
CLMALS


CLIMATE REPORT
NATIONAL WEATHER SERVICE PUEBLO
424 PM MST SUN FEB 1 2015

...................................

...THE ALAMOSA CO CLIMATE SUMMARY FOR THE MONTH OF JANUARY 2015...

CLIMATE NORMAL PERIOD 1981 TO 2010
CLIMATE RECORD PERIOD 1932 TO 2015

WEATHER         OBSERVED          NORMAL  DEPART  LAST YEAR`S
                 VALUE   DATE(S)  VALUE   FROM    VALUE  DATE(S)
                                          NORMAL
................................................................
TEMPERATURE (F)
RECORD
 HIGH              62   01/20/1971
 LOW              -50   01/28/1948
HIGHEST            54   01/26        36      18       42  01/30
LOWEST             -9   01/23        -5      -4      -20  01/05
                        01/02
                        01/01
AVG. MAXIMUM     38.6              34.3     4.3     29.6
AVG. MINIMUM      6.5              -1.7     8.2     -7.3
MEAN             22.6              16.3     6.3     11.1
DAYS MAX >= 90      0               0.0     0.0
DAYS MAX <= 32      6              12.4    -6.4
DAYS MIN <= 32     31              31.0     0.0
DAYS MIN <= 0      10              16.8    -6.8

PRECIPITATION (INCHES)
RECORD
 MAXIMUM         1.09   2005
 MINIMUM            T   1981
                        1998
TOTALS           0.33              0.26    0.07     0.07
DAILY AVG.       0.01              0.01    0.00
DAYS >= .01         7               3.5     3.5
DAYS >= .10         1               0.9     0.1
DAYS >= .50         0               0.0     0.0
DAYS >= 1.00        0               0.0     0.0
GREATEST
 24 HR. TOTAL    0.19   01/30 TO 01/30
                        01/29 TO 01/30
                        01/30 TO 01/30

SNOWFALL (INCHES)
RECORDS
 TOTAL           15.8   1939
TOTALS            3.4               4.0    -0.6      0.9
SINCE 7/1         7.3              14.3    -7.0     26.5
SNOWDEPTH AVG.      0
DAYS >= 1.0         1               1.4    -0.4
GREATEST
 SNOW DEPTH         1   01/30                          2
                        01/31
 24 HR TOTAL      2.1   01/30                        0.9

DEGREE_DAYS
HEATING TOTAL    1308              1510    -202     1662
 SINCE 7/1       4460              5147    -687     5545
COOLING TOTAL       0                 0       0        0
 SINCE 1/1          0                 0       0        0
.................................................................

WIND (MPH)
AVERAGE WIND SPEED              3.9
HIGHEST WIND SPEED/DIRECTION    32/110    DATE  01/21
HIGHEST GUST SPEED/DIRECTION    42/100    DATE  01/21

SKY COVER
POSSIBLE SUNSHINE (PERCENT)   MM
AVERAGE SKY COVER           0.40
NUMBER OF DAYS FAIR           17
NUMBER OF DAYS PC              8
NUMBER OF DAYS CLOUDY          6

AVERAGE RH (PERCENT)     68

WEATHER CONDITIONS. NUMBER OF DAYS WITH
THUNDERSTORM              0     MIXED PRECIP               1
HEAVY RAIN                0     RAIN                       0
LIGHT RAIN                1     FREEZING RAIN              0
LT FREEZING RAIN          0     HAIL                       0
HEAVY SNOW                1     SNOW                       2
LIGHT SNOW               11     SLEET                      0
FOG                      18     FOG W/VIS <= 1/4 MILE      7
HAZE                      7

-  INDICATES NEGATIVE NUMBERS.
R  INDICATES RECORD WAS SET OR TIED.
MM INDICATES DATA IS MISSING.
T  INDICATES TRACE AMOUNT.

$$
