000
CXUS54 KBMX 011512
CLMANB


CLIMATE REPORT
NATIONAL WEATHER SERVICE BIRMINGHAM, AL
911 AM CST WED FEB 1 2017

...................................

...THE ANNISTON CLIMATE SUMMARY FOR THE MONTH OF JANUARY 2017...

CLIMATE NORMAL PERIOD 1981 TO 2010
CLIMATE RECORD PERIOD 1903 TO 2017

WEATHER         OBSERVED          NORMAL  DEPART  LAST YEAR`S
                 VALUE   DATE(S)  VALUE   FROM    VALUE  DATE(S)
                                          NORMAL
................................................................
TEMPERATURE (F)
RECORD
 HIGH              80   01/25/1950
                        01/11/1949
                        01/10/1949
 LOW               -5   01/21/1985
HIGHEST            76   01/14        MM      MM       70  01/31
LOWEST             17   01/08        MM      MM       18  01/19
AVG. MAXIMUM     62.0              53.7     8.3     52.4
AVG. MINIMUM     40.9              33.0     7.9     32.2
MEAN             51.5                               42.3
DAYS MAX >= 90      0               0.0     0.0        0
DAYS MAX <= 32      1               0.6     0.4        1
DAYS MIN <= 32     10              15.0    -5.0       19
DAYS MIN <= 0       0               0.0     0.0        0

PRECIPITATION (INCHES)
RECORD
 MAXIMUM        12.69   1972
 MINIMUM         0.95   1986
TOTALS           7.55              4.52    3.03     3.19
DAILY AVG.       0.24              0.15    0.09
DAYS >= .01        12              10.6     1.4
DAYS >= .10         8               7.2     0.8
DAYS >= .50         5               3.0     2.0
DAYS >= 1.00        4               1.3     2.7

DEGREE_DAYS
HEATING TOTAL     413               671    -258      697
 SINCE 7/1       1180              1773    -593     1270
.................................................................

WIND (MPH)
AVERAGE WIND SPEED              5.9
HIGHEST WIND SPEED/DIRECTION    25/250    DATE  01/22
HIGHEST GUST SPEED/DIRECTION    36/280    DATE  01/23

AVERAGE RH (PERCENT)     70

WEATHER CONDITIONS. NUMBER OF DAYS WITH
THUNDERSTORM              0     MIXED PRECIP               0
HEAVY RAIN                4     RAIN                       8
LIGHT RAIN               13     FREEZING RAIN              0
LT FREEZING RAIN          1     HAIL                       0
HEAVY SNOW                0     SNOW                       0
LIGHT SNOW                0     SLEET                      0
FOG                      17     FOG W/VIS <= 1/4 MILE      0
HAZE                      1

-  INDICATES NEGATIVE NUMBERS.
R  INDICATES RECORD WAS SET OR TIED.
MM INDICATES DATA IS MISSING.
T  INDICATES TRACE AMOUNT.

$$
