000
CXUS54 KBMX 020118
CLMANB


CLIMATE REPORT
NATIONAL WEATHER SERVICE BIRMINGHAM, AL
758 PM CDT MON AUG 1 2016

...................................

...THE ANNISTON CLIMATE SUMMARY FOR THE MONTH OF JULY 2016...

CLIMATE NORMAL PERIOD 1981 TO 2010
CLIMATE RECORD PERIOD 1903 TO 2016

WEATHER         OBSERVED          NORMAL  DEPART  LAST YEAR`S
                 VALUE   DATE(S)  VALUE   FROM    VALUE  DATE(S)
                                          NORMAL
................................................................
TEMPERATURE (F)
RECORD
 HIGH             105   07/13/1980
 LOW               50   07/15/1967
HIGHEST            99   07/09        MM      MM       97  07/21
                        07/08
LOWEST             62   07/01        MM      MM       67  07/31
                                                          07/02
                                                          07/01
AVG. MAXIMUM     93.6              89.9     3.7     91.6
AVG. MINIMUM     71.6              70.1     1.5     71.4
MEAN             82.6                               81.5
DAYS MAX >= 90     29              15.6    13.4       24
DAYS MAX <= 32      0               0.0     0.0        0
DAYS MIN <= 32      0               0.0     0.0        0
DAYS MIN <= 0       0               0.0     0.0        0

PRECIPITATION (INCHES)
RECORD
 MAXIMUM        13.90   1950
 MINIMUM         0.57   2014
TOTALS           3.02              4.62   -1.60     4.85
DAILY AVG.       0.10              0.15   -0.05
DAYS >= .01        11              11.3    -0.3
DAYS >= .10         8               7.6     0.4
DAYS >= .50         2               3.0    -1.0
DAYS >= 1.00        1               1.2    -0.2

DEGREE_DAYS
COOLING TOTAL     553               465      88      518
 SINCE 1/1       1269              1064     205     1259
.................................................................

WIND (MPH)
AVERAGE WIND SPEED              4.3
HIGHEST WIND SPEED/DIRECTION    26/230    DATE  07/28
HIGHEST GUST SPEED/DIRECTION    38/120    DATE  07/21

AVERAGE RH (PERCENT)     67

WEATHER CONDITIONS. NUMBER OF DAYS WITH
THUNDERSTORM              0     MIXED PRECIP               0
HEAVY RAIN                7     RAIN                       7
LIGHT RAIN               13     FREEZING RAIN              0
LT FREEZING RAIN          0     HAIL                       0
HEAVY SNOW                0     SNOW                       0
LIGHT SNOW                0     SLEET                      0
FOG                      15     FOG W/VIS <= 1/4 MILE      2
HAZE                      2

-  INDICATES NEGATIVE NUMBERS.
R  INDICATES RECORD WAS SET OR TIED.
MM INDICATES DATA IS MISSING.
T  INDICATES TRACE AMOUNT.

$$
