000
CXUS54 KBMX 011253
CLMANB


CLIMATE REPORT
NATIONAL WEATHER SERVICE BIRMINGHAM, AL
752 AM CDT MON JUN 1 2015

...................................

...THE ANNISTON CLIMATE SUMMARY FOR THE MONTH OF MAY 2015...

CLIMATE NORMAL PERIOD 1981 TO 2010
CLIMATE RECORD PERIOD 1903 TO 2015

WEATHER         OBSERVED          NORMAL  DEPART  LAST YEAR`S
                 VALUE   DATE(S)  VALUE   FROM    VALUE  DATE(S)
                                          NORMAL
................................................................
TEMPERATURE (F)
RECORD
 HIGH              98   05/16/1962
 LOW               34   05/13/1960
HIGHEST            89   05/11        MM      MM       89  05/25
                                                          05/23
LOWEST             45   05/02        MM      MM       44  05/16
                                                          05/03
AVG. MAXIMUM     83.6              81.0     2.6     81.5
AVG. MINIMUM     60.5              58.8     1.7     58.9
MEAN             72.1                               70.2
DAYS MAX >= 90      0               1.4    -1.4        0
DAYS MAX <= 32      0               0.0     0.0        0
DAYS MIN <= 32      0               0.0     0.0        0
DAYS MIN <= 0       0               0.0     0.0        0

PRECIPITATION (INCHES)
RECORD
 MAXIMUM        11.49   2003
 MINIMUM         0.14   2007
TOTALS           2.53              4.26   -1.73     3.10
DAILY AVG.       0.08              0.14   -0.06
DAYS >= .01         9               9.5    -0.5
DAYS >= .10         5               6.7    -1.7
DAYS >= .50         2               2.8    -0.8
DAYS >= 1.00        1               1.2    -0.2

DEGREE_DAYS
COOLING TOTAL     235               178      57      211
 SINCE 1/1        317               240      77      244
.................................................................

WIND (MPH)
AVERAGE WIND SPEED              4.3
HIGHEST WIND SPEED/DIRECTION    26/250    DATE  05/27
HIGHEST GUST SPEED/DIRECTION    33/250    DATE  05/27

AVERAGE RH (PERCENT)     68

WEATHER CONDITIONS. NUMBER OF DAYS WITH
THUNDERSTORM              0     MIXED PRECIP               0
HEAVY RAIN                3     RAIN                       5
LIGHT RAIN               10     FREEZING RAIN              0
LT FREEZING RAIN          0     HAIL                       0
HEAVY SNOW                0     SNOW                       0
LIGHT SNOW                0     SLEET                      0
FOG                      14     FOG W/VIS <= 1/4 MILE      0
HAZE                      3

-  INDICATES NEGATIVE NUMBERS.
R  INDICATES RECORD WAS SET OR TIED.
MM INDICATES DATA IS MISSING.
T  INDICATES TRACE AMOUNT.

$$
