000
CXUS52 KMFL 011355
CLMAPF

CLIMATE REPORT
NATIONAL WEATHER SERVICE MIAMI, FL
951 AM EDT SAT AUG 1 2015

...................................

...THE NAPLES CLIMATE SUMMARY FOR THE MONTH OF JULY 2015...

CLIMATE NORMAL PERIOD 1981 TO 2010
CLIMATE RECORD PERIOD 1942 TO 2015

WEATHER         OBSERVED          NORMAL  DEPART  LAST YEAR`S
                 VALUE   DATE(S)  VALUE   FROM    VALUE  DATE(S)
                                          NORMAL
................................................................
TEMPERATURE (F)
RECORD
 HIGH              98   07/28/1996
                        07/12/1986
                        07/30/1966
 LOW               62   07/14/1974
HIGHEST            95   07/11                         92  07/20
                                                          07/19
LOWEST             71   07/06                         72  07/15
                        07/05
AVG. MAXIMUM     90.4              91.2    -0.8     89.6
AVG. MINIMUM     75.7              74.9     0.8     76.6
MEAN             83.0              83.1    -0.1     83.1
DAYS MAX >= 90     22                                 22
DAYS MAX <= 32      0                                  0
DAYS MIN <= 32      0                                  0
DAYS MIN <= 0       0                                  0

PRECIPITATION (INCHES)
RECORD
 MAXIMUM        21.49   1985
 MINIMUM         1.30   1944
TOTALS          10.15              7.27    2.88     6.95
DAILY AVG.       0.33              0.23    0.10     0.22
DAYS >= .01        20                                 12
DAYS >= .10        18                                 11
DAYS >= .50         6                                  6
DAYS >= 1.00        2                                  2
GREATEST
 24 HR. TOTAL    2.23   07/05 TO 07/05              1.75

DEGREE_DAYS
HEATING TOTAL       0                 0       0        0
 SINCE 7/1          0                 0       0        0
COOLING TOTAL     566               559       7      569
 SINCE 1/1       2431              2094     337     2265
.................................................................

WIND (MPH)
AVERAGE WIND SPEED              6.3
HIGHEST WIND SPEED/DIRECTION    36/050    DATE  07/08
HIGHEST GUST SPEED/DIRECTION    48/050    DATE  07/08

SKY COVER
POSSIBLE SUNSHINE (PERCENT)   MM
AVERAGE SKY COVER           0.30
NUMBER OF DAYS FAIR           22
NUMBER OF DAYS PC              9
NUMBER OF DAYS CLOUDY          0

AVERAGE RH (PERCENT)     76

WEATHER CONDITIONS. NUMBER OF DAYS WITH
THUNDERSTORM             21     MIXED PRECIP               0
HEAVY RAIN               12     RAIN                      13
LIGHT RAIN               18     FREEZING RAIN              0
LT FREEZING RAIN          0     HAIL                       0
HEAVY SNOW                0     SNOW                       0
LIGHT SNOW                0     SLEET                      0
FOG                      16     FOG W/VIS <= 1/4 MILE      0
HAZE                      8

-  INDICATES NEGATIVE NUMBERS.
R  INDICATES RECORD WAS SET OR TIED.
MM INDICATES DATA IS MISSING.
T  INDICATES TRACE AMOUNT.

$$
