000
CXUS53 KAPX 021556
CLMAPN

ARBCLMAPN 000
TTAA00 KAPX 010536


CLIMATE REPORT...RESEND
NATIONAL WEATHER SERVICE GAYLORD MI
1236 AM EST SUN JAN 1 2017

...................................

...THE ALPENA MI CLIMATE SUMMARY FOR THE YEAR OF 2016...

CLIMATE NORMAL PERIOD 1981 TO 2010
CLIMATE RECORD PERIOD 1916 TO 2016

WEATHER         OBSERVED          NORMAL  DEPART  LAST YEAR`S
                 VALUE   DATE(S)  VALUE   FROM    VALUE  DATE(S)
                                          NORMAL
................................................................
TEMPERATURE (F)
RECORD
 HIGH             106   07/13/1936
 LOW              -37   02/17/1979
HIGHEST            97   08/10                         MM  MM
LOWEST            -13   02/13                         MM  MM
AVG. MAXIMUM     57.0              53.6     3.4       MM
AVG. MINIMUM     36.1              33.6     2.5       MM
MEAN             46.5              43.6     2.9       MM
DAYS MAX >= 90     16               4.6    11.4       MM
DAYS MAX <= 32     59              68.4    -9.4       MM
DAYS MIN <= 32    161             165.9    -4.9       MM
DAYS MIN <= 0      10              15.3    -5.3       MM

PRECIPITATION (INCHES)
RECORD
 MAXIMUM           MM   MM
 MINIMUM           MM   MM
TOTALS          29.93             28.16    1.77       MM
DAILY AVG.       0.08              0.08    0.00       MM
DAYS >= .01       161             145.4    15.6       MM
DAYS >= .10        78              67.7    10.3       MM
DAYS >= .50        16              16.4    -0.4       MM
DAYS >= 1.00        2               3.5    -1.5       MM
GREATEST
 24 HR. TOTAL    1.86   MM                            MM
 STORM TOTAL       MM                                 MM
 (MM/DD(HH))            MM                                MM

SNOWFALL (INCHES)
RECORDS
 TOTAL             MM   MM
TOTALS          103.7              84.3

DEGREE_DAYS
HEATING TOTAL    7188              8099    -911       MM
 SINCE 7/1         MM              3061      MM       MM
.................................................................

WIND (MPH)
AVERAGE WIND SPEED              7.2
RESULTANT WIND SPEED/DIRECTION   1/245
HIGHEST WIND SPEED/DIRECTION    36/350    DATE  02/25
HIGHEST GUST SPEED/DIRECTION    46/310    DATE  02/29

SKY COVER
POSSIBLE SUNSHINE (PERCENT)   MM
AVERAGE SKY COVER           0.50
NUMBER OF DAYS FAIR          149
NUMBER OF DAYS PC            116
NUMBER OF DAYS CLOUDY        101

AVERAGE RH (PERCENT)     70


-  INDICATES NEGATIVE NUMBERS.
R  INDICATES RECORD WAS SET OR TIED.
MM INDICATES DATA IS MISSING.
T  INDICATES TRACE AMOUNT.

$$
