000
CXUS54 KLCH 311058
CLMARA


CLIMATE REPORT
NATIONAL WEATHER SERVICE LAKE CHARLES, LA
558 AM CDT MON AUG 31 2015

...................................

...THE NEW IBERIA CLIMATE SUMMARY FOR THE MONTH OF JULY 2015...

CLIMATE NORMAL PERIOD 1981 TO 2010
CLIMATE RECORD PERIOD 1948 TO 2015

WEATHER         OBSERVED          NORMAL  DEPART  LAST YEAR`S
                 VALUE   DATE(S)  VALUE   FROM    VALUE  DATE(S)
                                          NORMAL
................................................................
TEMPERATURE (F)
RECORD
 HIGH             102   07/30/2015
 LOW               60   07/15/1967
HIGHEST           102R  07/30        MM      MM       MM  MM
LOWEST             71   07/05        MM      MM       MM  MM
                        07/01
AVG. MAXIMUM     94.5              91.4     3.1       MM
AVG. MINIMUM     75.5              73.9     1.6       MM
MEAN             85.0              82.7     2.3       MM
DAYS MAX >= 90     30              22.5     7.5       MM
DAYS MAX <= 32      0               0.0     0.0       MM
DAYS MIN <= 32      0               0.0     0.0       MM
DAYS MIN <= 0       0               0.0     0.0       MM

PRECIPITATION (INCHES)
RECORD
 MAXIMUM        17.89   1986
 MINIMUM         1.91   1956
TOTALS           2.17              6.64   -4.47       MM
DAILY AVG.       0.07              0.21   -0.14       MM
DAYS >= .01         8                MM      MM       MM
DAYS >= .10         4                MM      MM       MM
DAYS >= .50         3                MM      MM       MM
DAYS >= 1.00        0                MM      MM       MM
GREATEST
 24 HR. TOTAL    0.69   07/14 TO 07/14
                        07/13 TO 07/14
                        07/14 TO 07/14

SNOWFALL (INCHES)
RECORDS
 TOTAL            0.0   5
                        0
                        -26215
TOTALS            0.0                MM      MM       MM
SINCE 7/1         0.0                MM      MM       MM
SNOWDEPTH AVG.      0                MM      MM       MM
DAYS >= 1.0         0                MM      MM       MM
GREATEST
 SNOW DEPTH         0   MM                            MM  MM
 24 HR TOTAL      0.0   07/31 TO 07/31

DEGREE_DAYS
HEATING TOTAL       0                 0       0       MM
 SINCE 7/1          0                 0       0       MM
COOLING TOTAL     628               547      81       MM
 SINCE 1/1       1764              1588     176       MM
.................................................................

WIND (MPH)
AVERAGE WIND SPEED              5.0
HIGHEST WIND SPEED/DIRECTION    28/070    DATE  07/30
HIGHEST GUST SPEED/DIRECTION    37/070    DATE  07/30

SKY COVER
POSSIBLE SUNSHINE (PERCENT)   MM
AVERAGE SKY COVER           0.10
NUMBER OF DAYS FAIR           27
NUMBER OF DAYS PC              0
NUMBER OF DAYS CLOUDY          0

AVERAGE RH (PERCENT)     73

WEATHER CONDITIONS. NUMBER OF DAYS WITH
THUNDERSTORM              0     MIXED PRECIP               0
HEAVY RAIN                2     RAIN                       3
LIGHT RAIN               10     FREEZING RAIN              0
LT FREEZING RAIN          0     HAIL                       0
HEAVY SNOW                0     SNOW                       0
LIGHT SNOW                0     SLEET                      0
FOG                      13     FOG W/VIS <= 1/4 MILE      0
HAZE                      1

-  INDICATES NEGATIVE NUMBERS.
R  INDICATES RECORD WAS SET OR TIED.
MM INDICATES DATA IS MISSING.
T  INDICATES TRACE AMOUNT.

$$
