000
CXUS51 KBUF 011259
CLMART


CLIMATE REPORT
NATIONAL WEATHER SERVICE BUFFALO NY
757 AM EST WED FEB 1 2017

...................................

...THE WATERTOWN NY CLIMATE SUMMARY FOR THE MONTH OF JANUARY 2017...

CLIMATE NORMAL PERIOD 1981 TO 2010
CLIMATE RECORD PERIOD 1949 TO 2017

WEATHER         OBSERVED          NORMAL  DEPART  LAST YEAR`S
                 VALUE   DATE(S)  VALUE   FROM    VALUE  DATE(S)
                                          NORMAL
................................................................
TEMPERATURE (F)
RECORD
 HIGH              66   01/15/1995
                        01/14/1995
 LOW              -43   01/16/1994
HIGHEST            54   01/12                         54  01/31
LOWEST            -18   01/09                        -13  01/24
AVG. MAXIMUM     34.6              29.3     5.3     32.5
AVG. MINIMUM     19.4               9.4    10.0     13.8
MEAN             27.0              19.4     7.6     23.2
DAYS MAX >= 90      0               0.0     0.0        0
DAYS MAX <= 32     11              17.4    -6.4       13
DAYS MIN <= 32     22              28.6    -6.6       28
DAYS MIN <= 0       4               9.1    -5.1        8

PRECIPITATION (INCHES)
RECORD
 MAXIMUM         7.45   1999
 MINIMUM         0.51   1981
TOTALS           1.78              2.66   -0.88     1.52
DAYS >= .01        15              16.3    -1.3       13
DAYS >= .10         7               7.3    -0.3        5
DAYS >= .50         0               1.0    -1.0        1
DAYS >= 1.00        0               0.2    -0.2        0
GREATEST
 24 HR. TOTAL    0.46   01/03 TO 01/04

DEGREE_DAYS
HEATING TOTAL    1172              1415    -243     1287
 SINCE 7/1       3631              4211    -580     3434
COOLING TOTAL       0                 0       0        0
 SINCE 1/1          0                 0       0        0
.................................................

WIND (MPH)
AVERAGE WIND SPEED              9.1
HIGHEST WIND SPEED/DIRECTION    35/260
HIGHEST GUST SPEED/DIRECTION    51/160    DATE  01/10

SKY COVER
POSSIBLE SUNSHINE (PERCENT)   MM
AVERAGE SKY COVER           0.80
NUMBER OF DAYS FAIR            3
NUMBER OF DAYS PC             11
NUMBER OF DAYS CLOUDY         17

AVERAGE RH (PERCENT)     82

WEATHER CONDITIONS. NUMBER OF DAYS WITH
THUNDERSTORM              0     MIXED PRECIP               0
HEAVY RAIN                0     RAIN                       6
LIGHT RAIN               12     FREEZING RAIN              1
LT FREEZING RAIN          3     HAIL                       0
HEAVY SNOW                4     SNOW                       7
LIGHT SNOW               16     SLEET                      0
FOG                      28     FOG W/VIS <= 1/4 MILE      8
HAZE                     12

-  INDICATES NEGATIVE NUMBERS.
R  INDICATES RECORD WAS SET OR TIED.
MM INDICATES DATA IS MISSING.
T  INDICATES TRACE AMOUNT.

$$
