000
CXUS51 KBUF 011846
CLMART


CLIMATE REPORT
NATIONAL WEATHER SERVICE BUFFALO NY
242 PM EDT FRI AUG 1 2014

...................................

...THE WATERTOWN NY CLIMATE SUMMARY FOR THE MONTH OF JULY 2014...

CLIMATE NORMAL PERIOD 1981 TO 2010
CLIMATE RECORD PERIOD 1949 TO 2014

WEATHER         OBSERVED          NORMAL  DEPART  LAST YEAR`S
                 VALUE   DATE(S)  VALUE   FROM    VALUE  DATE(S)
                                          NORMAL
................................................................
TEMPERATURE (F)
RECORD
 HIGH              99   07/07/2008
 LOW               33   07/02/1962
HIGHEST            90   07/01                         91  07/19
LOWEST             48   07/11                         46  07/26
                                                          07/25
AVG. MAXIMUM     77.5              79.2    -1.7     81.3
AVG. MINIMUM     58.8              58.1     0.7     61.9
MEAN             68.1              68.6    -0.5     71.6
DAYS MAX >= 90      1               0.6     0.4        1
DAYS MAX <= 32      0               0.0     0.0        0
DAYS MIN <= 32      0               0.0     0.0        0
DAYS MIN <= 0       0               0.0     0.0        0

PRECIPITATION (INCHES)
RECORD
 MAXIMUM           MM   MM
 MINIMUM           MM   MM
TOTALS           5.03              2.65    2.38     3.05
DAYS >= .01        12              10.1     1.9       14
DAYS >= .10        10               6.1     3.9        8
DAYS >= .50         4               1.7     2.3        2
DAYS >= 1.00        2               0.5     1.5        0
GREATEST
 24 HR. TOTAL    1.33   07/08 TO 07/08           07/27 TO 07/28
                                                          07/28 TO 07/28
                                                          07/28 TO 07/28

DEGREE_DAYS
HEATING TOTAL      19                26      -7       11
 SINCE 7/1         19                26      -7       11
COOLING TOTAL     123               139     -16      224
 SINCE 1/1        258               212      46      330
.........................................................

WIND (MPH)
AVERAGE WIND SPEED              6.7
HIGHEST WIND SPEED/DIRECTION    38/260
HIGHEST GUST SPEED/DIRECTION    50/260    DATE  07/08

SKY COVER
POSSIBLE SUNSHINE (PERCENT)   MM
AVERAGE SKY COVER           0.30
NUMBER OF DAYS FAIR           15
NUMBER OF DAYS PC             12
NUMBER OF DAYS CLOUDY          4

AVERAGE RH (PERCENT)     66

WEATHER CONDITIONS. NUMBER OF DAYS WITH
THUNDERSTORM              0     MIXED PRECIP               0
HEAVY RAIN                8     RAIN                       8
LIGHT RAIN               12     FREEZING RAIN              0
LT FREEZING RAIN          0     HAIL                       0
HEAVY SNOW                0     SNOW                       0
LIGHT SNOW                0     SLEET                      0
FOG                       9     FOG W/VIS <= 1/4 MILE      2
HAZE                     10

-  INDICATES NEGATIVE NUMBERS.
R  INDICATES RECORD WAS SET OR TIED.
MM INDICATES DATA IS MISSING.
T  INDICATES TRACE AMOUNT.

$$
