000
CXUS51 KBUF 012105
CLMART


CLIMATE REPORT
NATIONAL WEATHER SERVICE BUFFALO NY
505 PM EDT THU SEP 1 2016

...................................

...THE WATERTOWN NY CLIMATE SUMMARY FOR THE MONTH OF AUGUST 2016...

CLIMATE NORMAL PERIOD 1981 TO 2010
CLIMATE RECORD PERIOD 1949 TO 2016

WEATHER         OBSERVED          NORMAL  DEPART  LAST YEAR`S
                 VALUE   DATE(S)  VALUE   FROM    VALUE  DATE(S)
                                          NORMAL
................................................................
TEMPERATURE (F)
RECORD
 HIGH              96   08/19/1955
 LOW               30   08/27/1969
HIGHEST            91   08/05                         90  08/18
LOWEST             49   08/23                         49  08/08
                        08/22                             08/07
AVG. MAXIMUM     83.2              78.0     5.2     78.1
AVG. MINIMUM     61.1              56.3     4.8     57.1
MEAN             72.2              67.1     5.1     67.6
DAYS MAX >= 90      4               0.5     3.5        1
DAYS MAX <= 32      0               0.0     0.0        0
DAYS MIN <= 32      0               0.0     0.0        0
DAYS MIN <= 0       0               0.0     0.0        0

PRECIPITATION (INCHES)
RECORD
 MAXIMUM         7.70   1981
 MINIMUM         0.55   1960
TOTALS           4.03              3.15    0.88     2.65
DAYS >= .01         9              10.2    -1.2       10
DAYS >= .10         6               6.2    -0.2        4
DAYS >= .50         3               2.0     1.0        2
DAYS >= 1.00        2               0.6     1.4        1
GREATEST
 24 HR. TOTAL    1.30   08/21 TO 08/21           08/20 TO 08/20
                                                          08/19 TO 08/20
                                                          08/20 TO 08/20

DEGREE_DAYS
HEATING TOTAL       6                46     -40       17
 SINCE 7/1         11                72     -61       55
COOLING TOTAL     235               112     123      106
 SINCE 1/1        514               324     190      306
.................................................

WIND (MPH)
AVERAGE WIND SPEED              6.8
HIGHEST WIND SPEED/DIRECTION    30/230
HIGHEST GUST SPEED/DIRECTION    49/230    DATE  08/16

SKY COVER
POSSIBLE SUNSHINE (PERCENT)   MM
AVERAGE SKY COVER           0.30
NUMBER OF DAYS FAIR           18
NUMBER OF DAYS PC             11
NUMBER OF DAYS CLOUDY          2

AVERAGE RH (PERCENT)     70

WEATHER CONDITIONS. NUMBER OF DAYS WITH
THUNDERSTORM              0     MIXED PRECIP               0
HEAVY RAIN                6     RAIN                       5
LIGHT RAIN               13     FREEZING RAIN              0
LT FREEZING RAIN          0     HAIL                       0
HEAVY SNOW                0     SNOW                       0
LIGHT SNOW                0     SLEET                      0
FOG                      20     FOG W/VIS <= 1/4 MILE      5
HAZE                      5

-  INDICATES NEGATIVE NUMBERS.
R  INDICATES RECORD WAS SET OR TIED.
MM INDICATES DATA IS MISSING.
T  INDICATES TRACE AMOUNT.

$$
