000
CXUS51 KBUF 011804
CLMART


CLIMATE REPORT
NATIONAL WEATHER SERVICE BUFFALO NY
150 PM EDT SAT JUL 1 2017

...................................

...THE WATERTOWN NY CLIMATE SUMMARY FOR THE MONTH OF JUNE 2017...

CLIMATE NORMAL PERIOD 1981 TO 2010
CLIMATE RECORD PERIOD 1949 TO 2017

WEATHER         OBSERVED          NORMAL  DEPART  LAST YEAR`S
                 VALUE   DATE(S)  VALUE   FROM    VALUE  DATE(S)
                                          NORMAL
................................................................
TEMPERATURE (F)
RECORD
 HIGH              95   06/14/1949
 LOW               29   06/05/1964
HIGHEST            90   06/18                         90  06/26
LOWEST             42   06/07                         36  06/14
                                                          06/10
AVG. MAXIMUM     73.0              74.4    -1.4     75.2
AVG. MINIMUM     55.0              52.6     2.4     51.1
MEAN             64.0              63.5     0.5     63.1
DAYS MAX >= 90      1               0.3     0.7        1
DAYS MAX <= 32      0               0.0     0.0        0
DAYS MIN <= 32      0               0.1    -0.1        0
DAYS MIN <= 0       0               0.0     0.0        0

PRECIPITATION (INCHES)
RECORD
 MAXIMUM         6.22   1982
 MINIMUM         0.33   1973
TOTALS           6.18              2.85    3.33     3.60
DAYS >= .01        16              12.2     3.8        9
DAYS >= .10        11               6.7     4.3        8
DAYS >= .50         2               1.6     0.4        2
DAYS >= 1.00        2               0.3     1.7        1
GREATEST
 24 HR. TOTAL    3.28   06/23 TO 06/23

DEGREE_DAYS
HEATING TOTAL     102               107      -5       98
 SINCE 7/1       6751              7583    -832     6738
COOLING TOTAL      80                62      18       47
 SINCE 1/1         99                73      26       77
......................................................

WIND (MPH)
AVERAGE WIND SPEED              7.4
HIGHEST WIND SPEED/DIRECTION    28/260    DATE  06/25
HIGHEST GUST SPEED/DIRECTION    35/300    DATE  06/01
                                                06/25
                                                06/26

SKY COVER
POSSIBLE SUNSHINE (PERCENT)   MM
AVERAGE SKY COVER           0.40
NUMBER OF DAYS FAIR           11
NUMBER OF DAYS PC             15
NUMBER OF DAYS CLOUDY          4

AVERAGE RH (PERCENT)     77

WEATHER CONDITIONS. NUMBER OF DAYS WITH
THUNDERSTORM              8     MIXED PRECIP               0
HEAVY RAIN                8     RAIN                      12
LIGHT RAIN               16     FREEZING RAIN              0
LT FREEZING RAIN          0     HAIL                       0
HEAVY SNOW                0     SNOW                       0
LIGHT SNOW                0     SLEET                      0
FOG                      18     FOG W/VIS <= 1/4 MILE      2
HAZE                      2

-  INDICATES NEGATIVE NUMBERS.
R  INDICATES RECORD WAS SET OR TIED.
MM INDICATES DATA IS MISSING.
T  INDICATES TRACE AMOUNT.

$$
