000
CXUS56 KPQR 011650
CLMAST


CLIMATE REPORT
NATIONAL WEATHER SERVICE PORTLAND OREGON
850 AM PST THU DEC 1 2016

...................................

...THE ASTORIA OR CLIMATE SUMMARY FOR THE MONTH OF NOVEMBER 2016...

CLIMATE NORMAL PERIOD 1981 TO 2010
CLIMATE RECORD PERIOD 1892 TO 2016

WEATHER         OBSERVED          NORMAL  DEPART  LAST YEAR`S
                 VALUE   DATE(S)  VALUE   FROM    VALUE  DATE(S)
                                          NORMAL
................................................................
TEMPERATURE (F)
HIGHEST            71                                 63  11/17
LOWEST             41                                 28  11/26
AVG. MAXIMUM     59.1              53.5     5.6     54.8
AVG. MINIMUM     47.6              40.1     7.5     39.1
MEAN             53.3              46.8     6.5     46.9
DAYS MAX >= 90      0               0.0     0.0        0
DAYS MAX <= 32      0               0.1    -0.1        0
DAYS MIN <= 32      0               3.6    -3.6        8
DAYS MIN <= 0       0               0.0     0.0        0

PRECIPITATION (INCHES)
RECORD
 MAXIMUM        22.54   1937
 MINIMUM         1.45   1976
TOTALS          17.20             11.15    6.05    14.80
DAYS >= .01        26              21.4     4.6       18
DAYS >= .10        22              17.2     4.8       15
DAYS >= .50        11               7.7     3.3        9
DAYS >= 1.00        8               3.0     5.0        6
GREATEST
 24 HR. TOTAL    3.64   11/23 TO 11/24

DEGREE_DAYS
HEATING TOTAL     344               546    -202      534
 SINCE 7/1        863              1413    -550     1000
COOLING TOTAL       0                 0       0        0
 SINCE 1/1         62                12      50       49
.................................................................

WIND (MPH)
AVERAGE WIND SPEED              7.4
RESULTANT WIND SPEED/DIRECTION   4/174
HIGHEST WIND SPEED/DIRECTION    33/200    DATE  11/02
HIGHEST GUST SPEED/DIRECTION    51/200    DATE  11/27

SKY COVER
POSSIBLE SUNSHINE (PERCENT)   MM
AVERAGE SKY COVER           0.70
NUMBER OF DAYS FAIR            2
NUMBER OF DAYS PC             19
NUMBER OF DAYS CLOUDY          9

AVERAGE RH (PERCENT)     77

WEATHER CONDITIONS. NUMBER OF DAYS WITH
THUNDERSTORM              0     MIXED PRECIP               0
HEAVY RAIN               11     RAIN                      20
LIGHT RAIN               28     FREEZING RAIN              0
LT FREEZING RAIN          0     HAIL                       0
HEAVY SNOW                0     SNOW                       0
LIGHT SNOW                0     SLEET                      0
FOG                      22     FOG W/VIS <= 1/4 MILE      1
HAZE                      6

-  INDICATES NEGATIVE NUMBERS.
R  INDICATES RECORD WAS SET OR TIED.
MM INDICATES DATA IS MISSING.
T  INDICATES TRACE AMOUNT.

$$
