000
CXUS56 KPQR 011734
CLMAST


CLIMATE REPORT
NATIONAL WEATHER SERVICE PORTLAND OREGON
934 AM PST SUN FEB 1 2015

...................................

...THE ASTORIA OR CLIMATE SUMMARY FOR THE MONTH OF JANUARY 2015...

CLIMATE NORMAL PERIOD 1981 TO 2010
CLIMATE RECORD PERIOD 1892 TO 2015

WEATHER         OBSERVED          NORMAL  DEPART  LAST YEAR`S
                 VALUE   DATE(S)  VALUE   FROM    VALUE  DATE(S)
                                          NORMAL
................................................................
TEMPERATURE (F)
HIGHEST            63                                 60  01/24
LOWEST             27                                 27  01/04
AVG. MAXIMUM     53.3              49.8     3.5     51.6
AVG. MINIMUM     39.2              37.7     1.5     38.2
MEAN             46.3              43.8     2.5     44.9
DAYS MAX >= 90      0               0.0     0.0        0
DAYS MAX <= 32      0               0.1    -0.1        0
DAYS MIN <= 32      3               6.3    -3.3        3
DAYS MIN <= 0       0               0.0     0.0        0

PRECIPITATION (INCHES)
RECORD
 MAXIMUM        24.10   2006
 MINIMUM         0.69   1985
TOTALS           9.19             10.20   -1.01     6.36
DAYS >= .01        17              21.4    -4.4       16
DAYS >= .10         9              16.6    -7.6       12
DAYS >= .50         4               7.6    -3.6        6
DAYS >= 1.00        3               2.5     0.5        0
GREATEST
 24 HR. TOTAL    3.87   01/04 TO 01/05

DEGREE_DAYS
HEATING TOTAL     573               659     -86      614
 SINCE 7/1       2109              2765    -656     2802
COOLING TOTAL       0                 0       0        0
 SINCE 1/1          0                 0       0        0
.................................................................

WIND (MPH)
AVERAGE WIND SPEED              5.6
RESULTANT WIND SPEED/DIRECTION   2/121
HIGHEST WIND SPEED/DIRECTION    37/190    DATE  01/17
HIGHEST GUST SPEED/DIRECTION    53/190    DATE  01/17

SKY COVER
POSSIBLE SUNSHINE (PERCENT)   MM
AVERAGE SKY COVER           0.50
NUMBER OF DAYS FAIR           12
NUMBER OF DAYS PC              7
NUMBER OF DAYS CLOUDY         12

AVERAGE RH (PERCENT)     84

WEATHER CONDITIONS. NUMBER OF DAYS WITH
THUNDERSTORM              0     MIXED PRECIP               0
HEAVY RAIN                2     RAIN                       9
LIGHT RAIN               18     FREEZING RAIN              0
LT FREEZING RAIN          0     HAIL                       0
HEAVY SNOW                0     SNOW                       0
LIGHT SNOW                1     SLEET                      0
FOG                      26     FOG W/VIS <= 1/4 MILE     15
HAZE                      8

-  INDICATES NEGATIVE NUMBERS.
R  INDICATES RECORD WAS SET OR TIED.
MM INDICATES DATA IS MISSING.
T  INDICATES TRACE AMOUNT.

$$
