000
CXUS42 KFFC 030829
CLMATL


CLIMATE REPORT
NATIONAL WEATHER SERVICE PEACHTREE CITY GA
429 AM EDT SUN JUL 3 2016

...................................

...THE ATLANTA CLIMATE SUMMARY FOR THE MONTH OF JUNE 2016...

CLIMATE NORMAL PERIOD 1981 TO 2010
CLIMATE RECORD PERIOD 1878 TO 2016

WEATHER         OBSERVED          NORMAL  DEPART  LAST YEAR`S
                 VALUE   DATE(S)  VALUE   FROM    VALUE  DATE(S)
                                          NORMAL
................................................................
TEMPERATURE (F)
RECORD
 HIGH             106   06/30/2012
 LOW               39   06/01/1889
HIGHEST           100   06/25        99       1       95  06/18
LOWEST             62   06/09        48      14       64  06/04
                        06/08
AVG. MAXIMUM     91.2              86.4     4.8     88.5
AVG. MINIMUM     70.7              68.2     2.5     70.7
MEAN             81.0              77.3     3.7     79.6
DAYS MAX >= 90     19               8.6    10.4       12
DAYS MAX <= 32      0               0.0     0.0        0
DAYS MIN <= 32      0               0.0     0.0        0
DAYS MIN <= 0       0               0.0     0.0        0

PRECIPITATION (INCHES)
RECORD
 MAXIMUM        11.21   1912
 MINIMUM         0.16   1988
TOTALS           3.26              3.95   -0.69     6.91
DAILY AVG.       0.11              0.13   -0.02     0.23
DAYS >= .01         8               9.9    -1.9       12
DAYS >= .10         4               6.6    -2.6        8
DAYS >= .50         3               2.7     0.3        5
DAYS >= 1.00        2               1.0     1.0        4
GREATEST
 24 HR. TOTAL    1.15   06/14 TO 06/14           06/10 TO 06/11
                        06/13 TO 06/14                    06/30 TO 06/30
                        06/14 TO 06/14                    06/30 TO 06/30

DEGREE_DAYS
HEATING TOTAL       0                 2      -2        0
 SINCE 7/1       1999              2768    -769     2656
COOLING TOTAL     489               371     118      446
 SINCE 1/1        818               621     197      805
.................................................

WIND (MPH)
AVERAGE WIND SPEED              7.5
HIGHEST WIND SPEED/DIRECTION    32/350    DATE  06/17
HIGHEST GUST SPEED/DIRECTION    41/350    DATE  06/17

SKY COVER
POSSIBLE SUNSHINE (PERCENT)   MM
AVERAGE SKY COVER           0.50
NUMBER OF DAYS FAIR            4
NUMBER OF DAYS PC             23
NUMBER OF DAYS CLOUDY          3

AVERAGE RH (PERCENT)     60

WEATHER CONDITIONS. NUMBER OF DAYS WITH
THUNDERSTORM              0     MIXED PRECIP               0
HEAVY RAIN                4     RAIN                       7
LIGHT RAIN                9     FREEZING RAIN              0
LT FREEZING RAIN          0     HAIL                       0
HEAVY SNOW                0     SNOW                       0
LIGHT SNOW                0     SLEET                      0
FOG                       9     FOG W/VIS <= 1/4 MILE      1
HAZE                      0

-  INDICATES NEGATIVE NUMBERS.
R  INDICATES RECORD WAS SET OR TIED.
MM INDICATES DATA IS MISSING.
T  INDICATES TRACE AMOUNT.

$$
