000
CXUS54 KEWX 031032 CCA
CLMATT

CLIMATE REPORT
NATIONAL WEATHER SERVICE AUSTIN/SAN ANTONIO, TX
432 AM CST SAT FEB 3 2018

...................................

...THE AUSTIN CAMP MABRY CLIMATE SUMMARY FOR THE MONTH OF JANUARY 2018...

CLIMATE NORMAL PERIOD 1981 TO 2010
CLIMATE RECORD PERIOD 1897 TO 2018

WEATHER         OBSERVED          NORMAL  DEPART  LAST YEAR`S
                 VALUE   DATE(S)  VALUE   FROM    VALUE  DATE(S)
                                          NORMAL
................................................................
TEMPERATURE (F)
HIGHEST            72   01/31                         84  01/24
                        01/21
                        01/11
LOWEST             18   01/17                         19  01/07
AVG. MAXIMUM     60.8              61.5    -0.7     67.9
AVG. MINIMUM     38.7              41.5    -2.8     45.5
MEAN             49.8              51.5    -1.7     56.7
DAYS MAX >= 90      0                                  0
DAYS MAX <= 32      2                                  0
DAYS MIN <= 32     10                                  3
DAYS MIN <= 0       0                                  0

PRECIPITATION (INCHES)
TOTALS           0.28              2.22   -1.94     4.13
DAILY AVG.       0.01              0.07   -0.06     0.13
DAYS >= .01         5                                  8
DAYS >= .10         2                                  6
DAYS >= .50         0                                  4
DAYS >= 1.00        0                                  1
GREATEST
 24 HR. TOTAL    0.24   01/15 TO 01/16

SNOWFALL (INCHES)
TOTALS              T               0.4    -0.4      0.0
SINCE 7/1         0.4

DEGREE_DAYS
HEATING TOTAL     464               428      36      273
 SINCE 7/1        984              1040     -56      674
COOLING TOTAL       1                 9      -8       22
 SINCE 1/1          1                 0       1       22
.................................................................

WIND (MPH)
AVERAGE WIND SPEED              4.6
HIGHEST WIND SPEED/DIRECTION    23/010    DATE  01/15
HIGHEST GUST SPEED/DIRECTION    37/360    DATE  01/15

SKY COVER
POSSIBLE SUNSHINE (PERCENT)   MM
AVERAGE SKY COVER           0.40
NUMBER OF DAYS FAIR           17
NUMBER OF DAYS PC              6
NUMBER OF DAYS CLOUDY          8

AVERAGE RH (PERCENT)     58

WEATHER CONDITIONS. NUMBER OF DAYS WITH
THUNDERSTORM              0     MIXED PRECIP               0
HEAVY RAIN                0     RAIN                       1
LIGHT RAIN                9     FREEZING RAIN              1
LT FREEZING RAIN          2     HAIL                       0
HEAVY SNOW                0     SNOW                       0
LIGHT SNOW                1     SLEET                      1
FOG                      12     FOG W/VIS <= 1/4 MILE      1
HAZE                      2

-  INDICATES NEGATIVE NUMBERS.
R  INDICATES RECORD WAS SET OR TIED.
MM INDICATES DATA IS MISSING.
T  INDICATES TRACE AMOUNT.

&&

MONTHLY CLIMATE SUMMARY:
JANUARY 2018 WAS THE 52 COLDEST AND 15TH DRIEST SINCE
RECORD KEEPING BEGAN IN 1897.

SEA LEVEL PRESSURE DATA:
HIGHEST SLP 30.82 ON THE 17TH
LOWEST SLP 29.71 ON THE 10TH

PRELIMINARY LOCAL CLIMATOLOGICAL DATA (WS FORM: F-6)

                                          STATION:   AUSTIN CAMP MABRY
                                          MONTH:     JANUARY
                                          YEAR:      2018
                                          LATITUDE:   30 17 N
                                          LONGITUDE:  97 42 W

  TEMPERATURE IN F:       :PCPN:    SNOW:  WIND      :SUNSHINE: SKY     :PK WND
================================================================================
1   2   3   4   5  6A  6B    7    8   9   10  11  12  13   14  15   16   17  18
                                     12Z  AVG MX 2MIN
DY MAX MIN AVG DEP HDD CDD  WTR  SNW DPTH SPD SPD DIR MIN PSBL S-S WX    SPD DR
================================================================================

 1  32  25  29 -22  36   0 0.00  0.0    0  7.6 15 360   M    M  10        22 360
 2  32  26  29 -22  36   0    T  0.0    0  4.9 12 330   M    M  10 168    16 340
 3  56  22  39 -12  26   0 0.00  0.0    0  2.3  9 290   M    M   0        13 300
 4  55  30  43  -8  22   0 0.00  0.0    0  2.0  8 130   M    M   0        10 140
 5  62  44  53   2  12   0    T  0.0    0  2.5  9 160   M    M   4        14 150
 6  63  40  52   1  13   0 0.00  0.0    0  3.3 12 150   M    M   7 1      19 160
 7  67  54  61  10   4   0    T  0.0    0  4.9 16 200   M    M   8        29 200
 8  69  44  57   6   8   0 0.00  0.0    0  5.9 13 330   M    M   0        23 320
 9  70  39  55   4  10   0 0.00  0.0    0  2.7  9 150   M    M   0        13 150
10  71  48  60   9   5   0    T  0.0    0  6.5 16 150   M    M   6 1      25 150
11  72  44  58   7   7   0    T  0.0    0  7.7 21 320   M    M   5 1      37 300
12  58  34  46  -5  19   0 0.00  0.0    0  7.5 20 340   M    M   0        29 340
13  54  32  43  -8  22   0 0.00  0.0    0  3.4 10 360   M    M   0        14  30
14  61  29  45  -6  20   0 0.00  0.0    0  3.0 10 190   M    M   0        19 220
15  71  38  55   4  10   0 0.10  0.0    0  4.4 23  10   M    M   6 1      37 360
16  38  26  32 -19  33   0 0.14    T    0 10.1 20 360   M    M  10 146    31 350
17  38  18  28 -23  37   0 0.00  0.0    0  3.5 10  10   M    M   1        16  10
18  45  26  36 -16  29   0 0.00  0.0    0  2.4  9 160   M    M   9        14 150
19  54  40  47  -5  18   0 0.01  0.0    0  1.9  8 180   M    M  10 18     14 180
20  68  51  60   8   5   0 0.00  0.0    0  4.3 14 160   M    M   1 1      24 150
21  72  59  66  14   0   1 0.01  0.0    0  5.2 13 200   M    M   7 1      27 200
22  65  45  55   3  10   0 0.00  0.0    0  5.8 13 320   M    M   1        21 320
23  66  39  53   1  12   0 0.00  0.0    0  3.2 10 310   M    M   0        16 310
24  65  36  51  -1  14   0 0.00  0.0    0  2.4  8 110   M    M   0        13 100
25  66  32  49  -3  16   0 0.00  0.0    0  4.1 14 140   M    M   3        20 140
26  68  51  60   8   5   0    T  0.0    0  4.3 12 150   M    M   8 1      17 160
27  70  59  65  13   0   0 0.02  0.0    0  4.9 10  20   M    M  10 12     17 360
28  71  50  61   9   4   0 0.00  0.0    0  5.1  9  10   M    M   2        16 350
29  68  40  54   2  11   0 0.00  0.0    0  5.4 14 360   M    M   0        19 360
30  67  34  51  -1  14   0 0.00  0.0    0  3.4 13 160   M    M   0        17 160
31  72  46  59   6   6   0 0.00  0.0    0  6.7 14 200   M    M   1 1      23 150
================================================================================
SM 1886 1201       464   1  0.28    T    141.3          M      119
================================================================================
AV 60.8 38.7                               4.6 FASTST   M    M   4    MAX(MPH)
                                 MISC ---->  # 23  10               # 37  300
================================================================================
NOTES:
# LAST OF SEVERAL OCCURRENCES

COLUMN 17 PEAK WIND IN M.P.H.

SYMBOLS USED IN COLUMN 16
1 = FOG OR MIST
2 = FOG REDUCING VISIBILITY
3 = THUNDER
4 = ICE PELLETS
5 = HAIL
6 = FREEZING RAIN OR DRIZZLE
7 = DUSTSTORM OR SANDSTORM:
8 = SMOKE OR HAZE
9 = BLOWING SNOW
X = TORNADO

$$
