000
CXUS51 KGYX 050045
CLMAUG

PWMCLMAUG 000
TTAA00 KGYX 040306


CLIMATE REPORT
NATIONAL WEATHER SERVICE GRAY ME
845 PM EDT TUE JUL 4 2017

...................................

...THE AUGUSTA CLIMATE SUMMARY FOR THE MONTH OF JUNE 2017...

CLIMATE NORMAL PERIOD 1981 TO 2010
CLIMATE RECORD PERIOD 1948 TO 2017

WEATHER         OBSERVED          NORMAL  DEPART  LAST YEAR`S
                 VALUE   DATE(S)  VALUE   FROM    VALUE  DATE(S)
                                          NORMAL
................................................................
TEMPERATURE (F)
RECORD
 HIGH              98   06/19/1995
 LOW               36   06/09/1955
HIGHEST            91   06/12        89       2       84  06/27
                        06/11
LOWEST             46   06/06        44       2       47  06/11
AVG. MAXIMUM     74.7              73.8     0.9     73.8
AVG. MINIMUM     55.0              54.2     0.8     52.8
MEAN             64.8              64.0     0.8     63.3
DAYS MAX >= 90      2               0.7     1.3        0
DAYS MAX <= 32      0               0.0     0.0        0
DAYS MIN <= 32      0               0.0     0.0        0
DAYS MIN <= 0       0               0.0     0.0        0

PRECIPITATION (INCHES)
RECORD
 MAXIMUM        10.32   1998
 MINIMUM         0.48   1979
TOTALS           2.04              3.56   -1.52     3.74
DAILY AVG.       0.07              0.12   -0.05     0.12
DAYS >= .01        15              12.9     2.1        9
DAYS >= .10         9               7.1     1.9        5
DAYS >= .50         1               2.1    -1.1        2
DAYS >= 1.00        0               0.7    -0.7        2
GREATEST
 24 HR. TOTAL    0.50   06/27

DEGREE_DAYS
HEATING TOTAL      78                94     -16       78
 SINCE 7/1       7004              7420    -416     6666
COOLING TOTAL      81                64      17       35
 SINCE 1/1         92                73      19       50
.................................................................

WIND (MPH)
AVERAGE WIND SPEED              6.2
HIGHEST WIND SPEED/DIRECTION    20/320    DATE  06/13
HIGHEST GUST SPEED/DIRECTION    29/230    DATE  06/25

SKY COVER
AVERAGE SKY COVER           0.40

AVERAGE RH (PERCENT)     68

WEATHER CONDITIONS. NUMBER OF DAYS WITH
THUNDERSTORM              5     HEAVY RAIN                 2
RAIN                      5     LIGHT RAIN                17
FREEZING RAIN             0     LT FREEZING RAIN           0
HEAVY SNOW                0     SNOW                       0
LIGHT SNOW                0     FOG                       14
FOG W/VIS <= 1/4 MILE     4     HAZE                       2

-  INDICATES NEGATIVE NUMBERS.
R  INDICATES RECORD WAS SET OR TIED.
MM INDICATES DATA IS MISSING.
T  INDICATES TRACE AMOUNT.

&&

JUNE BEGAN WITH A PERIOD OF COOL, DAMP WEATHER. RAIN WAS OBSERVED ON
THE FIRST 6 DAYS OF THE MONTH, THOUGH IT DID NOT ACCUMULATE TO MUCH.
BY THE SECOND WEEK OF JUNE, WARM AND HUMID AIR BEGAN MOVING INTO
NORTHERN NEW ENGLAND. AUGUSTA SAW THE TEMPERATURE RISE TO NEAR 90
DEGREES FOR 3 STRAIGHT DAYS FROM THE 11TH THRU THE 13TH. A COLD
FRONT BROUGHT SOME COOLER AIR IN FOR A FEW DAYS BEFORE THE WARM
WEATHER ARRIVED AGAIN WITH SEVERAL MORE DAYS TOPPING 80 DEGREES. THE
WARM, HUMID AIR FINALLY DEPARTED ON THE 26TH WITH COOL AND LESS
HUMID WEATHER LASTING THROUGH THE END OF THE MONTH, ALONG WITH
FREQUENT SHOWERS. RAIN FELL ON 7 OF THE LAST 8 DAYS OF THE MONTH.

THE AVERAGE TEMPERATURE FOR THE MONTH WAS 64.8 DEGREES WHICH WAS 0.8
DEGREES ABOVE NORMAL. THE WARMEST JUNE ON RECORD WAS IN 1999 WHEN
THE AVERAGE TEMPERATURE WAS 69.5 DEGREES. THE COLDEST WAS ONLY 59.1
DEGREES IN 1968.

A TOTAL OF 2.04 INCHES OF PRECIPITATION FELL WHICH WAS 1.52 INCHES
BELOW NORMAL. THE HEAVIEST RAIN WAS ON THE 27TH WHEN 0.50 INCHES OF
RAIN FELL. THE DRIEST JUNE ON RECORD WAS IN 1979 WHEN ONLY 0.48
INCHES OF RAIN WAS RECORDED. THE WETTEST WAS IN 1998 WHEN 10.32
INCHES FELL.

THE FOLLOWING DAILY RECORDS WERE SET OR TIED IN JUNE 2017...
DATE  RECORD                                PREVIOUS
5     57 - COOLEST HIGH TEMPERATURE         57 IN 1992 /TIED/
11    91 - WARMEST HIGH TEMPERATURE         91 IN 1984 /TIED/
12    91 - WARMEST HIGH TEMPERATURE         88 IN 1996, 1973, AND 1956

$$

KIMBLE
