000
CXUS53 KGRB 010846
CLMAUW

CLIMATE REPORT
NATIONAL WEATHER SERVICE GREEN BAY
343 AM CDT THU JUN 1 2017

...................................

...THE WAUSAU WI CLIMATE SUMMARY FOR THE MONTH OF MAY 2017...

CLIMATE NORMAL PERIOD 1981 TO 2010
CLIMATE RECORD PERIOD 1896 TO 2017

WEATHER         OBSERVED          NORMAL  DEPART  LAST YEAR`S
                 VALUE   DATE(S)  VALUE   FROM    VALUE  DATE(S)
                                          NORMAL
................................................................
TEMPERATURE (F)
RECORD
 HIGH             104   05/31/1934
 LOW               20   05/09/1947
                        05/04/1907
HIGHEST            79   05/16        84      -5       89  05/06
LOWEST             29   05/08        31      -2       29  05/15
AVG. MAXIMUM     64.0              67.0    -3.0     70.5
AVG. MINIMUM     43.4              44.2    -0.8     46.6
MEAN             53.7              55.6    -1.9     58.5
DAYS MAX >= 90      0               0.1    -0.1        0
DAYS MAX <= 32      0               0.0     0.0        0
DAYS MIN <= 32      2               2.0     0.0        2
DAYS MIN <= 0       0               0.0     0.0        0

PRECIPITATION (INCHES)
RECORD
 MAXIMUM        10.74   1942
 MINIMUM         0.46   1925
TOTALS           3.88              3.48    0.40     2.89
DAILY AVG.       0.13              0.11    0.02     0.09
DAYS >= .01        16              12.7     3.3       13
DAYS >= .10        10               7.5     2.5       10
DAYS >= .50         2               2.3    -0.3
DAYS >= 1.00        1               0.6     0.4        0
GREATEST
 STORM TOTAL       MM
 (MM/DD(HH))            MM

SNOWFALL (INCHES)
RECORDS
 TOTAL            5.5   1935
TOTALS            0.0               0.2    -0.2        T
SINCE 7/1        60.5              59.6     0.9     43.4
DAYS >= TRACE       0               0.2    -0.2
DAYS >= 1.0         0               0.1    -0.1        0
GREATEST
 SNOW DEPTH         0   MM                             0  MM
 24 HR TOTAL      0.0   05/31 TO 05/31

DEGREE_DAYS
HEATING TOTAL     342               308      34      237
 SINCE 7/1       7213              8160    -947     6783
COOLING TOTAL       1                17     -16       45
 SINCE 1/1          1                19     -18       47
.................................................................

WIND (MPH)
AVERAGE WIND SPEED              8.0
HIGHEST WIND SPEED/DIRECTION    36/240    DATE  05/17
HIGHEST GUST SPEED/DIRECTION    57/250    DATE  05/17

SKY COVER
POSSIBLE SUNSHINE (PERCENT)   MM
AVERAGE SKY COVER           0.50
NUMBER OF DAYS FAIR            9
NUMBER OF DAYS PC             15
NUMBER OF DAYS CLOUDY          7

AVERAGE RH (PERCENT)     67

WEATHER CONDITIONS. NUMBER OF DAYS WITH
THUNDERSTORM              4     MIXED PRECIP               0
HEAVY RAIN                6     RAIN                       7
LIGHT RAIN               19     FREEZING RAIN              0
LT FREEZING RAIN          0     HAIL                       0
HEAVY SNOW                0     SNOW                       0
LIGHT SNOW                0     SLEET                      0
FOG                      14     FOG W/VIS <= 1/4 MILE      1
HAZE                      1

-  INDICATES NEGATIVE NUMBERS.
R  INDICATES RECORD WAS SET OR TIED.
MM INDICATES DATA IS MISSING.
T  INDICATES TRACE AMOUNT.

$$
