000
CXUS53 KGRB 010727
CLMAUW


CLIMATE REPORT
NATIONAL WEATHER SERVICE GREEN BAY
225 AM CDT FRI MAY 1 2015

...................................

...THE WAUSAU WI CLIMATE SUMMARY FOR THE MONTH OF APRIL 2015...

CLIMATE NORMAL PERIOD 1981 TO 2010
CLIMATE RECORD PERIOD 1896 TO 2015

WEATHER         OBSERVED          NORMAL  DEPART  LAST YEAR`S
                 VALUE   DATE(S)  VALUE   FROM    VALUE  DATE(S)
                                          NORMAL
................................................................
TEMPERATURE (F)
RECORD
 HIGH              91   04/29/1952
                        04/28/1952
 LOW                4   04/04/1995
                        04/03/1954
HIGHEST            75   04/17        76      -1       72  04/21
LOWEST             24   04/04        17       7       11  04/15
AVG. MAXIMUM     57.3              54.8     2.5     48.5
AVG. MINIMUM     34.4              33.3     1.1     30.0
MEAN             45.8              44.1     1.7     39.3
DAYS MAX >= 90      0               0.0     0.0        0
DAYS MAX <= 32      0               0.6    -0.6        2
DAYS MIN <= 32     14              13.3     0.7       19
DAYS MIN <= 0       0               0.0     0.0        0

PRECIPITATION (INCHES)
RECORD
 MAXIMUM         6.06   1954
 MINIMUM         0.34   1946
TOTALS           3.15              2.73    0.42     4.27
DAILY AVG.       0.11              0.09    0.02     0.14
DAYS >= .01         9              11.5    -2.5       15
DAYS >= .10         4               6.6    -2.6       11
DAYS >= .50         2               1.6     0.4
DAYS >= 1.00        1               0.4     0.6        0
GREATEST
 STORM TOTAL       MM
 (MM/DD(HH))            MM

SNOWFALL (INCHES)
RECORDS
 TOTAL           25.5   1909
 24 HR TOTAL      7.0   04/21/2002 TO 04/21/2002
TOTALS            5.2               4.1     1.1      8.4
SINCE 7/1        53.7              59.4    -5.7     84.3
DAYS >= TRACE       7               2.8     4.2
DAYS >= 1.0         1               1.3    -0.3        4
GREATEST
 SNOW DEPTH         0   MM                             5  04/04
                                                          04/01
 24 HR TOTAL      5.1   MM

DEGREE_DAYS
HEATING TOTAL     568               631     -63      763
 SINCE 7/1       8181              7852     329     9042
COOLING TOTAL       0                 2      -2        0
 SINCE 1/1          0                 2      -2        0
.................................................................

WIND (MPH)
AVERAGE WIND SPEED              9.4
HIGHEST WIND SPEED/DIRECTION    35/270    DATE  04/13
HIGHEST GUST SPEED/DIRECTION    44/270    DATE  04/13

SKY COVER
POSSIBLE SUNSHINE (PERCENT)   MM
AVERAGE SKY COVER           0.40
NUMBER OF DAYS FAIR           15
NUMBER OF DAYS PC              8
NUMBER OF DAYS CLOUDY          7

AVERAGE RH (PERCENT)     56

WEATHER CONDITIONS. NUMBER OF DAYS WITH
THUNDERSTORM              0     MIXED PRECIP               0
HEAVY RAIN                1     RAIN                       4
LIGHT RAIN               10     FREEZING RAIN              0
LT FREEZING RAIN          0     HAIL                       0
HEAVY SNOW                0     SNOW                       1
LIGHT SNOW                6     SLEET                      0
FOG                       9     FOG W/VIS <= 1/4 MILE      2
HAZE                      2

-  INDICATES NEGATIVE NUMBERS.
R  INDICATES RECORD WAS SET OR TIED.
MM INDICATES DATA IS MISSING.
T  INDICATES TRACE AMOUNT.

$$
