000
CXAK58 PABE 011419
CLMBET


CLIMATE REPORT
NATIONAL WEATHER SERVICE ANCHORAGE, AK
519 AM AKST FRI DEC 1 2017

...................................

...THE BETHEL CLIMATE SUMMARY FOR THE MONTH OF NOVEMBER 2017...

CLIMATE NORMAL PERIOD 1981 TO 2010
CLIMATE RECORD PERIOD 1948 TO 2017

WEATHER         OBSERVED          NORMAL  DEPART  LAST YEAR`S
                 VALUE   DATE(S)  VALUE   FROM    VALUE  DATE(S)
                                          NORMAL
................................................................
TEMPERATURE (F)
RECORD
 HIGH              54   11/02/1926
 LOW              -31   11/30/1939
HIGHEST            39                MM      MM       43
LOWEST                               MM      MM      -15
AVG. MAXIMUM     31.0              23.2     7.8     18.9
AVG. MINIMUM     20.1              11.6     8.5      8.1
MEAN             25.6              17.4     8.2     13.5
DAYS MAX >= 90      0               0.0     0.0        0
DAYS MAX <= 32     12              21.0    -9.0       27
DAYS MIN <= 32     29              28.2     0.8       30
DAYS MIN <= 0       1               6.5    -5.5        8

PRECIPITATION (INCHES)
RECORD
 MAXIMUM           MM   MM
 MINIMUM           MM   MM
TOTALS           1.97              1.60    0.37     0.47
DAILY AVG.       0.07              0.05    0.02     0.02
DAYS >= .01        19              12.6     6.4       10
DAYS >= .10         9               4.7     4.3        1
DAYS >= .50         1               0.6     0.4        0
DAYS >= 1.00        0               0.1    -0.1        0
GREATEST
 24 HR. TOTAL    0.58   11/18 TO 11/18           11/24 TO 11/25
                                                          11/25 TO 11/25
                                                          11/25 TO 11/25
 STORM TOTAL       MM                                 MM
 (MM/DD(HH))            MM                    11/25(00) TO 11/25(00)
                                                 11/25(00) TO 11/25(00)5
                                                 11/25(00) TO 11/25(00)5

SNOWFALL (INCHES)
RECORDS
 TOTAL             MM   MM
 24 HR TOTAL       MM
 SNOW DEPTH        MM   MM
TOTALS            6.1              12.9    -6.8      3.6
SINCE 7/1         7.3              17.9   -10.6      3.6
SNOWDEPTH AVG.      2                 4      -2        1
DAYS >= TRACE      13              11.5     1.5       14
DAYS >= 1.0         3               3.9    -0.9
GREATEST
 SNOW DEPTH         5   11/28                          3  11/30
                        11/27                             11/29
                        11/26                             11/28
 24 HR TOTAL      1.9   11/15 TO 11/15           11/25 TO 11/25
                                                          11/25 TO 11/25
                                                          11/25 TO 11/25
 STORM TOTAL       MM                                 MM
 (MM/DD(HH))            MM

DEGREE_DAYS
HEATING TOTAL    1175              1428    -253     1540
 SINCE 7/1       3166              3723    -557     3228
COOLING TOTAL       0                 0       0        0
 SINCE 1/1          6                 4       2       13

FREEZE DATES
RECORD
 EARLIEST     MM
 LATEST       MM
EARLIEST                        MM
LATEST                          MM
......................................................

WIND (MPH)
AVERAGE WIND SPEED              11.3
RESULTANT WIND SPEED/DIRECTION   2/349
HIGHEST WIND SPEED/DIRECTION    37/160    DATE  11/22
HIGHEST GUST SPEED/DIRECTION    46/020    DATE  11/23

SKY COVER
POSSIBLE SUNSHINE (PERCENT)   MM
AVERAGE SKY COVER           0.70
NUMBER OF DAYS FAIR            3
NUMBER OF DAYS PC              9
NUMBER OF DAYS CLOUDY         18

AVERAGE RH (PERCENT)     87

WEATHER CONDITIONS. NUMBER OF DAYS WITH
THUNDERSTORM              0     MIXED PRECIP               0
HEAVY RAIN                0     RAIN                       4
LIGHT RAIN               12     FREEZING RAIN              1
LT FREEZING RAIN          2     HAIL                       0
HEAVY SNOW                1     SNOW                       2
LIGHT SNOW               15     SLEET                      0
FOG                      23     FOG W/VIS <= 1/4 MILE     10
HAZE                      2

-  INDICATES NEGATIVE NUMBERS.
R  INDICATES RECORD WAS SET OR TIED.
MM INDICATES DATA IS MISSING.
T  INDICATES TRACE AMOUNT.

$$
