000
CXUS51 KCTP 011151
CLMBFD

PHLCLMBFD 000
TTAA00 KCTP 011020


CLIMATE REPORT
NATIONAL WEATHER SERVICE STATE COLLEGE PA
750 AM EDT MON AUG 1 2016

...................................

...THE BRADFORD CLIMATE SUMMARY FOR THE MONTH OF JULY 2016...

CLIMATE NORMAL PERIOD 1981 TO 2010
CLIMATE RECORD PERIOD 1957 TO 2016

WEATHER         OBSERVED          NORMAL  DEPART  LAST YEAR`S
                 VALUE   DATE(S)  VALUE   FROM    VALUE  DATE(S)
                                          NORMAL
................................................................
TEMPERATURE (F)
RECORD
 HIGH              97   07/22/2011
                        07/16/1988
 LOW               33   07/12/1973
                        07/18/1971
                        07/09/1963
HIGHEST            87   07/23                         86  07/28
LOWEST             41   07/03                         41  07/16
                        07/02
AVG. MAXIMUM     79.9              77.3     2.6     77.9
AVG. MINIMUM     55.4              53.3     2.1     53.3
MEAN             67.6              65.3     2.3     65.6
DAYS MAX >= 90      0                MM      MM        0
DAYS MAX <= 32      0                MM      MM        0
DAYS MIN <= 32      0                MM      MM        0
DAYS MIN <= 0       0                MM      MM        0

PRECIPITATION (INCHES)
RECORD
 MAXIMUM        10.09   1992
 MINIMUM         1.39   1966
TOTALS           4.51              4.19    0.32     2.69
DAILY AVG.       0.15              0.14    0.01     0.09
DAYS >= .01        12                MM      MM       14
DAYS >= .10         9                MM      MM        8
DAYS >= .50         2                MM      MM        1
DAYS >= 1.00        1                MM      MM        0
GREATEST
 24 HR. TOTAL    1.31   07/18 TO 07/18
                        07/17 TO 07/18
                        07/18 TO 07/18

DEGREE_DAYS
HEATING TOTAL      31                64     -33       47
 SINCE 7/1         31                64     -33       47
COOLING TOTAL     121                74      47       72
 SINCE 1/1        172               124      48      154
.........................................................

WIND (MPH)
AVERAGE WIND SPEED              4.9
HIGHEST WIND SPEED/DIRECTION    31/330    DATE  07/25
HIGHEST GUST SPEED/DIRECTION    39/320    DATE  07/25

SKY COVER
POSSIBLE SUNSHINE (PERCENT)   MM
AVERAGE SKY COVER           0.30
NUMBER OF DAYS FAIR           17
NUMBER OF DAYS PC             12
NUMBER OF DAYS CLOUDY          2

AVERAGE RH (PERCENT)     71

WEATHER CONDITIONS. NUMBER OF DAYS WITH
THUNDERSTORM              9     MIXED PRECIP               0
HEAVY RAIN                8     RAIN                      10
LIGHT RAIN               15     FREEZING RAIN              0
LT FREEZING RAIN          0     HAIL                       0
HEAVY SNOW                0     SNOW                       0
LIGHT SNOW                0     SLEET                      0
FOG                      26     FOG W/VIS <= 1/4 MILE     10
HAZE                      1

-  INDICATES NEGATIVE NUMBERS.
R  INDICATES RECORD WAS SET OR TIED.
MM INDICATES DATA IS MISSING.
T  INDICATES TRACE AMOUNT.

&&

WHILE THERE WAS NO DAYS WITH HIGH TEMPERATURES AT 90 DEGREES OR
HIGHER...IT WAS STILL A WARM JULY AT BRADFORD WITH THE MEAN TEMPERATURE
BEING 2 DEGREES ABOVE NORMAL.

$$

MARTIN
