000
CXUS51 KCTP 010712
CLMBFD

CLIMATE REPORT
NATIONAL WEATHER SERVICE STATE COLLEGE PA
311 AM EDT SAT OCT 1 2016

...................................

...THE BRADFORD CLIMATE SUMMARY FOR THE MONTH OF SEPTEMBER 2016...
...SEPTEMBER 2016 4TH WARMEST ON RECORD...

CLIMATE NORMAL PERIOD 1981 TO 2010
CLIMATE RECORD PERIOD 1957 TO 2016

WEATHER         OBSERVED          NORMAL  DEPART  LAST YEAR`S
                 VALUE   DATE(S)  VALUE   FROM    VALUE  DATE(S)
                                          NORMAL
................................................................
TEMPERATURE (F)
RECORD
 HIGH              90   09/03/2011
 LOW               19   09/27/1957
HIGHEST            85   09/07                         85  09/08
                                                          09/07
                                                          09/04
LOWEST             32   09/25                         38  09/21
                                                          09/15
AVG. MAXIMUM     73.9              68.2     5.7     74.2
AVG. MINIMUM     49.1              45.2     3.9     50.0
MEAN             61.5              56.7     4.8     62.1
DAYS MAX >= 90      0                MM      MM        0
DAYS MAX <= 32      0                MM      MM        0
DAYS MIN <= 32      1                MM      MM        0
DAYS MIN <= 0       0                MM      MM        0

PRECIPITATION (INCHES)
RECORD
 MAXIMUM         7.72   1967
 MINIMUM         0.85   1964
TOTALS           2.55              3.92   -1.37     3.44
DAILY AVG.       0.09              0.13   -0.04     0.11
DAYS >= .01        11                MM      MM        9
DAYS >= .10         6                MM      MM        6
DAYS >= .50         2                MM      MM        2
DAYS >= 1.00        0                MM      MM        1
GREATEST
 24 HR. TOTAL    0.92   09/17 TO 09/18

DEGREE_DAYS
HEATING TOTAL     140               264    -124      130
 SINCE 7/1        183               417    -234      256
COOLING TOTAL      42                15      27       52
 SINCE 1/1        367               192     175      260
.................................................

WIND (MPH)
AVERAGE WIND SPEED              4.9
HIGHEST WIND SPEED/DIRECTION    22/280    DATE  09/08
HIGHEST GUST SPEED/DIRECTION    32/270    DATE  09/08

SKY COVER
POSSIBLE SUNSHINE (PERCENT)   MM
AVERAGE SKY COVER           0.40
NUMBER OF DAYS FAIR           15
NUMBER OF DAYS PC             11
NUMBER OF DAYS CLOUDY          4

AVERAGE RH (PERCENT)     77

WEATHER CONDITIONS. NUMBER OF DAYS WITH
THUNDERSTORM              4     MIXED PRECIP               0
HEAVY RAIN                5     RAIN                       7
LIGHT RAIN               11     FREEZING RAIN              0
LT FREEZING RAIN          0     HAIL                       0
HEAVY SNOW                0     SNOW                       0
LIGHT SNOW                0     SLEET                      0
FOG                      26     FOG W/VIS <= 1/4 MILE      3
HAZE                      0

-  INDICATES NEGATIVE NUMBERS.
R  INDICATES RECORD WAS SET OR TIED.
MM INDICATES DATA IS MISSING.
T  INDICATES TRACE AMOUNT.

&&

SEPTEMBER 2016 RANKED AS THE 4TH WARMEST SEPTEMBER ON RECORD. THE
AVG. TEMPERATURE WAS 61.5 DEGREES WHICH WAS +4.8 DEGREES ABOVE
NORMAL.

THE TOP 5 WARMEST SEPTEMBER MONTHS ON RECORD:
1. 62.7 (1961)
2. 62.1 (2015)
3. 62.0 (1959)
4. 61.5 (2016)
5. 60.8 (2011)

$$
MS
