000
CXUS51 KCAR 012127
CLMBGR

CLIMATE REPORT
NATIONAL WEATHER SERVICE CARIBOU, ME
518 PM EDT FRI JUL 1 2016

...................................

...THE BANGOR ME CLIMATE SUMMARY FOR THE MONTH OF JUNE 2016...

CLIMATE NORMAL PERIOD 1981 TO 2010
CLIMATE RECORD PERIOD 1925 TO 2016

WEATHER         OBSERVED          NORMAL  DEPART  LAST YEAR`S
                 VALUE   DATE(S)  VALUE   FROM    VALUE  DATE(S)
                                          NORMAL
................................................................
TEMPERATURE (F)
RECORD
 HIGH              98   06/27/1941
 LOW               29   06/03/1939
HIGHEST            87   06/26        MM      MM       84  06/11
LOWEST             45   06/17        MM      MM       36  06/07
AVG. MAXIMUM     76.8              74.3     2.5     69.1
AVG. MINIMUM     53.3              52.0     1.3     50.0
MEAN             65.1              63.2     1.9     59.5
DAYS MAX >= 90      0               0.9    -0.9        0
DAYS MAX <= 32      0               0.0     0.0        0
DAYS MIN <= 32      0               0.0     0.0        0
DAYS MIN <= 0       0               0.0     0.0        0

PRECIPITATION (INCHES)
RECORD
 MAXIMUM         8.12   2009
 MINIMUM         0.87   1930
TOTALS           2.85                     -0.91
DAILY AVG.       0.09              0.13   -0.04     0.16
DAYS >= .01        14              12.0     2.0       15
DAYS >= .10         6               7.4    -1.4        9
DAYS >= .50         3               2.6     0.4        4
DAYS >= 1.00        0               0.7    -0.7        1
GREATEST
 24 HR. TOTAL    0.85   06/07 TO 06/08           06/21 TO 06/21
                                                          06/30 TO 06/30
                                                          06/30 TO 06/30

SNOWFALL (INCHES)
RECORDS
 TOTAL             MM   MM
TOTALS            0.0               0.0     0.0      0.0
SINCE 7/1        44.6              66.1   -21.5    139.0
SNOWDEPTH AVG.      0                MM      MM        0
DAYS >= 1.0         0               0.0     0.0        0
GREATEST
 SNOW DEPTH         0   MM                             0  MM
 24 HR TOTAL      0.0   06/30 TO 06/30           06/30 TO 06/30
                                                          06/30 TO 06/30
                                                          06/30 TO 06/30

DEGREE_DAYS
HEATING TOTAL      47               107     -60      179
 SINCE 7/1       6904              7860    -956     8295
COOLING TOTAL      56                52       4       24
 SINCE 1/1         81                58      23       47
.................................................

WIND (MPH)
AVERAGE WIND SPEED              8.2
HIGHEST WIND SPEED/DIRECTION    29/330    DATE  06/09
HIGHEST GUST SPEED/DIRECTION    37/330    DATE  06/09

SKY COVER
POSSIBLE SUNSHINE (PERCENT)   MM
AVERAGE SKY COVER           0.60
NUMBER OF DAYS FAIR            7
NUMBER OF DAYS PC             13
NUMBER OF DAYS CLOUDY         10

AVERAGE RH (PERCENT)     65

WEATHER CONDITIONS. NUMBER OF DAYS WITH
THUNDERSTORM              0     MIXED PRECIP               0
HEAVY RAIN                5     RAIN                       7
LIGHT RAIN               15     FREEZING RAIN              0
LT FREEZING RAIN          0     HAIL                       0
HEAVY SNOW                0     SNOW                       0
LIGHT SNOW                0     SLEET                      0
FOG                      17     FOG W/VIS <= 1/4 MILE      4
HAZE                     13

-  INDICATES NEGATIVE NUMBERS.
R  INDICATES RECORD WAS SET OR TIED.
MM INDICATES DATA IS MISSING.
T  INDICATES TRACE AMOUNT.
---------------------------------------------------------------------
...JUNE 2016 MONTHLY CLIMATE NARRATIVE...

OVERALL, JUNE 2016 FINISHED WITH NEAR TO SLIGHTLY ABOVE NORMAL
TEMPERATURES, AND NEAR TO BELOW AVERAGE TOTAL RAINFALL. AVERAGE
TEMPERATURE FOR THE MONTH RANGED FROM ZERO TO 2 DEGREES ABOVE
AVERAGE. THE MONTH BEGAN NEAR AVERAGE, THEN FOLLOWED A COOL SPELL
BETWEEN THE 8TH AND 17TH WHICH GENERALLY AVERAGED ABOUT 5 DEGREES
BELOW NORMAL. THIS WAS FOLLOWED BY WARM SPELLS THE 18TH AND 22ND AND
THE 25TH AND 28TH WHERE MANY LOCATIONS HAD SEVERAL DAYS OF HIGH
TEMPERATURES OF MID TO UPPER 80S. TOTAL NUMBER OF HIGH TEMPS OF 80+
DEGREES FOR THE MONTH RANGED FROM 6 ACROSS THE NORTH TO AS HIGH AS
11 OVER THE LOWER PENOBSCOT VALLEY AREA. THE 30-YEAR AVERAGE IS SIX
80 DEGREE OR WARMER DAYS AT CARIBOU AND NINE AT BANGOR.

RAINFALL AVERAGED FROM AS LITTLE AS 70 PERCENT OF AVERAGE JUNE
VALUES TO HAS HIGH AS 120 PERCENT, WITH THE HIGHER TOTALS ORIENTATED
TOWARD THE NORTH, ALTHOUGH THERE WERE TYPICAL SIGNIFICANT SHORT
DISTANCE DIFFERENCES DUE TO THE MORE SHOWERY NATURE OF RAINFALL.
SIGNIFICANT RAINFALL DAYS ACROSS THE REGION INCLUDED THE 5TH, 6TH,
12TH, 28TH AND 29TH WITH AN INTERVENING DRY SPELL BETWEEN THE 14TH
AND 27TH WHERE VERY LITTLE RAINFALL FELL.

THE OUTLOOK FROM THE CLIMATE PREDICTION CENTER FOR JULY INDICATES AN
INCREASED LIKELIHOOD OF ABOVE AVERAGE TEMPERATURES. THERE ARE NO
STRONG CLIMATE SIGNALS THAT WOULD POINT TOWARD AN UNUSUALLY WET OR
DRY MONTH.

DURING THE MONTH OF JULY THE AVERAGE HIGH AT CARIBOU PEAKS AT 76
DEGREES FROM THE 11TH THROUGH THE END OF THE MONTH. THE AVERAGE LOW
PEAKS OUT AT 55 DEGREES FROM THE 10TH THROUGH THE END OF THE MONTH.
JULY IS ON AVERAGE THE WETTEST MONTH OF YEAR AT CARIBOU WITH AN
AVERAGE OF 4.08 INCHES OF RAIN. AT BANGOR, THE AVERAGE HIGH
TEMPERATURE PEAKS OUT AT 80 DEGREES FROM THE 13TH THROUGH THE END OF
THE MONTH. THE AVERAGE LOW PEAKS OUT AT 58 DEGREES FROM THE 10TH
THROUGH THE END OF THE MONTH. ON AVERAGE, A TOTAL OF 3.46 INCHES OF
RAIN IS OBSERVED DURING THE MONTH. NEARLY AN HOUR OF AVAILABLE
DAYLIGHT IS LOST DURING THE MONTH OF JULY.

SEVERE WEATHER PEAKS OUT DURING THE MONTH OF JULY ACROSS NORTHERN
AND EASTERN MAINE WITH MORE REPORTS OF LARGE HAIL AND DAMAGING WIND
THEN IN ANY OTHER MONTH OF YEAR. ALTHOUGH RARE, THERE IS THE
POSSIBILITY OF A TROPICAL SYSTEM DEVELOPING AND IMPACTING NORTHERN
AND EASTERN MAINE DURING THE MONTH OF JULY, WITH HURRICANE ARTHUR
THE MOST RECENT STORM TO IMPACT THE REGION DURING THE 4TH OF JULY
WEEKEND IN 2014.

$$

VJN/CB
