000
CXUS54 KBMX 011312
CLMBHM


CLIMATE REPORT
NATIONAL WEATHER SERVICE BIRMINGHAM, AL
812 AM CDT SAT APR 1 2017

...................................

...THE BIRMINGHAM CLIMATE SUMMARY FOR THE MONTH OF MARCH 2017...

CLIMATE NORMAL PERIOD 1981 TO 2010
CLIMATE RECORD PERIOD 1895 TO 2017

WEATHER         OBSERVED          NORMAL  DEPART  LAST YEAR`S
                 VALUE   DATE(S)  VALUE   FROM    VALUE  DATE(S)
                                          NORMAL
................................................................
TEMPERATURE (F)
RECORD
 HIGH              90   03/21/1907
 LOW                2   03/14/1993
HIGHEST            89   03/21        MM      MM       88  03/15
LOWEST             26   03/16        MM      MM       33  03/21
AVG. MAXIMUM     69.3              66.7     2.6     70.3
AVG. MINIMUM     47.5              43.7     3.8     49.4
MEAN             58.4                               59.9
DAYS MAX >= 90      0               0.0     0.0        0
DAYS MAX <= 32      0               0.1    -0.1        0
DAYS MIN <= 32      3               3.7    -0.7        0
DAYS MIN <= 0       0               0.0     0.0        0

PRECIPITATION (INCHES)
RECORD
 MAXIMUM        15.80   1980
 MINIMUM         0.32   1918
TOTALS           5.24              5.23    0.01     5.70
DAILY AVG.       0.17              0.17    0.00     0.18
DAYS >= .01        11              10.2     0.8       10
DAYS >= .10         9               6.9     2.1        6
DAYS >= .50         3               3.6    -0.6        6
DAYS >= 1.00        3               1.6     1.4        2

DEGREE_DAYS
HEATING TOTAL     251               322     -71      191
 SINCE 7/1       1623              2512    -889     1861
COOLING TOTAL      54                18      36       41
 SINCE 1/1         69                22      47       48
.................................................................

WIND (MPH)
AVERAGE WIND SPEED              8.0
HIGHEST WIND SPEED/DIRECTION    38/320    DATE  03/10
HIGHEST GUST SPEED/DIRECTION    56/290    DATE  03/10

AVERAGE RH (PERCENT)     60

WEATHER CONDITIONS. NUMBER OF DAYS WITH
THUNDERSTORM              0     MIXED PRECIP               0
HEAVY RAIN                5     RAIN                       7
LIGHT RAIN               12     FREEZING RAIN              0
LT FREEZING RAIN          0     HAIL                       0
HEAVY SNOW                0     SNOW                       0
LIGHT SNOW                0     SLEET                      0
FOG                      11     FOG W/VIS <= 1/4 MILE      0
HAZE                      2

-  INDICATES NEGATIVE NUMBERS.
R  INDICATES RECORD WAS SET OR TIED.
MM INDICATES DATA IS MISSING.
T  INDICATES TRACE AMOUNT.

$$
