000
CXUS55 KVEF 011040
CLMBIH

RNOCLMBIH 000
TTAA00 KVEF 011039


CLIMATE REPORT
NATIONAL WEATHER SERVICE LAS VEGAS, NV
232 AM PST SUN MAR 1 2015

...................................

...THE BISHOP CA CLIMATE SUMMARY FOR THE MONTH OF FEBRUARY 2015...

CLIMATE NORMAL PERIOD 1981 TO 2010
CLIMATE RECORD PERIOD 1943 TO 2015

WEATHER         OBSERVED          NORMAL  DEPART  LAST YEAR`S
                 VALUE   DATE(S)  VALUE   FROM    VALUE  DATE(S)
                                          NORMAL
................................................................
TEMPERATURE (F)
RECORD
 HIGH              81   02/13/2014
                        02/27/1986
                        07/16/1925
 LOW               -2   02/08/1969
                        02/07/1969
HIGHEST            80   02/16        58      22       81  02/13
                        02/06
LOWEST             23   02/24        26      -3       14  02/03
                                                          02/02
AVG. MAXIMUM     69.7              57.9    11.8     64.7
AVG. MINIMUM     31.0              26.5     4.5     27.4
MEAN             50.3              42.2     8.1     46.1
DAYS MAX >= 90      0               0.0     0.0        0
DAYS MAX <= 32      0               0.1    -0.1        0
DAYS MIN <= 32     18              22.3    -4.3       23
DAYS MIN <= 0       0               0.0     0.0        0

PRECIPITATION (INCHES)
RECORD
 MAXIMUM         6.01   1969
 MINIMUM         0.00   1974
                        1972
TOTALS           0.17              0.85   -0.68     1.71
DAILY AVG.       0.01              0.03   -0.02     0.06
DAYS >= .01         2               4.0    -2.0        3
DAYS >= .10         1               1.9    -0.9        2
DAYS >= .50         0               0.5    -0.5        2
DAYS >= 1.00        0               0.1    -0.1        0
GREATEST
 24 HR. TOTAL    0.13   02/07 TO 02/07

SNOWFALL (INCHES)
RECORDS
 TOTAL           31.9   1969
 24 HR TOTAL     14.2
TOTALS            0.0               0.1    -0.1      0.0
SINCE 7/1         0.0
SNOWDEPTH AVG.      0
DAYS >= TRACE       0
DAYS >= 1.0         0
GREATEST
 SNOW DEPTH         0
 24 HR TOTAL      0.0   02/28 TO 02/28
 STORM TOTAL      0.0
 (MM/DD(HH))

DEGREE_DAYS
HEATING TOTAL     403               638    -235      524
 SINCE 7/1       2441              3207    -766     2950
COOLING TOTAL       0                 0       0        0
 SINCE 1/1          0                 0       0        0

FREEZE DATES
RECORD
 EARLIEST     09/20/1986
 LATEST       06/07/1988
EARLIEST                        10/15
LATEST                          05/03
.................................................................

WIND (MPH)
AVERAGE WIND SPEED              7.5
HIGHEST WIND SPEED/DIRECTION    31/360    DATE  02/21
HIGHEST GUST SPEED/DIRECTION    42/010    DATE  02/21

SKY COVER
POSSIBLE SUNSHINE (PERCENT)   MM
AVERAGE SKY COVER           0.10
NUMBER OF DAYS FAIR           25
NUMBER OF DAYS PC              1
NUMBER OF DAYS CLOUDY          2

AVERAGE RH (PERCENT)     35

WEATHER CONDITIONS. NUMBER OF DAYS WITH
THUNDERSTORM              0     MIXED PRECIP               0
HEAVY RAIN                0     RAIN                       1
LIGHT RAIN                4     FREEZING RAIN              0
LT FREEZING RAIN          0     HAIL                       0
HEAVY SNOW                0     SNOW                       0
LIGHT SNOW                0     SLEET                      0
FOG                       2     FOG W/VIS <= 1/4 MILE      0
HAZE                      1

-  INDICATES NEGATIVE NUMBERS.
R  INDICATES RECORD WAS SET OR TIED.
MM INDICATES DATA IS MISSING.
T  INDICATES TRACE AMOUNT.

$$
