000
CXUS55 KVEF 011320
CLMBIH


CLIMATE REPORT
NATIONAL WEATHER SERVICE LAS VEGAS, NV
613 AM PDT SUN MAY 1 2016

...................................

...THE BISHOP CA CLIMATE SUMMARY FOR THE MONTH OF APRIL 2016...

CLIMATE NORMAL PERIOD 1981 TO 2010
CLIMATE RECORD PERIOD 1943 TO 2016

WEATHER         OBSERVED          NORMAL  DEPART  LAST YEAR`S
                 VALUE   DATE(S)  VALUE   FROM    VALUE  DATE(S)
                                          NORMAL
................................................................
TEMPERATURE (F)
RECORD
 HIGH              93   04/08/1989
                        04/07/1989
                        04/30/1981
 LOW               15   04/09/1953
HIGHEST            84   04/21        72      12       87  04/29
                        04/07
                        04/06
LOWEST             33   04/17        36      -3       24  04/09
AVG. MAXIMUM     74.6              72.7     1.9     75.5
AVG. MINIMUM     41.1              36.3     4.8     37.5
MEAN             57.8              54.5     3.3     56.5
DAYS MAX >= 90      0               0.5    -0.5        0
DAYS MAX <= 32      0               0.0     0.0        0
DAYS MIN <= 32      0               7.3    -7.3        7
DAYS MIN <= 0       0               0.0     0.0        0

PRECIPITATION (INCHES)
RECORD
 MAXIMUM         2.26   1956
 MINIMUM         0.00   2008
                        1997
                        1993
TOTALS           1.04              0.26    0.78     0.01
DAILY AVG.       0.03              0.01    0.02     0.00
DAYS >= .01         4               1.9     2.1        1
DAYS >= .10         3               0.7     2.3        0
DAYS >= .50         1               0.1     0.9        0
DAYS >= 1.00        0               0.0     0.0        0
GREATEST
 24 HR. TOTAL    0.92   04/08 TO 04/09

SNOWFALL (INCHES)
RECORDS
 TOTAL            8.8   1956
 24 HR TOTAL      8.8
TOTALS            0.0               0.1    -0.1      0.0
SINCE 7/1         2.0
SNOWDEPTH AVG.      0
DAYS >= TRACE       0
DAYS >= 1.0         0
GREATEST
 SNOW DEPTH         0
 24 HR TOTAL      0.0   04/30 TO 04/30
 STORM TOTAL       MM
 (MM/DD(HH))

DEGREE_DAYS
HEATING TOTAL     207               319    -112      250
 SINCE 7/1       3658              4042    -384     2991
COOLING TOTAL       0                 4      -4        4
 SINCE 1/1          0                 4      -4        4

FREEZE DATES
RECORD
 EARLIEST     09/20/1986
 LATEST       06/07/1988
EARLIEST                        10/15
LATEST                          05/03
.................................................................

WIND (MPH)
AVERAGE WIND SPEED              9.5
HIGHEST WIND SPEED/DIRECTION    36/360    DATE  04/25
HIGHEST GUST SPEED/DIRECTION    46/350    DATE  04/25

SKY COVER
POSSIBLE SUNSHINE (PERCENT)   MM
AVERAGE SKY COVER           0.20
NUMBER OF DAYS FAIR           20
NUMBER OF DAYS PC              9
NUMBER OF DAYS CLOUDY          1

AVERAGE RH (PERCENT)     38

WEATHER CONDITIONS. NUMBER OF DAYS WITH
THUNDERSTORM              0     MIXED PRECIP               0
HEAVY RAIN                1     RAIN                       2
LIGHT RAIN                6     FREEZING RAIN              0
LT FREEZING RAIN          0     HAIL                       0
HEAVY SNOW                0     SNOW                       0
LIGHT SNOW                0     SLEET                      0
FOG                       1     FOG W/VIS <= 1/4 MILE      0
HAZE                      0

-  INDICATES NEGATIVE NUMBERS.
R  INDICATES RECORD WAS SET OR TIED.
MM INDICATES DATA IS MISSING.
T  INDICATES TRACE AMOUNT.

$$
