000
CXUS56 KBOI 011620
CLMBNO


CLIMATE REPORT
NATIONAL WEATHER SERVICE BOISE ID
911 AM MST THU JAN 1 2015

...................................

...THE BURNS OR CLIMATE SUMMARY FOR THE MONTH OF DECEMBER 2014...

CLIMATE NORMAL PERIOD 1981 TO 2010
CLIMATE RECORD PERIOD 1939 TO 2014

WEATHER         OBSERVED          NORMAL  DEPART
                 VALUE   DATE(S)  VALUE   FROM
                                          NORMAL
................................................
TEMPERATURE (F)
HIGHEST            54   12/11        MM      MM
LOWEST             -9   12/31        MM      MM
AVG. MAXIMUM     40.4              34.3     6.1
AVG. MINIMUM     24.0              14.0    10.0
MEAN             32.2              24.2     8.0
DAYS MAX >= 90      0
DAYS MAX <= 32      3
DAYS MIN <= 32     28
DAYS MIN <= 0       2

PRECIPITATION (INCHES)
RECORD
 MAXIMUM       993.88   1981
TOTALS           2.29              1.55    0.74
DAYS >= .01        18
DAYS >= .10         7
DAYS >= .50         1
DAYS >= 1.00        0
GREATEST
 24 HR. TOTAL    0.77   12/20 TO 12/20

DEGREE_DAYS
HEATING TOTAL    1009              1266    -257
 SINCE 7/1       2739              3267    -528
COOLING TOTAL       0                 0       0
 SINCE 1/1        318               215     103
.................................................

WIND (MPH)
AVERAGE WIND SPEED              5.7
RESULTANT WIND SPEED/DIRECTION   2/323
HIGHEST WIND SPEED/DIRECTION    32/140    DATE  12/11
HIGHEST GUST SPEED/DIRECTION    41/150    DATE  12/11

AVERAGE RH (PERCENT)     79


-  INDICATES NEGATIVE NUMBERS.
R  INDICATES RECORD WAS SET OR TIED.
MM INDICATES DATA IS MISSING.
T  INDICATES TRACE AMOUNT.

$$
