379
CXUS55 KMSO 010921
CLMBTM


CLIMATE REPORT
NATIONAL WEATHER SERVICE MISSOULA, MT
221 AM MST THU DEC 1 2016

...................................

...THE BUTTE MT CLIMATE SUMMARY FOR THE MONTH OF NOVEMBER 2016...

CLIMATE NORMAL PERIOD 1981 TO 2010
CLIMATE RECORD PERIOD 1895 TO 2016

WEATHER         OBSERVED          NORMAL  DEPART  LAST YEAR`S
                 VALUE   DATE(S)  VALUE   FROM    VALUE
                                          NORMAL
.............................................................
TEMPERATURE (F)
RECORD
 HIGH              70   11/12/1999
 LOW              -42   11/13/1959
HIGHEST            67   11/09        MM      MM       55
LOWEST              3   11/30        MM      MM      -19
AVG. MAXIMUM     48.2              39.8     8.4     33.4
AVG. MINIMUM     22.6              15.6     7.0      9.6
MEAN             35.4              27.7     7.7     21.5
DAYS MAX >= 90      0               0.0     0.0        0
DAYS MAX <= 32      3               6.9    -3.9       11
DAYS MIN <= 32     28              27.7     0.3       30
DAYS MIN <= 0       0               4.2    -4.2        8

PRECIPITATION (INCHES)
RECORD
 MAXIMUM         3.00   1921
 MINIMUM            T   1901
TOTALS           0.47              0.60   -0.13     1.20
DAILY AVG.       0.02              0.02    0.00     0.04
DAYS >= .01         4               8.0    -4.0       13
DAYS >= .10         2               1.9     0.1        4
DAYS >= .50         0               0.1    -0.1        0
DAYS >= 1.00        0               0.0     0.0        0
GREATEST
 24 HR. TOTAL    0.34   11/15 TO 11/15              0.37
                        11/15 TO 11/16

DEGREE_DAYS
HEATING TOTAL     882              1119    -237
 SINCE 7/1       2294              2490    -196
COOLING TOTAL       0                 0       0
 SINCE 1/1         57                81     -24
..............................................................

WIND (MPH)
AVERAGE WIND SPEED              4.1
HIGHEST WIND SPEED/DIRECTION    26/300    DATE  11/23
HIGHEST GUST SPEED/DIRECTION    37/290    DATE  11/23

SKY COVER
POSSIBLE SUNSHINE (PERCENT)   MM
AVERAGE SKY COVER           0.40
NUMBER OF DAYS FAIR           17
NUMBER OF DAYS PC              9
NUMBER OF DAYS CLOUDY          4

AVERAGE RH (PERCENT)     62

WEATHER CONDITIONS. NUMBER OF DAYS WITH
THUNDERSTORM              0     MIXED PRECIP               0
HEAVY RAIN                0     RAIN                       1
LIGHT RAIN                1     FREEZING RAIN              0
LT FREEZING RAIN          0     HAIL                       0
HEAVY SNOW                1     SNOW                       1
LIGHT SNOW                8     SLEET                      0
FOG                       5     FOG W/VIS <= 1/4 MILE      1
HAZE                      1

-  INDICATES NEGATIVE NUMBERS.
R  INDICATES RECORD WAS SET OR TIED.
MM INDICATES DATA IS MISSING.
T  INDICATES TRACE AMOUNT.

$$
