000
CXUS51 KBTV 011409
CLMBTV


CLIMATE REPORT
NATIONAL WEATHER SERVICE BURLINGTON VT
908 AM EST WED FEB 1 2017

...................................

...THE BURLINGTON VT CLIMATE SUMMARY FOR THE MONTH OF JANUARY 2017...

CLIMATE NORMAL PERIOD 1981 TO 2010
CLIMATE RECORD PERIOD 1884 TO 2017

WEATHER         OBSERVED          NORMAL  DEPART  LAST YEAR`S
                 VALUE   DATE(S)  VALUE   FROM    VALUE  DATE(S)
                                          NORMAL
................................................................
TEMPERATURE (F)
RECORD
 HIGH              66   01/15/1995
 LOW              -30   01/15/1957
HIGHEST            54   01/12        25      29       53  01/10
LOWEST              3   01/09         8      -5        1  01/24
AVG. MAXIMUM     35.9              27.2     8.7     32.4
AVG. MINIMUM     23.4              10.2    13.2     17.4
MEAN             29.7              18.7    11.0     24.9
DAYS MAX >= 90      0               0.0     0.0        0
DAYS MAX <= 32      9              19.5   -10.5       15
DAYS MIN <= 32     22              29.0    -7.0       27
DAYS MIN <= 0       0               8.0    -8.0        0

PRECIPITATION (INCHES)
RECORD
 MAXIMUM         5.15   1998
 MINIMUM         0.42   1989
TOTALS           2.00              2.06   -0.06     1.19
DAILY AVG.       0.06              0.07   -0.01     0.04
DAYS >= .01        13              14.5    -1.5       10
DAYS >= .10         6               5.1     0.9        5
DAYS >= .50         1               1.1    -0.1        1
DAYS >= 1.00        0               0.3    -0.3        0
GREATEST
 24 HR. TOTAL    0.93   01/24 TO 01/25           01/10 TO 01/10
                                                          01/10 TO 01/10
                                                          01/10 TO 01/10
 STORM TOTAL       MM                                 MM
 (MM/DD(HH))            MM                    01/10(00) TO 01/10(00)
                                                 01/10(00) TO 01/10(00)0
                                                 01/10(00) TO 01/10(00)0

SNOWFALL (INCHES)
RECORDS
 TOTAL           48.4   2010
TOTALS            7.6              21.1   -13.5     13.1
SINCE 7/1        28.6              44.4   -15.8     20.4
SNOWDEPTH AVG.      1                 5      -4        2
DAYS >= 1.0         2               6.0    -4.0        6
GREATEST
 SNOW DEPTH         3   01/25                          5  01/05
                        01/18                             01/04
 24 HR TOTAL      2.0   01/24 TO 01/24           01/10 TO 01/10
                                                          01/10 TO 01/10
                                                          01/10 TO 01/10

DEGREE_DAYS
HEATING TOTAL    1089              1435    -346     1235
 SINCE 7/1       3402              4194    -792     3268
COOLING TOTAL       0                 0       0        0
 SINCE 1/1          0                 0       0        0
.................................................

WIND (MPH)
AVERAGE WIND SPEED              8.5
HIGHEST WIND SPEED/DIRECTION    32/320    DATE  01/13
HIGHEST GUST SPEED/DIRECTION    46/180    DATE  01/11

SKY COVER
POSSIBLE SUNSHINE (PERCENT)   MM
AVERAGE SKY COVER           0.80
NUMBER OF DAYS FAIR            2
NUMBER OF DAYS PC             10
NUMBER OF DAYS CLOUDY         19

AVERAGE RH (PERCENT)     69

WEATHER CONDITIONS. NUMBER OF DAYS WITH
THUNDERSTORM              0     MIXED PRECIP               0
HEAVY RAIN                1     RAIN                       1
LIGHT RAIN               11     FREEZING RAIN              1
LT FREEZING RAIN          1     HAIL                       0
HEAVY SNOW                2     SNOW                       3
LIGHT SNOW               20     SLEET                      2
FOG                      16     FOG W/VIS <= 1/4 MILE      3
HAZE                      1

-  INDICATES NEGATIVE NUMBERS.
R  INDICATES RECORD WAS SET OR TIED.
MM INDICATES DATA IS MISSING.
T  INDICATES TRACE AMOUNT.

$$
