000
CXUS55 KGJT 011439
CLMCAG


CLIMATE REPORT
NATIONAL WEATHER SERVICE GRAND JUNCTION CO
826 AM MDT SAT APR 1 2017

...................................

...THE CRAIG CO CLIMATE SUMMARY FOR THE MONTH OF MARCH 2017...

CLIMATE NORMAL PERIOD 1981 TO 2010
CLIMATE RECORD PERIOD 9999 TO 9999

WEATHER         OBSERVED          NORMAL  DEPART  LAST YEAR`S
                 VALUE   DATE(S)  VALUE   FROM    VALUE  DATE(S)
                                          NORMAL
................................................................
TEMPERATURE (F)
HIGHEST            75   03/18        MM      MM       64  03/21
LOWEST             -7   03/02        MM      MM       14  03/26
                                                          03/19
                                                          03/10
AVG. MAXIMUM     57.1              45.5    11.6     46.5
AVG. MINIMUM     23.2              19.2     4.0     22.3
MEAN             40.1              32.3     7.8     34.4
DAYS MAX >= 90      0               0.0     0.0        0
DAYS MAX <= 32      1               3.4    -2.4        0
DAYS MIN <= 32     27              29.6    -2.6       31
DAYS MIN <= 0       3               1.6     1.4        0

PRECIPITATION (INCHES)
TOTALS           0.78              1.29   -0.51     0.91
DAILY AVG.       0.03              0.04   -0.01     0.03
DAYS >= .01         6                MM      MM       14
DAYS >= .10         2                MM      MM        3
DAYS >= .50         0                MM      MM        0
DAYS >= 1.00        0                MM      MM        0
GREATEST
 24 HR. TOTAL    0.36   03/31 TO 03/31              0.30

SNOWFALL (INCHES)
TOTALS             MM                MM      MM       MM
SINCE 7/1          MM                MM      MM       MM
SNOWDEPTH AVG.     MM                MM      MM       MM
DAYS >= 1.0        MM                MM      MM       MM
GREATEST
 SNOW DEPTH        MM                                 MM  MM
 24 HR TOTAL       MM                                 MM

DEGREE_DAYS
HEATING TOTAL     764              1012    -248      939
 SINCE 7/1       6284              7338   -1054     7218
COOLING TOTAL       0                 0       0        0
 SINCE 1/1          0                 0       0        0
.................................................................

WIND (MPH)
AVERAGE WIND SPEED              7.0
HIGHEST WIND SPEED/DIRECTION    41/210    DATE  03/05
HIGHEST GUST SPEED/DIRECTION    56/230    DATE  03/05

SKY COVER
POSSIBLE SUNSHINE (PERCENT)   MM
AVERAGE SKY COVER           0.30
NUMBER OF DAYS FAIR           16
NUMBER OF DAYS PC             13
NUMBER OF DAYS CLOUDY          2

AVERAGE RH (PERCENT)     55

WEATHER CONDITIONS. NUMBER OF DAYS WITH
THUNDERSTORM              1     MIXED PRECIP               0
HEAVY RAIN                1     RAIN                       2
LIGHT RAIN               10     FREEZING RAIN              0
LT FREEZING RAIN          0     HAIL                       0
HEAVY SNOW                1     SNOW                       1
LIGHT SNOW                2     SLEET                      0
FOG                       4     FOG W/VIS <= 1/4 MILE      1
HAZE                      2

-  INDICATES NEGATIVE NUMBERS.
R  INDICATES RECORD WAS SET OR TIED.
MM INDICATES DATA IS MISSING.
T  INDICATES TRACE AMOUNT.

$$
