908
CXUS55 KABQ 011422
CLMCAO


CLIMATE REPORT
NATIONAL WEATHER SERVICE ALBUQUERQUE NM
659 AM MST MON JAN 1 2018

...................................

...THE CLAYTON  NM CLIMATE SUMMARY FOR THE MONTH OF DECEMBER 2017...

CLIMATE NORMAL PERIOD 1981 TO 2010
CLIMATE RECORD PERIOD 1896 TO 2017

WEATHER         OBSERVED          NORMAL  DEPART  LAST YEAR`S
                 VALUE   DATE(S)  VALUE   FROM    VALUE  DATE(S)
                                          NORMAL
................................................................
TEMPERATURE (F)
RECORD
 HIGH              92   12/26/1917
 LOW              -14   12/21/1990
HIGHEST            74   12/29        MM      MM       71  12/05
LOWEST              2   12/31        MM      MM       -5  12/17
AVG. MAXIMUM     51.6              47.7     3.9     50.4
AVG. MINIMUM     21.3              21.9    -0.6     20.3
MEAN             36.4              34.8     1.6     35.3
DAYS MAX >= 90      0               0.0     0.0        0
DAYS MAX <= 32      3               4.0    -1.0        2
DAYS MIN <= 32     29              27.1     1.9       30
DAYS MIN <= 0       0               0.9    -0.9        2

PRECIPITATION (INCHES)
RECORD
 MAXIMUM           MM   MM
 MINIMUM           MM   MM
TOTALS              T              0.36   -0.36     0.21
DAILY AVG.          T              0.01   -0.01     0.01
DAYS >= .01         0               4.0    -4.0        4
DAYS >= .10         0               1.2    -1.2        1
DAYS >= .50         0               0.0     0.0        0
DAYS >= 1.00        0               0.0     0.0        0
GREATEST
 24 HR. TOTAL       T   12/27 TO 12/27              0.10
                        12/26 TO 12/26
                        12/14 TO 12/14

SNOWFALL (INCHES)
RECORDS
 TOTAL             MM   MM
TOTALS              T               6.4    -6.4      2.6
SINCE 7/1         0.5              10.5   -10.0      2.6
SNOWDEPTH AVG.      0                MM      MM        0
DAYS >= 1.0         0               2.0    -2.0        1
GREATEST
 SNOW DEPTH         0   MM                            -1  12/17
 24 HR TOTAL        T   12/27 TO 12/27               2.0

DEGREE_DAYS
HEATING TOTAL     877               936     -59      910
 SINCE 7/1       1762              1988    -226     1578
COOLING TOTAL       0                 0       0        0
 SINCE 1/1        827               909     -82     1115
.................................................................

WIND (MPH)
AVERAGE WIND SPEED              12.1
HIGHEST WIND SPEED/DIRECTION    44/360    DATE  12/08
HIGHEST GUST SPEED/DIRECTION    55/360    DATE  12/08

SKY COVER
AVERAGE SKY COVER           0.10

AVERAGE RH (PERCENT)     47

WEATHER CONDITIONS. NUMBER OF DAYS WITH
THUNDERSTORM              0     MIXED PRECIP               0
HEAVY RAIN                0     RAIN                       0
LIGHT RAIN                0     FREEZING RAIN              0
LT FREEZING RAIN          0     HAIL                       0
HEAVY SNOW                0     SNOW                       0
LIGHT SNOW                3     SLEET                      0
FOG                       5     FOG W/VIS <= 1/4 MILE      1
HAZE                      3

-  INDICATES NEGATIVE NUMBERS.
R  INDICATES RECORD WAS SET OR TIED.
MM INDICATES DATA IS MISSING.
T  INDICATES TRACE AMOUNT.

$$
