000
CXUS54 KLUB 011439
CLMCDS


CLIMATE REPORT
NATIONAL WEATHER SERVICE LUBBOCK, TX
938 AM CDT SUN OCT 1 2017

...................................

...THE CHILDRESS CLIMATE SUMMARY FOR THE MONTH OF SEPTEMBER 2017...

CLIMATE NORMAL PERIOD 1981 TO 2010
CLIMATE RECORD PERIOD 1893 TO 2017

WEATHER         OBSERVED          NORMAL  DEPART  LAST YEAR`S
                 VALUE   DATE(S)  VALUE   FROM    VALUE  DATE(S)
                                          NORMAL
................................................................
TEMPERATURE (F)
RECORD
 HIGH             108   09/01/1951
 LOW               34   09/30/1984
HIGHEST           100   09/14                         97  09/08
LOWEST             53   09/06                         50  09/27
AVG. MAXIMUM     86.1              87.0    -0.9     86.9
AVG. MINIMUM     62.6              61.4     1.2     63.7
MEAN             74.4              74.2     0.2     75.3

PRECIPITATION (INCHES)
RECORD
 MAXIMUM           MM   MM
 MINIMUM           MM   MM
TOTALS           4.54              2.42    2.12     3.41
DAILY AVG.       0.15              0.08    0.07
DAYS >= .01         7                                  9
DAYS >= .10         6                                  5
DAYS >= .50         4                                  2
DAYS >= 1.00        1                                  1
GREATEST
 24 HR. TOTAL    1.40   09/25 TO 09/25

DEGREE_DAYS
HEATING TOTAL       6                17     -11        2
 SINCE 7/1          6                17     -11
COOLING TOTAL     294               293       1      319
 SINCE 1/1       2188              2124      64
.................................................................

WIND (MPH)
AVERAGE WIND SPEED              8.7
HIGHEST WIND SPEED/DIRECTION    40/250    DATE  09/16
HIGHEST GUST SPEED/DIRECTION    50/250    DATE  09/16

SKY COVER
POSSIBLE SUNSHINE (PERCENT)   MM
AVERAGE SKY COVER           0.30
NUMBER OF DAYS FAIR           23
NUMBER OF DAYS PC              1
NUMBER OF DAYS CLOUDY          6

AVERAGE RH (PERCENT)     62

WEATHER CONDITIONS. NUMBER OF DAYS WITH
THUNDERSTORM              0     MIXED PRECIP               0
HEAVY RAIN                5     RAIN                       5
LIGHT RAIN               11     FREEZING RAIN              0
LT FREEZING RAIN          0     HAIL                       0
HEAVY SNOW                0     SNOW                       0
LIGHT SNOW                0     SLEET                      0
FOG                       8     FOG W/VIS <= 1/4 MILE      0
HAZE                      2

-  INDICATES NEGATIVE NUMBERS.
R  INDICATES RECORD WAS SET OR TIED.
MM INDICATES DATA IS MISSING.
T  INDICATES TRACE AMOUNT.

$$
