000
CXUS54 KLUB 011658
CLMCDS


CLIMATE REPORT
NATIONAL WEATHER SERVICE LUBBOCK, TX
1148 AM CDT SAT AUG 1 2015

...................................

...THE CHILDRESS CLIMATE SUMMARY FOR THE MONTH OF JULY 2015...

CLIMATE NORMAL PERIOD 1981 TO 2010
CLIMATE RECORD PERIOD 1893 TO 2015

WEATHER         OBSERVED          NORMAL  DEPART  LAST YEAR`S
                 VALUE   DATE(S)  VALUE   FROM    VALUE  DATE(S)
                                          NORMAL
................................................................
TEMPERATURE (F)
RECORD
 HIGH             114   07/19/1936
 LOW               53   07/10/1905
HIGHEST           100   07/28                        103  07/25
                        07/27
                        07/26
LOWEST             63   07/08                         59  07/16
AVG. MAXIMUM     94.8              95.9    -1.1     91.9
AVG. MINIMUM     71.7              70.8     0.9     69.2
MEAN             83.3              83.3     0.0     80.5

PRECIPITATION (INCHES)
RECORD
 MAXIMUM           MM   MM
 MINIMUM           MM   MM
TOTALS           4.68              1.95    2.73     2.63
DAILY AVG.       0.15              0.06    0.09
DAYS >= .01         5                                  9
DAYS >= .10         3                                  8
DAYS >= .50         3                                  1
DAYS >= 1.00        3                                  0
GREATEST
 24 HR. TOTAL    2.69   07/06 TO 07/07

DEGREE_DAYS
HEATING TOTAL       0                 0       0        0
 SINCE 7/1          0                 0       0
COOLING TOTAL     572               569       3      490
 SINCE 1/1       1231              1302     -71
.................................................................

WIND (MPH)
AVERAGE WIND SPEED              9.9
HIGHEST WIND SPEED/DIRECTION    33/350    DATE  07/02
HIGHEST GUST SPEED/DIRECTION    43/350    DATE  07/02

SKY COVER
POSSIBLE SUNSHINE (PERCENT)   MM
AVERAGE SKY COVER           0.10
NUMBER OF DAYS FAIR           28
NUMBER OF DAYS PC              1
NUMBER OF DAYS CLOUDY          2

AVERAGE RH (PERCENT)     61

WEATHER CONDITIONS. NUMBER OF DAYS WITH
THUNDERSTORM              0     MIXED PRECIP               0
HEAVY RAIN                3     RAIN                       3
LIGHT RAIN                6     FREEZING RAIN              0
LT FREEZING RAIN          0     HAIL                       0
HEAVY SNOW                0     SNOW                       0
LIGHT SNOW                0     SLEET                      0
FOG                       5     FOG W/VIS <= 1/4 MILE      0
HAZE                      5

-  INDICATES NEGATIVE NUMBERS.
R  INDICATES RECORD WAS SET OR TIED.
MM INDICATES DATA IS MISSING.
T  INDICATES TRACE AMOUNT.

$$
